000
CXUS55 KBOU 280756
CF620V
PRELIMINARY LOCAL CLIMATOLOGICAL DATA (WS FORM: F-6)

                                          STATION:   Kremmling
                                          MONTH:     JUNE
                                          YEAR:      2017
                                          LATITUDE:   40  3 N
                                          LONGITUDE: 106 22 W

  TEMPERATURE IN F:       :PCPN:    SNOW:  WIND      :SUNSHINE: SKY     :PK WND
================================================================================
1   2   3   4   5  6A  6B    7    8   9   10  11  12  13   14  15   16   17  18
                                     12Z  AVG MX 2MIN
DY MAX MIN AVG DEP HDD CDD  WTR  SNW DPTH SPD SPD DIR MIN PSBL S-S WX    SPD DR
================================================================================

 1  75  41  58   M   7   0    M    M    M  2.8 14 140   M    M   4 3      22 340
 2  70  45  58   M   7   0    M    M    M  2.3  9 190   M    M   4 3      16 190
 3  79  37  58   M   7   0    M    M    M  1.9  9 130   M    M   0         M  M
 4  84  41  63   M   2   0    M    M    M  2.0 10 190   M    M   0         M  M
 5  79  45  62   M   3   0    M    M    M  4.6 17 240   M    M   0 3      29 240
 6  81  50  66   M   0   1    M    M    M  4.0 15 140   M    M   2 3      25 150
 7  82  46  64   M   1   0    M    M    M  3.8 12 260   M    M   1        21 290
 8  86  45  66   M   0   1    M    M    M  3.3 15 270   M    M   2        20 270
 9  86  37  62   M   3   0    M    M    M  7.2 21 230   M    M   0        32 230
10  88  55  72   M   0   7    M    M    M 12.9 23 230   M    M   0        36 230
11  86  43  65   M   0   0    M    M    M  5.3 16 270   M    M   0        24 230
12  86  43  65   M   0   0    M    M    M  8.2 30 210   M    M   0        39 210
13  73  36  55   M  10   0    M    M    M 11.4 28 230   M    M   1        38 230
14  81  37  59   M   6   0    M    M    M  5.3 21 230   M    M   0        30 230
15  86  37  62   M   3   0    M    M    M  2.9 14 250   M    M   0        23 250
16  86  43  65   M   0   0    M    M    M  5.9 21 270   M    M   0        30 270
17  82  45  64   M   1   0    M    M    M  6.9 18 350   M    M   1 8      28 330
18  82  45  64   M   1   0    M    M    M  4.8 13 290   M    M   1        22 330
19  86  45  66   M   0   1    M    M    M  3.5 13  20   M    M   0        17 360
20  95  45  70   M   0   5    M    M    M  3.5 16 260   M    M   1 38     21 260
21  59  59  59   M   6   0    M    M    M  2.3  7 110   M    M   0         M  M
22   M   M   M   M   M   M    M    M    M   M   M   M   M    M   M         M  M
23   M   M   M   M   M   M    M    M    M   M   M   M   M    M   M         M  M
24   M   M   M   M   M   M    M    M    M   M   M   M   M    M   M         M  M
25   M   M   M   M   M   M    M    M    M   M   M   M   M    M   M         M  M
26   M   M   M   M   M   M    M    M    M   M   M   M   M    M   M         M  M
27  91  55  73   M   0   8    M    M    M 13.8 27 250   M    M   0        37 250
================================================================================
SM 1803  975        57  23    M     M    118.6          M       17
================================================================================
AV 82.0 44.3                               5.4 FASTST   M    M   1    MAX(MPH)
                                 MISC ---->  # 30 210               # 39  210
================================================================================
NOTES:
# LAST OF SEVERAL OCCURRENCES

COLUMN 17 PEAK WIND IN M.P.H.

PRELIMINARY LOCAL CLIMATOLOGICAL DATA (WS FORM: F-6) , PAGE 2

                                          STATION:  Kremmling
                                          MONTH:    JUNE
                                          YEAR:     2017
                                          LATITUDE:   40  3 N
                                          LONGITUDE: 106 22 W

[TEMPERATURE DATA]      [PRECIPITATION DATA]       SYMBOLS USED IN COLUMN 16

AVERAGE MONTHLY: 63.1   TOTAL FOR MONTH:      M    1 = FOG OR MIST
DPTR FM NORMAL:     M   DPTR FM NORMAL:       M    2 = FOG REDUCING VISIBILITY
HIGHEST:    95 ON 20    GRTST 24HR    M  ON   M        TO 1/4 MILE OR LESS
LOWEST:     36 ON 13                               3 = THUNDER
                        SNOW, ICE PELLETS, HAIL    4 = ICE PELLETS
                        TOTAL MONTH:    M          5 = HAIL
                        GRTST 24HR    M  ON   M    6 = FREEZING RAIN OR DRIZZLE
                        GRTST DEPTH:  M  ON   M    7 = DUSTSTORM OR SANDSTORM:
                                                       VSBY 1/2 MILE OR LESS
                                                   8 = SMOKE OR HAZE
[NO. OF DAYS WITH]      [WEATHER - DAYS WITH]      9 = BLOWING SNOW
                                                   X = TORNADO
MAX 32 OR BELOW:   0    0.01 INCH OR MORE:   0
MAX 90 OR ABOVE:   2    0.10 INCH OR MORE:   0
MIN 32 OR BELOW:   0    0.50 INCH OR MORE:   0
MIN  0 OR BELOW:   0    1.00 INCH OR MORE:   0

[HDD (BASE 65) ]
TOTAL THIS MO.    57    CLEAR  (SCALE 0-3)  20
DPTR FM NORMAL     M    PTCLDY (SCALE 4-7)   2
TOTAL FM JUL 1  7000    CLOUDY (SCALE 8-10)  0
DPTR FM NORMAL     M

[CDD (BASE 65) ]
TOTAL THIS MO.    23
DPTR FM NORMAL     M    [PRESSURE DATA]
TOTAL FM JAN 1    23    HIGHEST SLP M ON M
DPTR FM NORMAL     M    LOWEST  SLP M ON M

[REMARKS]
