000
CXUS53 KUNR 280945
CF62WX
PRELIMINARY LOCAL CLIMATOLOGICAL DATA (WS FORM: F-6)

                                          STATION:   BUFFALO SD
                                          MONTH:     APRIL
                                          YEAR:      2016
                                          LATITUDE:   45 35 N
                                          LONGITUDE: 103 33 W

  TEMPERATURE IN F:       :PCPN:    SNOW:  WIND      :SUNSHINE: SKY     :PK WND
================================================================================
1   2   3   4   5  6A  6B    7    8   9   10  11  12  13   14  15   16   17  18
                                     12Z  AVG MX 2MIN
DY MAX MIN AVG DEP HDD CDD  WTR  SNW DPTH SPD SPD DIR MIN PSBL S-S WX    SPD DR
================================================================================

 1  52  21  37  -1  28   0 0.00    M    M 17.3 33 310   M    M   M        44 290
 2  72  28  50  12  15   0 0.00    M    M 15.0 30 280   M    M   M        38 290
 3  67  36  52  13  13   0 0.00    M    M 22.4 40 300   M    M   M        47 300
 4  67  31  49  10  16   0 0.00    M    M 14.8 30 140   M    M   M        39 140
 5  58  33  46   6  19   0 0.00    M    M 32.0 52 270   M    M   M        62 280
 6  62  31  47   7  18   0 0.03    M    M 24.4 49 310   M    M   M        58 300
 7  57  32  45   5  20   0 0.00    M    M 22.0 41 330   M    M   M        61 330
 8  57  30  44   3  21   0 0.00    M    M  9.9 24 140   M    M   M        30 140
 9  78  28  53  12  12   0 0.00    M    M 18.6 37 320   M    M   M        43 320
10  49  26  38  -3  27   0 0.00    M    M 19.5 37 310   M    M   M        44 310
11  54  20  37  -5  28   0 0.00    M    M 10.5 20 140   M    M   M        23 140
12  76  27  52  10  13   0 0.00    M    M 13.1 31 310   M    M   M        38 300
13  79  36  58  16   7   0 0.01    M    M 15.7 36 150   M    M   M        45 150
14  71  39  55  12  10   0 0.01    M    M 12.1 29 120   M    M   M        36 120
15  61  41  51   8  14   0 0.00    M    M 18.5 29 310   M    M   M        36 310
16  41  34  38  -6  27   0 0.01    M    M 20.7 31 340   M    M   M        35 340
17  38  34  36  -8  29   0 0.17    M    M 13.1 25  10   M    M   M        32 350
18  40  34  37  -7  28   0 0.89    M    M  9.5 20 330   M    M   M        23 330
19  57  36  47   2  18   0 0.02    M    M  6.3 13 270   M    M   M        15 240
20  66  34  50   5  15   0 0.00    M    M  6.1 16 330   M    M   M        21 330
21  69  43  56  11   9   0 0.00    M    M  9.1 17 130   M    M   M        22 120
22  81  43  62  16   3   0 0.00    M    M 19.1 29 150   M    M   M        38 140
23  78  48  63  17   2   0 0.00    M    M 12.9 32  40   M    M   M        37  40
24  50  39  45  -1  20   0 0.09    M    M 18.5 35  30   M    M   M        40  30
25  46  37  42  -5  23   0 0.00    M    M 11.8 18 330   M    M   M        22 330
26  42  34  38  -9  27   0 0.18    M    M  8.9 15  50   M    M   M        18  50
27  37  33  35 -13  30   0 0.72    M    M 10.7 20  10   M    M   M        25  10
================================================================================
SM 1605  908       492   0  2.13    M    412.5          M        M
================================================================================
AV 59.4 33.6                              15.3 FASTST   M    M   4    MAX(MPH)
                                 MISC ---->  # 52 270               # 62  280
================================================================================
NOTES:
# LAST OF SEVERAL OCCURRENCES

COLUMN 17 PEAK WIND IN M.P.H.

PRELIMINARY LOCAL CLIMATOLOGICAL DATA (WS FORM: F-6) , PAGE 2

                                          STATION:  BUFFALO SD
                                          MONTH:    APRIL
                                          YEAR:     2016
                                          LATITUDE:   45 35 N
                                          LONGITUDE: 103 33 W

[TEMPERATURE DATA]      [PRECIPITATION DATA]       SYMBOLS USED IN COLUMN 16

AVERAGE MONTHLY: 46.5   TOTAL FOR MONTH:   2.13    1 = FOG OR MIST
DPTR FM NORMAL:   3.7   DPTR FM NORMAL:    0.83    2 = FOG REDUCING VISIBILITY
HIGHEST:    81 ON 22    GRTST 24HR  0.91 ON 18-19      TO 1/4 MILE OR LESS
LOWEST:     20 ON 11                               3 = THUNDER
                        SNOW, ICE PELLETS, HAIL    4 = ICE PELLETS
                        TOTAL MONTH:    M          5 = HAIL
                        GRTST 24HR    M  ON   M    6 = FREEZING RAIN OR DRIZZLE
                        GRTST DEPTH:  M  ON   M    7 = DUSTSTORM OR SANDSTORM:
                                                       VSBY 1/2 MILE OR LESS
                                                   8 = SMOKE OR HAZE
[NO. OF DAYS WITH]      [WEATHER - DAYS WITH]      9 = BLOWING SNOW
                                                   X = TORNADO
MAX 32 OR BELOW:   0    0.01 INCH OR MORE:  10
MAX 90 OR ABOVE:   0    0.10 INCH OR MORE:   4
MIN 32 OR BELOW:  10    0.50 INCH OR MORE:   2
MIN  0 OR BELOW:   0    1.00 INCH OR MORE:   0

[HDD (BASE 65) ]
TOTAL THIS MO.   492    CLEAR  (SCALE 0-3)   0
DPTR FM NORMAL  -108    PTCLDY (SCALE 4-7)   0
TOTAL FM JUL 1  6011    CLOUDY (SCALE 8-10)  0
DPTR FM NORMAL -1392

[CDD (BASE 65) ]
TOTAL THIS MO.     0
DPTR FM NORMAL     0    [PRESSURE DATA]
TOTAL FM JAN 1     0    HIGHEST SLP M ON M
DPTR FM NORMAL     0    LOWEST  SLP 29.12 ON 24

[REMARKS]
