018
CXUS55 KBOU 290758
CF633V
PRELIMINARY LOCAL CLIMATOLOGICAL DATA (WS FORM: F-6)

                                          STATION:   Walden
                                          MONTH:     MAY
                                          YEAR:      2016
                                          LATITUDE:   40 45 N
                                          LONGITUDE: 106 16 W

  TEMPERATURE IN F:       :PCPN:    SNOW:  WIND      :SUNSHINE: SKY     :PK WND
================================================================================
1   2   3   4   5  6A  6B    7    8   9   10  11  12  13   14  15   16   17  18
                                     12Z  AVG MX 2MIN
DY MAX MIN AVG DEP HDD CDD  WTR  SNW DPTH SPD SPD DIR MIN PSBL S-S WX    SPD DR
================================================================================

 1  41  21  31   M  34   0    M    M    M 13.7 27  60   M    M   5        32  60
 2  52  14  33   M  32   0    M    M    M  5.8 18 330   M    M   1        23 340
 3  55  19  37   M  28   0    M    M    M  6.3 12 330   M    M   0         9 340
 4  64  27  46   M  19   0    M    M    M  5.6 12 220   M    M   0        17 230
 5  70  30  50   M  15   0    M    M    M  5.2 12 260   M    M   3        17 240
 6  68  36  52   M  13   0    M    M    M  6.8 24 240   M    M   4        38 240
 7  54  30  42   M  23   0    M    M    M  8.6 33  70   M    M   7        40  70
 8  41  34  38   M  27   0    M    M    M 11.2 21 230   M    M   9        28 230
 9  52  32  42   M  23   0    M    M    M  7.5 17 230   M    M   8        27 290
10  46  30  38   M  27   0    M    M    M  9.8 22 250   M    M   5        32 250
11  46  28  37   M  28   0    M    M    M  9.5 17 230   M    M   4        23 230
12  57  25  41   M  24   0    M    M    M  8.6 17 250   M    M   0        24 250
13  63  37  50   M  15   0    M    M    M 11.2 21 270   M    M   2        29 270
14  70  28  49   M  16   0    M    M    M  7.7 22 260   M    M   5        32 250
15  59  36  48   M  17   0    M    M    M  6.1 30 250   M    M   5        37 250
16  41  34  38   M  27   0    M    M    M  5.4 17  60   M    M   8        18  40
17  52  32  42   M  23   0    M    M    M  4.7 13 310   M    M   7        18 310
18  55  30  43   M  22   0    M    M    M  4.6 10  60   M    M   4         M  M
19  61  32  47   M  18   0    M    M    M  8.9 20 210   M    M   4        24 210
20  66  36  51   M  14   0    M    M    M  9.7 21 210   M    M   3        27 200
21  70  36  53   M  12   0    M    M    M  9.9 20 190   M    M   0        28 170
22  61  30  46   M  19   0    M    M    M 10.0 20 230   M    M   2        29 230
23  55  27  41   M  24   0    M    M    M  7.2 23 230   M    M   2        29 230
24  63  28  46   M  19   0    M    M    M 10.2 23 240   M    M   2        29 240
25  59  32  46   M  19   0    M    M    M 12.2 29 220   M    M   3        35 220
26  55  28  42   M  23   0    M    M    M  5.2 22  30   M    M   4        27  30
27  55  34  45   M  20   0    M    M    M  9.2 20 300   M    M   6        30 340
28  55  34  45   M  20   0    M    M    M  6.3 14 270   M    M   6        27 280
================================================================================
SM 1586  840       601   0    M     M    227.1          M      109
================================================================================
AV 56.6 30.0                               8.1 FASTST   M    M   4    MAX(MPH)
                                 MISC ---->    33   M                 40    M
================================================================================
NOTES:
# LAST OF SEVERAL OCCURRENCES

COLUMN 17 PEAK WIND IN M.P.H.

PRELIMINARY LOCAL CLIMATOLOGICAL DATA (WS FORM: F-6) , PAGE 2

                                          STATION:  Walden
                                          MONTH:    MAY
                                          YEAR:     2016
                                          LATITUDE:   40 45 N
                                          LONGITUDE: 106 16 W

[TEMPERATURE DATA]      [PRECIPITATION DATA]       SYMBOLS USED IN COLUMN 16

AVERAGE MONTHLY: 43.3   TOTAL FOR MONTH:      M    1 = FOG OR MIST
DPTR FM NORMAL:     M   DPTR FM NORMAL:       M    2 = FOG REDUCING VISIBILITY
HIGHEST:    70 ON 21,14 GRTST 24HR    M  ON   M        TO 1/4 MILE OR LESS
LOWEST:     14 ON  2                               3 = THUNDER
                        SNOW, ICE PELLETS, HAIL    4 = ICE PELLETS
                        TOTAL MONTH:    M          5 = HAIL
                        GRTST 24HR    M  ON   M    6 = FREEZING RAIN OR DRIZZLE
                        GRTST DEPTH:  M  ON   M    7 = DUSTSTORM OR SANDSTORM:
                                                       VSBY 1/2 MILE OR LESS
                                                   8 = SMOKE OR HAZE
[NO. OF DAYS WITH]      [WEATHER - DAYS WITH]      9 = BLOWING SNOW
                                                   X = TORNADO
MAX 32 OR BELOW:   0    0.01 INCH OR MORE:   0
MAX 90 OR ABOVE:   0    0.10 INCH OR MORE:   0
MIN 32 OR BELOW:  19    0.50 INCH OR MORE:   0
MIN  0 OR BELOW:   0    1.00 INCH OR MORE:   0

[HDD (BASE 65) ]
TOTAL THIS MO.   601    CLEAR  (SCALE 0-3)  11
DPTR FM NORMAL     M    PTCLDY (SCALE 4-7)  15
TOTAL FM JUL 1  9585    CLOUDY (SCALE 8-10)  2
DPTR FM NORMAL     M

[CDD (BASE 65) ]
TOTAL THIS MO.     0
DPTR FM NORMAL     M    [PRESSURE DATA]
TOTAL FM JAN 1     0    HIGHEST SLP M ON M
DPTR FM NORMAL     M    LOWEST  SLP M ON M

[REMARKS]
