287
CXUS54 KEWX 230910
CF63T5
PRELIMINARY LOCAL CLIMATOLOGICAL DATA (WS FORM: F-6)

                                          STATION:   LA GRANGE
                                          MONTH:     OCTOBER
                                          YEAR:      2017
                                          LATITUDE:   29 54 N
                                          LONGITUDE:  96 57 W

  TEMPERATURE IN F:       :PCPN:    SNOW:  WIND      :SUNSHINE: SKY     :PK WND
================================================================================
1   2   3   4   5  6A  6B    7    8   9   10  11  12  13   14  15   16   17  18
                                     12Z  AVG MX 2MIN
DY MAX MIN AVG DEP HDD CDD  WTR  SNW DPTH SPD SPD DIR MIN PSBL S-S WX    SPD DR
================================================================================

 1  89  64  77   M   0  12 0.00    M    M  0.6  6 190   M    M   1         M  M
 2  91  68  80   M   0  15 0.00    M    M  2.6  8 140   M    M   5 12      M  M
 3  91  74  83   M   0  18 1.00    M    M  3.5 10 100   M    M   8 13     17 100
 4  89  75  82   M   0  17    T    M    M  3.0  6 110   M    M   4         M  M
 5  89  70  80   M   0  15 0.00    M    M  1.3  6  90   M    M   2 1       M  M
 6  87  66  77   M   0  12 0.00    M    M  1.2  6 160   M    M   1         M  M
 7  91  64  78   M   0  13 0.00    M    M  2.7  8 320   M    M   1         M  M
 8  91  68  80   M   0  15 0.00    M    M  1.9  7 180   M    M   2 1       M  M
 9  92  74  83   M   0  18 0.00    M    M  6.0 12 180   M    M   4 1      16 170
10  76  64  70   M   0   5 0.00    M    M  8.1 18 350   M    M   6 1      27 350
11  80  60  70   M   0   5 0.00    M    M  4.6 12  10   M    M   4        18  10
12  88  61  75   M   0  10 0.00    M    M  1.3  7 210   M    M   0 1       M  M
13  90  73  82   M   0  17 0.00    M    M  2.3  7 150   M    M   5 12      M  M
14  91  73  82   M   0  17 0.00    M    M  3.5  8 200   M    M   6 1       M  M
15  81  67  74   M   0   9 0.00    M    M  6.9 15 340   M    M   6 12     22 340
16  77  54  66   M   0   1 0.00    M    M  6.8 14  10   M    M   0 8      21  10
17  78  45  62   M   3   0 0.00    M    M  0.9  6  40   M    M   0         M  M
18  83  45  64   M   1   0 0.00    M    M  1.0  5 180   M    M   0         M  M
19  85  55  70   M   0   5 0.00    M    M  2.1  9 140   M    M   5 1      24 140
20  88  66  77   M   0  12 0.00    M    M  3.6  9 130   M    M   7         M  M
21  91  74  83   M   0  18 0.00    M    M  7.6 13 190   M    M   7        16 180
22  79  56  68   M   0   3 0.70  0.0    0  5.0 20  20   M    M   5 3      28  20
================================================================================
SM 1897 1416         4 237  1.70     0.0  76.5          M       79
================================================================================
AV 86.2 64.4                               3.5 FASTST   M    M   4    MAX(MPH)
                                 MISC ---->  # 20  20               # 28   20
================================================================================
NOTES:
# LAST OF SEVERAL OCCURRENCES

COLUMN 17 PEAK WIND IN M.P.H.

PRELIMINARY LOCAL CLIMATOLOGICAL DATA (WS FORM: F-6) , PAGE 2

                                          STATION:  LA GRANGE
                                          MONTH:    OCTOBER
                                          YEAR:     2017
                                          LATITUDE:   29 54 N
                                          LONGITUDE:  96 57 W

[TEMPERATURE DATA]      [PRECIPITATION DATA]       SYMBOLS USED IN COLUMN 16

AVERAGE MONTHLY: 75.3   TOTAL FOR MONTH:   1.70    1 = FOG OR MIST
DPTR FM NORMAL:     M   DPTR FM NORMAL:       M    2 = FOG REDUCING VISIBILITY
HIGHEST:    92 ON  9    GRTST 24HR  1.00 ON  3- 3      TO 1/4 MILE OR LESS
LOWEST:     45 ON 18,17                            3 = THUNDER
                        SNOW, ICE PELLETS, HAIL    4 = ICE PELLETS
                        TOTAL MONTH:   0.0 INCH    5 = HAIL
                        GRTST 24HR     0.0         6 = FREEZING RAIN OR DRIZZLE
                        GRTST DEPTH:   0           7 = DUSTSTORM OR SANDSTORM:
                                                       VSBY 1/2 MILE OR LESS
                                                   8 = SMOKE OR HAZE
[NO. OF DAYS WITH]      [WEATHER - DAYS WITH]      9 = BLOWING SNOW
                                                   X = TORNADO
MAX 32 OR BELOW:   0    0.01 INCH OR MORE:   2
MAX 90 OR ABOVE:   8    0.10 INCH OR MORE:   2
MIN 32 OR BELOW:   0    0.50 INCH OR MORE:   2
MIN  0 OR BELOW:   0    1.00 INCH OR MORE:   1

[HDD (BASE 65) ]
TOTAL THIS MO.     4    CLEAR  (SCALE 0-3)   9
DPTR FM NORMAL     M    PTCLDY (SCALE 4-7)  13
TOTAL FM JUL 1     4    CLOUDY (SCALE 8-10)  0
DPTR FM NORMAL     M

[CDD (BASE 65) ]
TOTAL THIS MO.   237
DPTR FM NORMAL     M    [PRESSURE DATA]
TOTAL FM JAN 1  3505    HIGHEST SLP M ON M
DPTR FM NORMAL     M    LOWEST  SLP M ON M

[REMARKS]
