000
CXUS54 KMAF 291100
CF66R6
PRELIMINARY LOCAL CLIMATOLOGICAL DATA (WS FORM: F-6)

                                          STATION:   Terrell County Airport
                                          MONTH:     MARCH
                                          YEAR:      2015
                                          LATITUDE:   30  2 N
                                          LONGITUDE: 102 13 W

  TEMPERATURE IN F:       :PCPN:    SNOW:  WIND      :SUNSHINE: SKY     :PK WND
================================================================================
1   2   3   4   5  6A  6B    7    8   9   10  11  12  13   14  15   16   17  18
                                     12Z  AVG MX 2MIN
DY MAX MIN AVG DEP HDD CDD  WTR  SNW DPTH SPD SPD DIR MIN PSBL S-S WX    SPD DR
================================================================================

 1  50  40  45 -12  20   0 0.00  0.0    0  4.7 12  40   M    M   0        15  40
 2  50  38  44 -14  21   0 0.00  0.0    0  7.1 17  30   M    M   0        20  30
 3  64  45  55  -3  10   0 0.00  0.0    0  5.2 12 360   M    M   0        14 110
 4  75  34  55  -3  10   0 0.07    M    0 11.6 29  20   M    M   0        38  20
 5  49  31  40 -18  25   0 0.00  0.0    0 10.2 25 360   M    M   0        34 350
 6  56  30  43 -16  22   0 0.00  0.0    0  7.7 16 100   M    M   0        20 120
 7  61  36  49 -10  16   0 0.00  0.0    0  8.3 18 110   M    M   0        23 120
 8  60  46  53  -6  12   0 0.00  0.0    0  4.5 16 120   M    M   0        20 110
 9  69  50  60   1   5   0 0.14  0.0    0  6.0 17 350   M    M   0        23  10
10  73  45  59  -1   6   0 0.00  0.0    0  3.5 12 350   M    M   0        14 350
11  78  49  64   4   1   0 0.00  0.0    0  7.1 17  40   M    M   0        21  40
12  76  44  60   0   5   0 0.00  0.0    0  5.0 12 340   M    M   0        18  40
13  78  52  65   5   0   0 0.00  0.0    0  7.4 15  30   M    M   0        19  70
14  76  55  66   6   0   1 0.00  0.0    0 10.1 21  20   M    M   0        26  40
15  72  50  61   0   4   0 0.00  0.0    0  7.2 13 110   M    M   0        17 110
16  75  51  63   2   2   0 0.00  0.0    0  7.6 17 120   M    M   0        22 110
17  66  57  62   1   3   0 0.04  0.0    0  5.8 13 340   M    M   0        15 340
18  75  54  65   4   0   0 0.03  0.0    0  6.7 15 330   M    M   0        19 330
19  80  58  69   7   0   4 0.00  0.0    0  4.2  9 110   M    M   0        13 140
20  68  55  62   0   3   0 1.08  0.0    0 11.5 24 360   M    M   0        32 360
21  66  54  60  -2   5   0 1.21  0.0    0  4.6 21  30   M    M   0        24  50
22  82  52  67   5   0   2 0.00  0.0    0  7.4 16 210   M    M   0        22 230
23  87  52  70   7   0   5 0.00  0.0    0  7.5 15 240   M    M   0        20 220
24  88  55  72   9   0   7 0.00  0.0    0  6.3 16 130   M    M   0        23 170
25  85  59  72   9   0   7 0.00  0.0    0  8.0 18 120   M    M   0        23 120
26  69  50  60  -3   5   0 0.00  0.0    0 15.1 33 360   M    M   0        44 360
27  82  46  64   0   1   0 0.00  0.0    0 10.0 21 240   M    M   0        26 220
28  89  47  68   4   0   3 0.00  0.0    0  8.3 16 140   M    M   0        22 170
================================================================================
SM 1999 1335       176  29  2.57     0.0 208.6          M        0
================================================================================
AV 71.4 47.7                               7.5 FASTST   M    M   0    MAX(MPH)
                                 MISC ---->  # 33 360               # 44  360
================================================================================
NOTES:
# LAST OF SEVERAL OCCURRENCES

COLUMN 17 PEAK WIND IN M.P.H.

PRELIMINARY LOCAL CLIMATOLOGICAL DATA (WS FORM: F-6) , PAGE 2

                                          STATION:  Terrell County Airport
                                          MONTH:    MARCH
                                          YEAR:     2015
                                          LATITUDE:   30  2 N
                                          LONGITUDE: 102 13 W

[TEMPERATURE DATA]      [PRECIPITATION DATA]       SYMBOLS USED IN COLUMN 16

AVERAGE MONTHLY: 59.5   TOTAL FOR MONTH:   2.57    1 = FOG OR MIST
DPTR FM NORMAL:  -1.1   DPTR FM NORMAL:    2.10    2 = FOG REDUCING VISIBILITY
HIGHEST:    89 ON 28    GRTST 24HR  1.21 ON 21-21      TO 1/4 MILE OR LESS
LOWEST:     30 ON  6                               3 = THUNDER
                        SNOW, ICE PELLETS, HAIL    4 = ICE PELLETS
                        TOTAL MONTH:   0.0 INCH    5 = HAIL
                        GRTST 24HR     0.0         6 = FREEZING RAIN OR DRIZZLE
                        GRTST DEPTH:   0           7 = DUSTSTORM OR SANDSTORM:
                                                       VSBY 1/2 MILE OR LESS
                                                   8 = SMOKE OR HAZE
[NO. OF DAYS WITH]      [WEATHER - DAYS WITH]      9 = BLOWING SNOW
                                                   X = TORNADO
MAX 32 OR BELOW:   0    0.01 INCH OR MORE:   6
MAX 90 OR ABOVE:   0    0.10 INCH OR MORE:   3
MIN 32 OR BELOW:   2    0.50 INCH OR MORE:   2
MIN  0 OR BELOW:   0    1.00 INCH OR MORE:   2

[HDD (BASE 65) ]
TOTAL THIS MO.   176    CLEAR  (SCALE 0-3)  28
DPTR FM NORMAL    17    PTCLDY (SCALE 4-7)   0
TOTAL FM JUL 1  1710    CLOUDY (SCALE 8-10)  0
DPTR FM NORMAL   -55

[CDD (BASE 65) ]
TOTAL THIS MO.    29
DPTR FM NORMAL    -8    [PRESSURE DATA]
TOTAL FM JAN 1    42    HIGHEST SLP M ON M
DPTR FM NORMAL    -3    LOWEST  SLP 29.67 ON  3

[REMARKS]
