000
CXUS54 KMAF 281100
CF66R6
PRELIMINARY LOCAL CLIMATOLOGICAL DATA (WS FORM: F-6)

                                          STATION:   Terrell County Airport
                                          MONTH:     APRIL
                                          YEAR:      2017
                                          LATITUDE:   30  2 N
                                          LONGITUDE: 102 13 W

  TEMPERATURE IN F:       :PCPN:    SNOW:  WIND      :SUNSHINE: SKY     :PK WND
================================================================================
1   2   3   4   5  6A  6B    7    8   9   10  11  12  13   14  15   16   17  18
                                     12Z  AVG MX 2MIN
DY MAX MIN AVG DEP HDD CDD  WTR  SNW DPTH SPD SPD DIR MIN PSBL S-S WX    SPD DR
================================================================================

 1  86  58  72   7   0   7 0.09  0.0    0 10.1 29 350   M    M   0        39 360
 2  67  52  60  -5   5   0 0.32  0.0    0 13.8 32 360   M    M   0        41 360
 3  87  53  70   4   0   5 0.00  0.0    0 10.1 25 240   M    M   0        36 240
 4  91  51  71   5   0   6 0.00  0.0    0 15.5 31 350   M    M   0        41 340
 5  73  49  61  -5   4   0 0.00  0.0    0 10.4 31 340   M    M   0        43 340
 6  78  47  63  -3   2   0 0.00  0.0    0 10.4 21 100   M    M   0        27 120
 7  82  50  66  -1   0   1 0.00  0.0    0 10.0 21 110   M    M   0        26 110
 8  89  54  72   5   0   7 0.00  0.0    0 10.2 25 120   M    M   0        35 130
 9  90  60  75   8   0  10 0.00  0.0    0  9.4 21 120   M    M   0        27 130
10  91  67  79  12   0  14 0.00  0.0    0  9.1 24  30   M    M   0        32  20
11  84  65  75   7   0  10 0.00  0.0    0 13.4 25 130   M    M   0        34 130
12  72  61  67  -1   0   2 0.02  0.0    0 14.4 26  90   M    M   0        35 100
13  78  61  70   2   0   5 0.34  0.0    0 12.7 43  90   M    M   0        56  90
14  82  65  74   6   0   9 0.00  0.0    0 15.0 24 100   M    M   0        30 100
15  82  66  74   5   0   9 0.00  0.0    0 10.8 22 110   M    M   0        28 110
16  85  62  74   5   0   9 0.20  0.0    0 10.8 38 240   M    M   0        50 240
17  83  58  71   2   0   6 0.00  0.0    0  7.0 21  90   M    M   0        30 100
18  88  61  75   5   0  10 0.00  0.0    0  6.9 18 110   M    M   0        25 100
19  91  61  76   6   0  11 0.00  0.0    0  8.7 22 110   M    M   0        27 110
20  92  62  77   7   0  12 0.00  0.0    0 10.4 24 110   M    M   0        30 110
21  96  64  80  10   0  15 0.00  0.0    0  9.3 21 130   M    M   0        26 130
22  75  56  66  -5   0   1 0.00  0.0    0 13.5 29 360   M    M   0        37 360
23  75  47  61 -10   4   0 0.00  0.0    0  7.2 13 100   M    M   0        17 100
24  88  54  71   0   0   6 0.00  0.0    0  7.9 21 140   M    M   0        27 120
25  98  56  77   5   0  12 0.00  0.0    0 10.2 25 200   M    M   0        34 200
26  86  59  73   1   0   8 0.00  0.0    0 14.3 30 300   M    M   0        42 300
27  93  52  73   1   0   8 0.00  0.0    0  7.6 21 130   M    M   0        29 100
================================================================================
SM 2282 1551        15 183  0.97     0.0 289.1          M        0
================================================================================
AV 84.5 57.4                              10.7 FASTST   M    M   0    MAX(MPH)
                                 MISC ---->  # 43  90               # 56   90
================================================================================
NOTES:
# LAST OF SEVERAL OCCURRENCES

COLUMN 17 PEAK WIND IN M.P.H.

PRELIMINARY LOCAL CLIMATOLOGICAL DATA (WS FORM: F-6) , PAGE 2

                                          STATION:  Terrell County Airport
                                          MONTH:    APRIL
                                          YEAR:     2017
                                          LATITUDE:   30  2 N
                                          LONGITUDE: 102 13 W

[TEMPERATURE DATA]      [PRECIPITATION DATA]       SYMBOLS USED IN COLUMN 16

AVERAGE MONTHLY: 71.0   TOTAL FOR MONTH:   0.97    1 = FOG OR MIST
DPTR FM NORMAL:   2.5   DPTR FM NORMAL:    0.08    2 = FOG REDUCING VISIBILITY
HIGHEST:    98 ON 25    GRTST 24HR  0.34 ON 13-13      TO 1/4 MILE OR LESS
LOWEST:     47 ON 23, 6                            3 = THUNDER
                        SNOW, ICE PELLETS, HAIL    4 = ICE PELLETS
                        TOTAL MONTH:   0.0 INCH    5 = HAIL
                        GRTST 24HR     0.0         6 = FREEZING RAIN OR DRIZZLE
                        GRTST DEPTH:   0           7 = DUSTSTORM OR SANDSTORM:
                                                       VSBY 1/2 MILE OR LESS
                                                   8 = SMOKE OR HAZE
[NO. OF DAYS WITH]      [WEATHER - DAYS WITH]      9 = BLOWING SNOW
                                                   X = TORNADO
MAX 32 OR BELOW:   0    0.01 INCH OR MORE:   5
MAX 90 OR ABOVE:   8    0.10 INCH OR MORE:   3
MIN 32 OR BELOW:   0    0.50 INCH OR MORE:   0
MIN  0 OR BELOW:   0    1.00 INCH OR MORE:   0

[HDD (BASE 65) ]
TOTAL THIS MO.    15    CLEAR  (SCALE 0-3)  27
DPTR FM NORMAL   -24    PTCLDY (SCALE 4-7)   0
TOTAL FM JUL 1  1061    CLOUDY (SCALE 8-10)  0
DPTR FM NORMAL  -751

[CDD (BASE 65) ]
TOTAL THIS MO.   183
DPTR FM NORMAL    49    [PRESSURE DATA]
TOTAL FM JAN 1   334    HIGHEST SLP M ON M
DPTR FM NORMAL   149    LOWEST  SLP 29.30 ON 25

[REMARKS]
