000
CXUS54 KMAF 231100
CF66R6
PRELIMINARY LOCAL CLIMATOLOGICAL DATA (WS FORM: F-6)

                                          STATION:   Terrell County Airport
                                          MONTH:     OCTOBER
                                          YEAR:      2017
                                          LATITUDE:   30  2 N
                                          LONGITUDE: 102 13 W

  TEMPERATURE IN F:       :PCPN:    SNOW:  WIND      :SUNSHINE: SKY     :PK WND
================================================================================
1   2   3   4   5  6A  6B    7    8   9   10  11  12  13   14  15   16   17  18
                                     12Z  AVG MX 2MIN
DY MAX MIN AVG DEP HDD CDD  WTR  SNW DPTH SPD SPD DIR MIN PSBL S-S WX    SPD DR
================================================================================

 1  84  66  75   2   0  10 0.00  0.0    0  5.9 15 100   M    M   0        22  90
 2  76  66  71  -2   0   6 0.00  0.0    0  5.6 10 110   M    M   0         M  M
 3   M   M   M   M   M   M    M    M    M   M   M   M   M    M   M         M  M
 4  85  73  79   7   0  14 0.01  0.0    M 11.8 15 110   M    M   0        21 120
 5  85  71  78   6   0  13 0.00  0.0    0 10.1 16 110   M    M   0        21 100
 6  89  69  79   7   0  14 0.00  0.0    0  7.0 17 110   M    M   0        22 100
 7  87  68  78   6   0  13 0.00  0.0    M  9.4 22 340   M    M   0        30 340
 8  93  61  77   6   0  12 0.00  0.0    0  8.6 18 240   M    M   0        26 250
 9  94  65  80   9   0  15 0.00  0.0    0  6.4 26  20   M    M   0        36  20
10  71  56  64  -7   1   0 0.00  0.0    0 13.5 33 360   M    M   0        48 350
11  77  58  68  -2   0   3 0.00  0.0    0  7.0 14 130   M    M   0        18 130
12  85  58  72   2   0   7 0.00  0.0    0  6.8 15 120   M    M   0        23 130
13  88  64  76   6   0  11 0.00  0.0    0  8.8 18 110   M    M   0        23 100
14  90  65  78   8   0  13 0.00  0.0    0  5.4 16 120   M    M   0        21 110
15  72  53  63  -6   2   0 0.01  0.0    0 13.1 35 350   M    M   0        47 360
16  75  51  63  -6   2   0 0.00  0.0    0  6.3 12  20   M    M   0        16 350
17  79  46  63  -6   2   0 0.00  0.0    0  5.7 13 140   M    M   0        15 120
18  80  51  66  -2   0   1 0.00  0.0    0  7.4 15 110   M    M   0        19 110
19  80  55  68   0   0   3 0.00  0.0    0  9.6 20 100   M    M   0        24 100
20  81  61  71   3   0   6 0.00  0.0    0  8.2 17 320   M    M   0        22 110
21  88  62  75   8   0  10 0.00  0.0    0  5.7 14 110   M    M   0        17 110
22  79  54  67   0   0   2 0.00  0.0    0  8.1 21 350   M    M   0        29 340
================================================================================
SM 1738 1273         7 153  0.02     0.0 170.4          M        0
================================================================================
AV 82.8 60.6                               8.1 FASTST   M    M   0    MAX(MPH)
                                 MISC ---->  # 35 350               # 48  350
================================================================================
NOTES:
# LAST OF SEVERAL OCCURRENCES

COLUMN 17 PEAK WIND IN M.P.H.

PRELIMINARY LOCAL CLIMATOLOGICAL DATA (WS FORM: F-6) , PAGE 2

                                          STATION:  Terrell County Airport
                                          MONTH:    OCTOBER
                                          YEAR:     2017
                                          LATITUDE:   30  2 N
                                          LONGITUDE: 102 13 W

[TEMPERATURE DATA]      [PRECIPITATION DATA]       SYMBOLS USED IN COLUMN 16

AVERAGE MONTHLY: 71.7   TOTAL FOR MONTH:   0.02    1 = FOG OR MIST
DPTR FM NORMAL:   1.5   DPTR FM NORMAL:   -1.22    2 = FOG REDUCING VISIBILITY
HIGHEST:    94 ON  9    GRTST 24HR  0.99 ON 30- 1      TO 1/4 MILE OR LESS
LOWEST:     46 ON 17                               3 = THUNDER
                        SNOW, ICE PELLETS, HAIL    4 = ICE PELLETS
                        TOTAL MONTH:   0.0 INCH    5 = HAIL
                        GRTST 24HR     0.0         6 = FREEZING RAIN OR DRIZZLE
                        GRTST DEPTH:   0           7 = DUSTSTORM OR SANDSTORM:
                                                       VSBY 1/2 MILE OR LESS
                                                   8 = SMOKE OR HAZE
[NO. OF DAYS WITH]      [WEATHER - DAYS WITH]      9 = BLOWING SNOW
                                                   X = TORNADO
MAX 32 OR BELOW:   0    0.01 INCH OR MORE:   2
MAX 90 OR ABOVE:   3    0.10 INCH OR MORE:   0
MIN 32 OR BELOW:   0    0.50 INCH OR MORE:   0
MIN  0 OR BELOW:   0    1.00 INCH OR MORE:   0

[HDD (BASE 65) ]
TOTAL THIS MO.     7    CLEAR  (SCALE 0-3)  21
DPTR FM NORMAL   -14    PTCLDY (SCALE 4-7)   0
TOTAL FM JUL 1     7    CLOUDY (SCALE 8-10)  0
DPTR FM NORMAL   -15

[CDD (BASE 65) ]
TOTAL THIS MO.   153
DPTR FM NORMAL    18    [PRESSURE DATA]
TOTAL FM JAN 1  3074    HIGHEST SLP M ON M
DPTR FM NORMAL   388    LOWEST  SLP 29.56 ON  8

[REMARKS]
