000
CXUS55 KABR 301400
CF68D3
PRELIMINARY LOCAL CLIMATOLOGICAL DATA (WS FORM: F-6)

                                          STATION:   SISSETON SD
                                          MONTH:     MAY
                                          YEAR:      2016
                                          LATITUDE:   45 40 N
                                          LONGITUDE:  96 59 W

  TEMPERATURE IN F:       :PCPN:    SNOW:  WIND      :SUNSHINE: SKY     :PK WND
================================================================================
1   2   3   4   5  6A  6B    7    8   9   10  11  12  13   14  15   16   17  18
                                     12Z  AVG MX 2MIN
DY MAX MIN AVG DEP HDD CDD  WTR  SNW DPTH SPD SPD DIR MIN PSBL S-S WX    SPD DR
================================================================================

 1  64  30  47  -5  18   0 0.00  0.0    0  8.5 20  50   M    M   0        29  50
 2  69  39  54   2  11   0 0.00  0.0    0  6.5 15 190   M    M   0        21 190
 3  78  40  59   6   6   0 0.00  0.0    0 15.4 35 360   M    M   0        51 320
 4  71  40  56   3   9   0 0.00  0.0    0  9.9 22 350   M    M   0        26 340
 5  87  45  66  12   0   1 0.00  0.0    0 12.1 25 270   M    M   0        31 270
 6  93  49  71  17   0   6 0.00  0.0    0 18.4 35  20   M    M   0        40  10
 7  72  41  57   3   8   0 0.00  0.0    0  6.7 17  20   M    M   0        22  30
 8  78  43  61   6   4   0 0.00  0.0    0  9.0 24 160   M    M   0        29 160
 9  63  44  54  -1  11   0 0.02  0.0    0 15.3 31 140   M    M   0        37 150
10  60  52  56   1   9   0 0.13  0.0    0 14.5 21 150   M    M   0        25 160
11  67  50  59   3   6   0 0.01  0.0    0 10.2 24 270   M    M   0        30 280
12  58  38  48  -8  17   0 0.00  0.0    0 14.7 25 330   M    M   0        33 320
13  47  32  40 -16  25   0 0.10  0.0    0 18.9 33 340   M    M   0        40 340
14  57  31  44 -13  21   0 0.00  0.0    0 14.6 29 350   M    M   0        36 350
15  70  34  52  -5  13   0 0.00  0.0    0 11.9 23 300   M    M   0        34 310
16  68  39  54  -4  11   0 0.00  0.0    0  9.7 21  50   M    M   0        26  30
17  70  33  52  -6  13   0 0.00  0.0    0  5.6 15  60   M    M   0        18  50
18  74  40  57  -1   8   0 0.00  0.0    0  8.8 18 190   M    M   0        23 170
19  78  46  62   4   3   0 0.00  0.0    0 13.8 26 220   M    M   0        33 210
20  73  48  61   2   4   0 0.00  0.0    0 11.9 24 160   M    M   0        29 170
21  82  45  64   5   1   0 0.00  0.0    0 12.8 28 200   M    M   0        36 160
22  85  56  71  12   0   6 0.00  0.0    0 21.6 32 180   M    M   0        40 180
23  79  60  70  10   0   5 0.09  0.0    0 11.4 31 190   M    M   0        39 210
24  86  56  71  11   0   6 0.00  0.0    0  7.7 26 330   M    M   0        32 330
25  78  58  68   8   0   3 0.14  0.0    0  9.0 28 240   M    M   0        33 210
26  79  56  68   8   0   3 0.01  0.0    0 12.7 26 290   M    M   0        35 330
27  76  53  65   4   0   0 0.00  0.0    0  7.4 16 360   M    M   0        21 360
28  70  57  64   3   1   0 0.00  0.0    0  6.6 13 350   M    M   0        17  40
29  81  55  68   7   0   3 0.00  0.0    0  9.7 25 350   M    M   0        32 320
================================================================================
SM 2113 1310       199  33  0.50     0.0 335.3          M        0
================================================================================
AV 72.9 45.2                              11.6 FASTST   M    M   0    MAX(MPH)
                                 MISC ---->  # 35 360               # 51  320
================================================================================
NOTES:
# LAST OF SEVERAL OCCURRENCES

COLUMN 17 PEAK WIND IN M.P.H.

PRELIMINARY LOCAL CLIMATOLOGICAL DATA (WS FORM: F-6) , PAGE 2

                                          STATION:  SISSETON SD
                                          MONTH:    MAY
                                          YEAR:     2016
                                          LATITUDE:   45 40 N
                                          LONGITUDE:  96 59 W

[TEMPERATURE DATA]      [PRECIPITATION DATA]       SYMBOLS USED IN COLUMN 16

AVERAGE MONTHLY: 59.0   TOTAL FOR MONTH:   0.50    1 = FOG OR MIST
DPTR FM NORMAL:   2.1   DPTR FM NORMAL:   -2.02    2 = FOG REDUCING VISIBILITY
HIGHEST:    93 ON  6    GRTST 24HR  0.14 ON 25-25      TO 1/4 MILE OR LESS
LOWEST:     30 ON  1                               3 = THUNDER
                        SNOW, ICE PELLETS, HAIL    4 = ICE PELLETS
                        TOTAL MONTH:   0.0 INCH    5 = HAIL
                        GRTST 24HR     0.0         6 = FREEZING RAIN OR DRIZZLE
                        GRTST DEPTH:   0           7 = DUSTSTORM OR SANDSTORM:
                                                       VSBY 1/2 MILE OR LESS
                                                   8 = SMOKE OR HAZE
[NO. OF DAYS WITH]      [WEATHER - DAYS WITH]      9 = BLOWING SNOW
                                                   X = TORNADO
MAX 32 OR BELOW:   0    0.01 INCH OR MORE:   7
MAX 90 OR ABOVE:   1    0.10 INCH OR MORE:   3
MIN 32 OR BELOW:   3    0.50 INCH OR MORE:   0
MIN  0 OR BELOW:   0    1.00 INCH OR MORE:   0

[HDD (BASE 65) ]
TOTAL THIS MO.   199    CLEAR  (SCALE 0-3)  29
DPTR FM NORMAL   -53    PTCLDY (SCALE 4-7)   0
TOTAL FM JUL 1  6910    CLOUDY (SCALE 8-10)  0
DPTR FM NORMAL -1301

[CDD (BASE 65) ]
TOTAL THIS MO.    33
DPTR FM NORMAL    13    [PRESSURE DATA]
TOTAL FM JAN 1    33    HIGHEST SLP M ON M
DPTR FM NORMAL    12    LOWEST  SLP 29.48 ON 22

[REMARKS]
