000
CXUS52 KTAE 280800
CF6AAF
PRELIMINARY LOCAL CLIMATOLOGICAL DATA (WS FORM: F-6)

                                          STATION:   APALACHICOLA
                                          MONTH:     JULY
                                          YEAR:      2015
                                          LATITUDE:   29 43 N
                                          LONGITUDE:  85  2 W

  TEMPERATURE IN F:       :PCPN:    SNOW:  WIND      :SUNSHINE: SKY     :PK WND
================================================================================
1   2   3   4   5  6A  6B    7    8   9   10  11  12  13   14  15   16   17  18
                                     12Z  AVG MX 2MIN
DY MAX MIN AVG DEP HDD CDD  WTR  SNW DPTH SPD SPD DIR MIN PSBL S-S WX    SPD DR
================================================================================

 1  95  79  87   5   0  22    T  0.0    0  7.8 16 250   M    M   1        20 250
 2  92  74  83   1   0  18 0.62  0.0    0  5.3 40 260   M    M   1 38     50 260
 3  93  82  88   6   0  23 0.00  0.0    0  8.5 15 250   M    M   0        20 230
 4  93  79  86   4   0  21 0.00  0.0    0  7.1 16 200   M    M   0        19 210
 5  92  75  84   2   0  19 0.10  0.0    0  5.4 21 260   M    M   0 138    51 300
 6  91  74  83   1   0  18    T  0.0    0  3.9 17 280   M    M   2        22 260
 7  93  75  84   2   0  19    T  0.0    0  4.3 14 190   M    M   1 3      18 200
 8  93  76  85   3   0  20 0.01  0.0    0  3.7 13 300   M    M   2 3      17 160
 9  92  73  83   1   0  18 0.00  0.0    0  3.8 12 180   M    M   1 1      16 190
10  95  74  85   3   0  20 0.00  0.0    0  5.1 14 210   M    M   0 18     17 200
11  98  77  88   6   0  23 0.00  0.0    0  7.2 16 260   M    M   0        20 240
12  99  77  88   6   0  23 0.63  0.0    0  5.4 29 290   M    M   1 3      36 280
13  93  76  85   3   0  20 0.00  0.0    0  5.1 17 210   M    M   0 1      20 220
14  93  84  89   7   0  24    T  0.0    0 11.2 20 250   M    M   1        23 240
15  89  75  82   0   0  17 0.14  0.0    0 10.4 22 330   M    M   1 13     29 330
16  91  74  83   1   0  18 2.44  0.0    0  9.0 25 310   M    M   5 13     31 310
17  97  78  88   6   0  23    T  0.0    M  5.8 28 330   M    M   1 3      35 340
18  92  78  85   3   0  20 0.04  0.0    0  4.2 13 150   M    M   1 13     17 160
19  93  77  85   3   0  20 0.00  0.0    0  4.8 17 350   M    M   1 13     22 350
20  91  78  85   3   0  20    T  0.0    0  8.2 25 180   M    M   1 3      30 190
21  94  82  88   6   0  23 0.00  0.0    0  9.7 20 250   M    M   2        23 240
22  96  81  89   7   0  24 0.00  0.0    0  8.2 20 240   M    M   1        23 250
23  94  80  87   5   0  22    T  0.0    0  8.9 23 250   M    M   3        26 260
24  96  78  87   5   0  22 0.64  0.0    0  7.3 28  10   M    M   2 13     46 360
25  92  74  83   1   0  18 0.10  0.0    0  5.5 25 330   M    M   3 13     34 330
26  90  74  82   0   0  17 0.00  0.0    0  6.5 17 360   M    M   1 13     22  10
27  95  75  85   3   0  20 0.00  0.0    0  5.8 16  40   M    M   4 3      21  50
================================================================================
SM 2522 2079         0 552  4.72     0.0 178.1          M       36
================================================================================
AV 93.4 77.0                               6.6 FASTST   M    M   1    MAX(MPH)
                                 MISC ---->  # 40 260               # 51  300
================================================================================
NOTES:
# LAST OF SEVERAL OCCURRENCES

COLUMN 17 PEAK WIND IN M.P.H.

PRELIMINARY LOCAL CLIMATOLOGICAL DATA (WS FORM: F-6) , PAGE 2

                                          STATION:  APALACHICOLA
                                          MONTH:    JULY
                                          YEAR:     2015
                                          LATITUDE:   29 43 N
                                          LONGITUDE:  85  2 W

[TEMPERATURE DATA]      [PRECIPITATION DATA]       SYMBOLS USED IN COLUMN 16

AVERAGE MONTHLY: 85.2   TOTAL FOR MONTH:   4.72    1 = FOG OR MIST
DPTR FM NORMAL:   3.2   DPTR FM NORMAL:   -1.34    2 = FOG REDUCING VISIBILITY
HIGHEST:    99 ON 12    GRTST 24HR  2.44 ON 16-16      TO 1/4 MILE OR LESS
LOWEST:     73 ON  9                               3 = THUNDER
                        SNOW, ICE PELLETS, HAIL    4 = ICE PELLETS
                        TOTAL MONTH:   0.0 INCH    5 = HAIL
                        GRTST 24HR     0.0         6 = FREEZING RAIN OR DRIZZLE
                        GRTST DEPTH:   0           7 = DUSTSTORM OR SANDSTORM:
                                                       VSBY 1/2 MILE OR LESS
                                                   8 = SMOKE OR HAZE
[NO. OF DAYS WITH]      [WEATHER - DAYS WITH]      9 = BLOWING SNOW
                                                   X = TORNADO
MAX 32 OR BELOW:   0    0.01 INCH OR MORE:   9
MAX 90 OR ABOVE:  26    0.10 INCH OR MORE:   7
MIN 32 OR BELOW:   0    0.50 INCH OR MORE:   4
MIN  0 OR BELOW:   0    1.00 INCH OR MORE:   1

[HDD (BASE 65) ]
TOTAL THIS MO.     0    CLEAR  (SCALE 0-3)  25
DPTR FM NORMAL     0    PTCLDY (SCALE 4-7)   2
TOTAL FM JUL 1     0    CLOUDY (SCALE 8-10)  0
DPTR FM NORMAL     0

[CDD (BASE 65) ]
TOTAL THIS MO.   552
DPTR FM NORMAL    93    [PRESSURE DATA]
TOTAL FM JAN 1  2004    HIGHEST SLP M ON M
DPTR FM NORMAL   667    LOWEST  SLP 29.84 ON 14

[REMARKS]
