285
CXUS54 KSJT 201210
CF6ABI
PRELIMINARY LOCAL CLIMATOLOGICAL DATA (WS FORM: F-6)

                                          STATION:   ABILENE
                                          MONTH:     JANUARY
                                          YEAR:      2018
                                          LATITUDE:   32 25 N
                                          LONGITUDE:  99 41 W

  TEMPERATURE IN F:       :PCPN:    SNOW:  WIND      :SUNSHINE: SKY     :PK WND
================================================================================
1   2   3   4   5  6A  6B    7    8   9   10  11  12  13   14  15   16   17  18
                                     12Z  AVG MX 2MIN
DY MAX MIN AVG DEP HDD CDD  WTR  SNW DPTH SPD SPD DIR MIN PSBL S-S WX    SPD DR
================================================================================

 1  23   9  16 -28  49   0 0.00  0.0    0  8.1 15  10   M    M   4        21  10
 2  25  13  19 -25  46   0    T    T    0  6.3 14 330   M    M   7 18     16 320
 3  51  13  32 -12  33   0 0.00  0.0    0  6.7 15 340   M    M   0        18 330
 4  58  25  42  -2  23   0 0.00  0.0    0  9.9 17 170   M    M   0        22 170
 5  59  31  45   1  20   0 0.00  0.0    0  6.8 17 210   M    M   0        22 210
 6  62  32  47   3  18   0 0.00  0.0    0  9.3 22 170   M    M   0        30 170
 7  67  44  56  12   9   0    T    M    0 17.9 30 340   M    M   3        37 330
 8  62  27  45   1  20   0 0.00  0.0    0  5.7 14 340   M    M   0        16 340
 9  71  38  55  11  10   0 0.00  0.0    0 11.5 22 190   M    M   0        27 200
10  73  47  60  16   5   0 0.00  0.0    0 15.0 31 180   M    M   1 8      40 180
11  53  32  43  -1  22   0 0.00  0.0    0 18.6 37 340   M    M   2 8      46 350
12  48  20  34 -11  31   0 0.00  0.0    0  8.1 15  80   M    M   0        17  70
13  46  18  32 -13  33   0 0.00  0.0    0  5.8 14 150   M    M   0        18 150
14  56  27  42  -3  23   0 0.00  0.0    0  9.7 21 170   M    M   0        26 180
15  61  24  43  -2  22   0    T    T    0 16.0 32 360   M    M   4 4      39 360
16  26  11  19 -26  46   0 0.00  0.0    0 13.6 29  10   M    M   5        36  10
17  40   5  23 -22  42   0 0.00  0.0    0  6.6 12 160   M    M   0        15 150
18  50  23  37  -8  28   0 0.00  0.0    0  8.8 20 200   M    M   4        25 210
19  65  31  48   3  17   0 0.00  0.0    0 15.2 24 200   M    M   0        30 190
================================================================================
SM  996  470       497   0    T     T    199.6          M       30
================================================================================
AV 52.4 24.7                              10.5 FASTST   M    M   2    MAX(MPH)
                                 MISC ---->  # 37 340               # 46  350
================================================================================
NOTES:
# LAST OF SEVERAL OCCURRENCES

COLUMN 17 PEAK WIND IN M.P.H.

PRELIMINARY LOCAL CLIMATOLOGICAL DATA (WS FORM: F-6) , PAGE 2

                                          STATION:  ABILENE
                                          MONTH:    JANUARY
                                          YEAR:     2018
                                          LATITUDE:   32 25 N
                                          LONGITUDE:  99 41 W

[TEMPERATURE DATA]      [PRECIPITATION DATA]       SYMBOLS USED IN COLUMN 16

AVERAGE MONTHLY: 38.6   TOTAL FOR MONTH:      T    1 = FOG OR MIST
DPTR FM NORMAL:  -5.8   DPTR FM NORMAL:   -0.56    2 = FOG REDUCING VISIBILITY
HIGHEST:    73 ON 10    GRTST 24HR    T  ON 15-15      TO 1/4 MILE OR LESS
LOWEST:      5 ON 17                               3 = THUNDER
                        SNOW, ICE PELLETS, HAIL    4 = ICE PELLETS
                        TOTAL MONTH:    T          5 = HAIL
                        GRTST 24HR    T  ON 15-15  6 = FREEZING RAIN OR DRIZZLE
                        GRTST DEPTH:   0           7 = DUSTSTORM OR SANDSTORM:
                                                       VSBY 1/2 MILE OR LESS
                                                   8 = SMOKE OR HAZE
[NO. OF DAYS WITH]      [WEATHER - DAYS WITH]      9 = BLOWING SNOW
                                                   X = TORNADO
MAX 32 OR BELOW:   3    0.01 INCH OR MORE:   0
MAX 90 OR ABOVE:   0    0.10 INCH OR MORE:   0
MIN 32 OR BELOW:  16    0.50 INCH OR MORE:   0
MIN  0 OR BELOW:   0    1.00 INCH OR MORE:   0

[HDD (BASE 65) ]
TOTAL THIS MO.   497    CLEAR  (SCALE 0-3)  14
DPTR FM NORMAL   107    PTCLDY (SCALE 4-7)   5
TOTAL FM JUL 1  1521    CLOUDY (SCALE 8-10)  0
DPTR FM NORMAL    86

[CDD (BASE 65) ]
TOTAL THIS MO.     0
DPTR FM NORMAL     0    [PRESSURE DATA]
TOTAL FM JAN 1     0    HIGHEST SLP M ON M
DPTR FM NORMAL     0    LOWEST  SLP 29.54 ON 10

[REMARKS]
