000
CXUS55 KABQ 261000
CF6ABQ
PRELIMINARY LOCAL CLIMATOLOGICAL DATA (WS FORM: F-6)

                                          STATION:   ALBUQUERQUE  NM
                                          MONTH:     JULY
                                          YEAR:      2016
                                          LATITUDE:   35  2 N
                                          LONGITUDE: 106 37 W

  TEMPERATURE IN F:       :PCPN:    SNOW:  WIND      :SUNSHINE: SKY     :PK WND
================================================================================
1   2   3   4   5  6A  6B    7    8   9   10  11  12  13   14  15   16   17  18
                                     12Z  AVG MX 2MIN
DY MAX MIN AVG DEP HDD CDD  WTR  SNW DPTH SPD SPD DIR MIN PSBL S-S WX    SPD DR
================================================================================

 1  84  64  74  -4   0   9 0.02  0.0    0  9.3 29 250   M    M   8        35 240
 2  87  61  74  -4   0   9    T  0.0    0 10.5 25 310   M    M   7        33 310
 3  93  63  78   0   0  13 0.00  0.0    0  9.2 26 300   M    M   2        33 300
 4  95  66  81   3   0  16 0.01  0.0    0  7.2 23  50   M    M   3 3      27  50
 5  97  65  81   3   0  16 0.00  0.0    0  6.6 22 240   M    M   3        28 240
 6  96  69  83   4   0  18 0.00  0.0    0  9.2 23 270   M    M   2        28 270
 7  96  67  82   3   0  17    T  0.0    0  8.9 29 220   M    M   3 3      37 190
 8  97  64  81   2   0  16 0.00  0.0    0  8.3 25  90   M    M   3        34  90
 9  99  67  83   4   0  18 0.00  0.0    0  7.1 26  80   M    M   3        31  80
10 100  67  84   5   0  19    T  0.0    0  8.6 32 230   M    M   3 3      42 220
11  96  72  84   5   0  19 0.00  0.0    0 11.9 26 270   M    M   1        34 270
12  97  64  81   2   0  16 0.00  0.0    0  8.5 26 250   M    M   1        35 250
13  98  66  82   3   0  17 0.00  0.0    0  6.1 17 290   M    M   1        23 290
14 100  62  81   2   0  16 0.00  0.0    0  9.3 39  90   M    M   2 8      48  90
15  97  71  84   6   0  19 0.00  0.0    0 11.2 37  90   M    M   3        46  90
16  98  70  84   6   0  19 0.00  0.0    0  7.6 33 340   M    M   4 8      44 350
17  98  73  86   8   0  21 0.00  0.0    0  6.9 32 290   M    M   6 3      43 280
18  97  70  84   6   0  19 0.16  0.0    0  7.4 30 160   M    M   6 3      41 170
19  95  67  81   3   0  16    T  0.0    0  6.4 25 150   M    M   5 3      32 150
20  94  65  80   2   0  15 0.00  0.0    0  6.9 30 170   M    M   5 3      41 170
21  97  66  82   4   0  17 0.00  0.0    0  6.5 29 280   M    M   4        34 270
22  99  67  83   5   0  18 0.00  0.0    0  6.1 22  10   M    M   3        29  20
23 100  68  84   6   0  19    T  0.0    0  7.3 22 240   M    M   5 3      29 240
24  99  71  85   7   0  20 0.06  0.0    0  9.9 30 120   M    M   6 3      38 110
25  95  67  81   3   0  16 0.00  0.0    0  9.1 29  90   M    M   6 3      37 110
================================================================================
SM 2404 1672         0 418  0.25     0.0 206.0          M       95
================================================================================
AV 96.2 66.9                               8.2 FASTST   M    M   4    MAX(MPH)
                                 MISC ---->  # 39  90               # 48   90
================================================================================
NOTES:
# LAST OF SEVERAL OCCURRENCES

COLUMN 17 PEAK WIND IN M.P.H.

PRELIMINARY LOCAL CLIMATOLOGICAL DATA (WS FORM: F-6) , PAGE 2

                                          STATION:  ALBUQUERQUE  NM
                                          MONTH:    JULY
                                          YEAR:     2016
                                          LATITUDE:   35  2 N
                                          LONGITUDE: 106 37 W

[TEMPERATURE DATA]      [PRECIPITATION DATA]       SYMBOLS USED IN COLUMN 16

AVERAGE MONTHLY: 81.5   TOTAL FOR MONTH:   0.25    1 = FOG OR MIST
DPTR FM NORMAL:   3.2   DPTR FM NORMAL:   -0.91    2 = FOG REDUCING VISIBILITY
HIGHEST:   100 ON 23,14 GRTST 24HR  0.16 ON 17-18      TO 1/4 MILE OR LESS
LOWEST:     61 ON  2                               3 = THUNDER
                        SNOW, ICE PELLETS, HAIL    4 = ICE PELLETS
                        TOTAL MONTH:   0.0 INCH    5 = HAIL
                        GRTST 24HR     0.0         6 = FREEZING RAIN OR DRIZZLE
                        GRTST DEPTH:   0           7 = DUSTSTORM OR SANDSTORM:
                                                       VSBY 1/2 MILE OR LESS
                                                   8 = SMOKE OR HAZE
[NO. OF DAYS WITH]      [WEATHER - DAYS WITH]      9 = BLOWING SNOW
                                                   X = TORNADO
MAX 32 OR BELOW:   0    0.01 INCH OR MORE:   4
MAX 90 OR ABOVE:  23    0.10 INCH OR MORE:   1
MIN 32 OR BELOW:   0    0.50 INCH OR MORE:   0
MIN  0 OR BELOW:   0    1.00 INCH OR MORE:   0

[HDD (BASE 65) ]
TOTAL THIS MO.     0    CLEAR  (SCALE 0-3)  12
DPTR FM NORMAL     0    PTCLDY (SCALE 4-7)  13
TOTAL FM JUL 1     0    CLOUDY (SCALE 8-10)  0
DPTR FM NORMAL     0

[CDD (BASE 65) ]
TOTAL THIS MO.   418
DPTR FM NORMAL    82    [PRESSURE DATA]
TOTAL FM JAN 1   928    HIGHEST SLP M ON M
DPTR FM NORMAL   192    LOWEST  SLP 29.61 ON 10

[REMARKS]
