000
CXUS55 KABR 161400
CF6ABR
PRELIMINARY LOCAL CLIMATOLOGICAL DATA (WS FORM: F-6)

                                          STATION:   ABERDEEN SD
                                          MONTH:     JANUARY
                                          YEAR:      2017
                                          LATITUDE:   45 27 N
                                          LONGITUDE:  98 26 W

  TEMPERATURE IN F:       :PCPN:    SNOW:  WIND      :SUNSHINE: SKY     :PK WND
================================================================================
1   2   3   4   5  6A  6B    7    8   9   10  11  12  13   14  15   16   17  18
                                     12Z  AVG MX 2MIN
DY MAX MIN AVG DEP HDD CDD  WTR  SNW DPTH SPD SPD DIR MIN PSBL S-S WX    SPD DR
================================================================================

 1  23  11  17   5  48   0    T  0.1    1  9.6 20  80   M    M   6 1      23  90
 2  23   7  15   3  50   0 0.16  2.2    3 12.0 17 310   M    M   9 128    21 310
 3   8  -8   0 -12  65   0 0.00  0.0    3 17.3 25 310   M    M   0        30 320
 4   2 -13  -5 -17  70   0 0.00  0.0    3  8.5 15 290   M    M   3 8      19 290
 5  -3 -14  -8 -20  73   0 0.00  0.0    3 10.3 23 320   M    M   3 8      26 320
 6   9 -12  -1 -13  66   0 0.03  0.3    3  4.3  9 320   M    M   6 18     12 310
 7   3 -19  -8 -20  73   0 0.00  0.0    3  5.0  9 170   M    M   0        11 310
 8  21 -13   4  -8  61   0    T    T    3 16.4 28 180   M    M   3 8      35 170
 9  13  -1   6  -6  59   0 0.08  0.8    3  7.3 18  70   M    M   4 18     21  70
10  10  -5   3  -9  62   0 0.14  4.3    7 13.8 29 310   M    M   4 28     34 310
11   4  -5   0 -12  65   0 0.04  0.7    8  9.5 17 350   M    M   6 8      19 350
12   4 -19  -7 -19  72   0 0.00  0.0    8 11.2 30 320   M    M   1 8      37 320
13  10 -19  -4 -16  69   0 0.01  0.1    8 11.6 22 180   M    M   5        27 170
14  13 -11   1 -11  64   0 0.00  0.0    8  5.3 10 190   M    M   0        11 180
15  16  -8   4  -8  61   0 0.00  0.0    8  5.8 13 170   M    M   0        16 170
================================================================================
SM  156 -129       958   0  0.46     8.5 147.9          M       50
================================================================================
AV 10.4 -8.6                               9.9 FASTST   M    M   3    MAX(MPH)
                                 MISC ---->  # 30 320               # 37  320
================================================================================
NOTES:
# LAST OF SEVERAL OCCURRENCES

COLUMN 17 PEAK WIND IN M.P.H.

PRELIMINARY LOCAL CLIMATOLOGICAL DATA (WS FORM: F-6) , PAGE 2

                                          STATION:  ABERDEEN SD
                                          MONTH:    JANUARY
                                          YEAR:     2017
                                          LATITUDE:   45 27 N
                                          LONGITUDE:  98 26 W

[TEMPERATURE DATA]      [PRECIPITATION DATA]       SYMBOLS USED IN COLUMN 16

AVERAGE MONTHLY:  0.9   TOTAL FOR MONTH:   0.46    1 = FOG OR MIST
DPTR FM NORMAL: -11.1   DPTR FM NORMAL:    0.20    2 = FOG REDUCING VISIBILITY
HIGHEST:    23 ON  2, 1 GRTST 24HR  0.22 ON  9-10      TO 1/4 MILE OR LESS
LOWEST:    -19 ON 13,12                            3 = THUNDER
                        SNOW, ICE PELLETS, HAIL    4 = ICE PELLETS
                        TOTAL MONTH:   8.5 INCHES  5 = HAIL
                        GRTST 24HR   4.3 ON   M    6 = FREEZING RAIN OR DRIZZLE
                        GRTST DEPTH:   8 ON 15,14  7 = DUSTSTORM OR SANDSTORM:
                                                       VSBY 1/2 MILE OR LESS
                                                   8 = SMOKE OR HAZE
[NO. OF DAYS WITH]      [WEATHER - DAYS WITH]      9 = BLOWING SNOW
                                                   X = TORNADO
MAX 32 OR BELOW:  15    0.01 INCH OR MORE:   6
MAX 90 OR ABOVE:   0    0.10 INCH OR MORE:   2
MIN 32 OR BELOW:  15    0.50 INCH OR MORE:   0
MIN  0 OR BELOW:  13    1.00 INCH OR MORE:   0

[HDD (BASE 65) ]
TOTAL THIS MO.   958    CLEAR  (SCALE 0-3)   7
DPTR FM NORMAL   163    PTCLDY (SCALE 4-7)   7
TOTAL FM JUL 1  3905    CLOUDY (SCALE 8-10)  1
DPTR FM NORMAL  -381

[CDD (BASE 65) ]
TOTAL THIS MO.     0
DPTR FM NORMAL     0    [PRESSURE DATA]
TOTAL FM JAN 1     0    HIGHEST SLP M ON M
DPTR FM NORMAL     0    LOWEST  SLP 29.59 ON 10

[REMARKS]
