856
CXUS55 KABR 291400
CF6ABR
PRELIMINARY LOCAL CLIMATOLOGICAL DATA (WS FORM: F-6)

                                          STATION:   ABERDEEN SD
                                          MONTH:     APRIL
                                          YEAR:      2016
                                          LATITUDE:   45 27 N
                                          LONGITUDE:  98 26 W

  TEMPERATURE IN F:       :PCPN:    SNOW:  WIND      :SUNSHINE: SKY     :PK WND
================================================================================
1   2   3   4   5  6A  6B    7    8   9   10  11  12  13   14  15   16   17  18
                                     12Z  AVG MX 2MIN
DY MAX MIN AVG DEP HDD CDD  WTR  SNW DPTH SPD SPD DIR MIN PSBL S-S WX    SPD DR
================================================================================

 1  46  26  36  -1  29   0    T    T    0 13.7 26 300   M    M   7        32 300
 2  54  26  40   2  25   0 0.00  0.0    0 13.1 22 350   M    M   1        29 350
 3  68  28  48  10  17   0 0.00  0.0    0 14.4 26 340   M    M   1        32 290
 4  51  15  33  -6  32   0 0.00  0.0    0  5.6 15 120   M    M   0        21 110
 5  68  38  53  14  12   0    T  0.0    0 18.1 31 180   M    M   5        39 180
 6  44  28  36  -4  29   0 0.08  0.0    0 15.7 32 320   M    M   9 1      38 330
 7  48  28  38  -2  27   0 0.01  0.0    0 19.9 38 330   M    M   7        46 340
 8  41  19  30 -11  35   0 0.00  0.0    0 14.3 28 340   M    M   0        37  10
 9  59  15  37  -4  28   0 0.00  0.0    0 18.7 38 170   M    M   0        50 170
10  56  29  43   1  22   0 0.00  0.0    0 17.9 37 310   M    M   3        44 310
11  45  20  33  -9  32   0 0.00  0.0    0 11.9 21 330   M    M   1        27 330
12  66  17  42  -1  23   0 0.00  0.0    0 13.4 28 160   M    M   3        35 150
13  73  27  50   7  15   0 0.00  0.0    0  9.6 15 100   M    M   0        20 110
14  86  45  66  22   0   1 0.00  0.0    0 18.4 31 170   M    M   0        39 160
15  63  52  58  14   7   0 0.41  0.0    0 16.4 35 160   M    M   7 13     44 170
16  58  42  50   5  15   0 0.23  0.0    0 11.8 17 320   M    M   9 12     20 330
17  49  38  44  -1  21   0 0.68  0.0    0 13.7 22  10   M    M   9 1      26  10
18  56  41  49   3  16   0 1.15  0.0    0 16.0 26  50   M    M  10 1      31  50
19  62  34  48   2  17   0 0.00  0.0    0  6.1 14  70   M    M   7 12     18  60
20  63  45  54   7  11   0 0.00  0.0    0  6.1 14 360   M    M   8 1      18 360
21  61  37  49   2  16   0 0.00  0.0    0 13.6 26 360   M    M   2        33  10
22  68  29  49   1  16   0 0.00  0.0    0  8.1 18 150   M    M   0        23 140
23  80  50  65  17   0   0 0.00  0.0    0 20.7 37 160   M    M   0        43 150
24  72  50  61  13   4   0 0.05  0.0    0 17.4 33  60   M    M   4 3      40  60
25  50  44  47  -2  18   0 0.47  0.0    0 11.8 33  30   M    M   9 13     41  40
26  48  42  45  -4  20   0    T  0.0    0 13.8 24  30   M    M  10 1      29  30
27  45  35  40 -10  25   0 0.57    T    0 16.4 30  70   M    M  10 1      39  70
28  53  34  44  -6  21   0 0.01    T    0 10.2 17  50   M    M  10 1      24  30
================================================================================
SM 1633  934       533   1  3.66    T    386.8          M      132
================================================================================
AV 58.3 33.4                              13.8 FASTST   M    M   5    MAX(MPH)
                                 MISC ---->  # 38 330               # 50  170
================================================================================
NOTES:
# LAST OF SEVERAL OCCURRENCES

COLUMN 17 PEAK WIND IN M.P.H.

PRELIMINARY LOCAL CLIMATOLOGICAL DATA (WS FORM: F-6) , PAGE 2

                                          STATION:  ABERDEEN SD
                                          MONTH:    APRIL
                                          YEAR:     2016
                                          LATITUDE:   45 27 N
                                          LONGITUDE:  98 26 W

[TEMPERATURE DATA]      [PRECIPITATION DATA]       SYMBOLS USED IN COLUMN 16

AVERAGE MONTHLY: 45.8   TOTAL FOR MONTH:   3.66    1 = FOG OR MIST
DPTR FM NORMAL:   1.9   DPTR FM NORMAL:    1.98    2 = FOG REDUCING VISIBILITY
HIGHEST:    86 ON 14    GRTST 24HR  1.26 ON 17-18      TO 1/4 MILE OR LESS
LOWEST:     15 ON  9, 4                            3 = THUNDER
                        SNOW, ICE PELLETS, HAIL    4 = ICE PELLETS
                        TOTAL MONTH:    T          5 = HAIL
                        GRTST 24HR    T  ON 28-28  6 = FREEZING RAIN OR DRIZZLE
                        GRTST DEPTH:   0           7 = DUSTSTORM OR SANDSTORM:
                                                       VSBY 1/2 MILE OR LESS
                                                   8 = SMOKE OR HAZE
[NO. OF DAYS WITH]      [WEATHER - DAYS WITH]      9 = BLOWING SNOW
                                                   X = TORNADO
MAX 32 OR BELOW:   0    0.01 INCH OR MORE:  10
MAX 90 OR ABOVE:   0    0.10 INCH OR MORE:   6
MIN 32 OR BELOW:  13    0.50 INCH OR MORE:   3
MIN  0 OR BELOW:   0    1.00 INCH OR MORE:   1

[HDD (BASE 65) ]
TOTAL THIS MO.   533    CLEAR  (SCALE 0-3)  11
DPTR FM NORMAL   -59    PTCLDY (SCALE 4-7)   9
TOTAL FM JUL 1  6524    CLOUDY (SCALE 8-10)  8
DPTR FM NORMAL -1619

[CDD (BASE 65) ]
TOTAL THIS MO.     1
DPTR FM NORMAL     1    [PRESSURE DATA]
TOTAL FM JAN 1     1    HIGHEST SLP M ON M
DPTR FM NORMAL     1    LOWEST  SLP 29.44 ON 25

[REMARKS]
