000
CXUS52 KTAE 290800
CF6ABY
PRELIMINARY LOCAL CLIMATOLOGICAL DATA (WS FORM: F-6)

                                          STATION:   ALBANY
                                          MONTH:     DECEMBER
                                          YEAR:      2014
                                          LATITUDE:   31 31 N
                                          LONGITUDE:  84 11 W

  TEMPERATURE IN F:       :PCPN:    SNOW:  WIND      :SUNSHINE: SKY     :PK WND
================================================================================
1   2   3   4   5  6A  6B    7    8   9   10  11  12  13   14  15   16   17  18
                                     12Z  AVG MX 2MIN
DY MAX MIN AVG DEP HDD CDD  WTR  SNW DPTH SPD SPD DIR MIN PSBL S-S WX    SPD DR
================================================================================

 1  78  42  60   6   5   0 0.00  0.0    0  0.5  7  80   M    M   0 1      22  90
 2  80  48  64  10   1   0 0.00  0.0    0  2.0  9 140   M    M   1 1      12 140
 3  80  51  66  12   0   1 0.00  0.0    0  0.9  7  40   M    M   2 1      38 270
 4  79  53  66  13   0   1 0.00  0.0    0  1.1  6 100   M    M   1 12      M  M
 5  66  51  59   6   6   0 0.00  0.0    0  4.6  9 110   M    M   7 1      13 130
 6  75  60  68  15   0   3 0.02  0.0    0  5.5 16 340   M    M   9 18     22 340
 7  64  47  56   4   9   0 0.00  0.0    0  8.0 20  60   M    M   4        24  70
 8  51  44  48  -4  17   0 0.00  0.0    0  8.1 16  40   M    M  10        21  40
 9  60  34  47  -5  18   0 0.00    M    0  5.7 20 330   M    M   3        26 330
10  55  31  43  -9  22   0 0.00    M    0  4.9 13 310   M    M   0        17 330
11  57  30  44  -8  21   0 0.00  0.0    0  3.1 10 320   M    M   0 1      14 320
12  64  26  45  -6  20   0 0.00  0.0    0  0.9  9 330   M    M   0        20  20
13  68  26  47  -4  18   0 0.00  0.0    0  2.1 13 330   M    M   0        20  50
14  66  29  48  -3  17   0 0.00  0.0    0  1.2  8 240   M    M   0 18      M  M
15  69  30  50  -1  15   0 0.00  0.0    0  1.4  8 190   M    M   0 18      M  M
16  72  43  58   7   7   0 0.04    M    0  7.9 23 260   M    M   3 1      30 250
17  64  35  50   0  15   0 0.00  0.0    0  2.5  9 290   M    M   0        12 300
18  67  40  54   4  11   0 0.00  0.0    0  1.2  7 210   M    M   0        22  10
19  60  39  50   0  15   0 0.00  0.0    0  1.5  7  20   M    M   3        12  40
20  58  48  53   3  12   0 0.03    M    0  4.6  9  70   M    M  10 1      12  10
21  53  50  52   2  13   0 0.06  0.0    0  8.0 14  70   M    M  10 1      17  60
22  55  48  52   2  13   0 0.18    M    0  6.9 17 320   M    M  10 123    21 330
23  67  55  61  11   4   0 1.89  0.0    0  8.3 25 120   M    M   9 123    31 120
24  71  52  62  12   3   0 4.08  0.0    0  9.9 21 290   M    M   8 13     26 290
25  59  39  49  -1  16   0 0.00  0.0    0  5.5 15 310   M    M   1        21 330
26  64  34  49   0  16   0 0.00  0.0    0  2.1  9  70   M    M   0 1      16  80
27  72  40  56   7   9   0 0.00  0.0    0  3.4 14  90   M    M   3        18  80
28  77  53  65  16   0   0 0.00  0.0    0  4.9 15 210   M    M   5 1      20 220
================================================================================
SM 1851 1178       303   5  6.30     0.0 116.7          M       99
================================================================================
AV 66.1 42.1                               4.2 FASTST   M    M   4    MAX(MPH)
                                 MISC ---->  # 25 120               # 38  270
================================================================================
NOTES:
# LAST OF SEVERAL OCCURRENCES

COLUMN 17 PEAK WIND IN M.P.H.

PRELIMINARY LOCAL CLIMATOLOGICAL DATA (WS FORM: F-6) , PAGE 2

                                          STATION:  ALBANY
                                          MONTH:    DECEMBER
                                          YEAR:     2014
                                          LATITUDE:   31 31 N
                                          LONGITUDE:  84 11 W

[TEMPERATURE DATA]      [PRECIPITATION DATA]       SYMBOLS USED IN COLUMN 16

AVERAGE MONTHLY: 54.1   TOTAL FOR MONTH:   6.30    1 = FOG OR MIST
DPTR FM NORMAL:   2.9   DPTR FM NORMAL:    2.77    2 = FOG REDUCING VISIBILITY
HIGHEST:    80 ON  3, 2 GRTST 24HR  5.37 ON 23-24      TO 1/4 MILE OR LESS
LOWEST:     26 ON 13,12                            3 = THUNDER
                        SNOW, ICE PELLETS, HAIL    4 = ICE PELLETS
                        TOTAL MONTH:   0.0 INCH    5 = HAIL
                        GRTST 24HR     0.0         6 = FREEZING RAIN OR DRIZZLE
                        GRTST DEPTH:   0           7 = DUSTSTORM OR SANDSTORM:
                                                       VSBY 1/2 MILE OR LESS
                                                   8 = SMOKE OR HAZE
[NO. OF DAYS WITH]      [WEATHER - DAYS WITH]      9 = BLOWING SNOW
                                                   X = TORNADO
MAX 32 OR BELOW:   0    0.01 INCH OR MORE:   7
MAX 90 OR ABOVE:   0    0.10 INCH OR MORE:   3
MIN 32 OR BELOW:   6    0.50 INCH OR MORE:   2
MIN  0 OR BELOW:   0    1.00 INCH OR MORE:   2

[HDD (BASE 65) ]
TOTAL THIS MO.   303    CLEAR  (SCALE 0-3)  16
DPTR FM NORMAL   -92    PTCLDY (SCALE 4-7)   5
TOTAL FM JUL 1   708    CLOUDY (SCALE 8-10)  7
DPTR FM NORMAL    43

[CDD (BASE 65) ]
TOTAL THIS MO.     5
DPTR FM NORMAL     5    [PRESSURE DATA]
TOTAL FM JAN 1  2495    HIGHEST SLP M ON M
DPTR FM NORMAL   -38    LOWEST  SLP 29.64 ON 24

[REMARKS]
