000
CXUS54 KFWD 270730
CF6ACT
PRELIMINARY LOCAL CLIMATOLOGICAL DATA (WS FORM: F-6)

                                          STATION:   WACO
                                          MONTH:     AUGUST
                                          YEAR:      2016
                                          LATITUDE:   31 37 N
                                          LONGITUDE:  97 13 W

  TEMPERATURE IN F:       :PCPN:    SNOW:  WIND      :SUNSHINE: SKY     :PK WND
================================================================================
1   2   3   4   5  6A  6B    7    8   9   10  11  12  13   14  15   16   17  18
                                     12Z  AVG MX 2MIN
DY MAX MIN AVG DEP HDD CDD  WTR  SNW DPTH SPD SPD DIR MIN PSBL S-S WX    SPD DR
================================================================================

 1 101  76  89   3   0  24 0.00  0.0    0 12.8 20 190   M    M   0        26 180
 2 101  75  88   2   0  23 0.00  0.0    0 10.8 16 190   M    M   0        22 180
 3 102  78  90   4   0  25 0.00  0.0    0  9.0 16 150   M    M   0        20 200
 4 101  79  90   4   0  25 0.00  0.0    0 10.9 18 140   M    M   0        23 160
 5 101  79  90   4   0  25 0.00  0.0    0  9.5 17 180   M    M   0        25 170
 6 101  78  90   4   0  25 0.00  0.0    0  9.1 14 160   M    M   1        18 170
 7 102  77  90   4   0  25 0.00  0.0    0  8.8 16 190   M    M   0        21 200
 8 101  79  90   4   0  25 0.00  0.0    0  9.8 16 190   M    M   1        20 150
 9 101  81  91   5   0  26 0.00  0.0    0  9.6 17 180   M    M   1        20 180
10 102  80  91   5   0  26 0.00  0.0    0 10.8 16 120   M    M   0        20 210
11 102  80  91   5   0  26 0.00  0.0    0 10.1 17 190   M    M   0        23 180
12 105  76  91   5   0  26 0.02  0.0    0 10.7 28 300   M    M   1 13     37 300
13  95  77  86   0   0  21 0.18  0.0    0  8.3 26 350   M    M   3 8      41 350
14  96  75  86   0   0  21 0.00  0.0    0  9.1 21 190   M    M   4        23 190
15  77  71  74 -12   0   9 1.36  0.0    0  5.8 16  50   M    M   7 1      20  50
16  78  72  75 -11   0  10 0.59  0.0    0  7.4 14 140   M    M   8 1      22 120
17  83  74  79  -7   0  14 0.83  0.0    0  7.4 16 170   M    M   9 13     21 150
18  88  74  81  -5   0  16 0.17  0.0    0  8.4 18 170   M    M   8 13     24 320
19  93  75  84  -1   0  19 0.01  0.0    0 10.0 18 180   M    M   5        25 100
20  83  73  78  -7   0  13    T  0.0    0  8.0 20 180   M    M   6        30 240
21  78  73  76  -9   0  11 0.10  0.0    0  4.8 13  50   M    M   8 1      15  20
22  91  74  83  -2   0  18 0.00  0.0    0  8.8 18 170   M    M   6 1      29 200
23  95  76  86   1   0  21 0.00  0.0    0 15.2 23 180   M    M   3        28 170
24  94  75  85   0   0  20 0.00  0.0    0 11.4 18 180   M    M   2        23 180
25  92  72  82  -2   0  17 0.00  0.0    0  7.8 16  30   M    M   1 1      27 160
26  94  72  83  -1   0  18 1.32  0.0    0  6.4 35  90   M    M   3 123    46 100
================================================================================
SM 2457 1971         0 529  4.58     0.0 240.7          M       77
================================================================================
AV 94.5 75.8                               9.3 FASTST   M    M   3    MAX(MPH)
                                 MISC ---->  # 35  90               # 46  100
================================================================================
NOTES:
# LAST OF SEVERAL OCCURRENCES

COLUMN 17 PEAK WIND IN M.P.H.

PRELIMINARY LOCAL CLIMATOLOGICAL DATA (WS FORM: F-6) , PAGE 2

                                          STATION:  WACO
                                          MONTH:    AUGUST
                                          YEAR:     2016
                                          LATITUDE:   31 37 N
                                          LONGITUDE:  97 13 W

[TEMPERATURE DATA]      [PRECIPITATION DATA]       SYMBOLS USED IN COLUMN 16

AVERAGE MONTHLY: 85.2   TOTAL FOR MONTH:   4.58    1 = FOG OR MIST
DPTR FM NORMAL:  -0.5   DPTR FM NORMAL:    2.96    2 = FOG REDUCING VISIBILITY
HIGHEST:   105 ON 12    GRTST 24HR  1.45 ON 15-16      TO 1/4 MILE OR LESS
LOWEST:     71 ON 15                               3 = THUNDER
                        SNOW, ICE PELLETS, HAIL    4 = ICE PELLETS
                        TOTAL MONTH:   0.0 INCH    5 = HAIL
                        GRTST 24HR     0.0         6 = FREEZING RAIN OR DRIZZLE
                        GRTST DEPTH:   0           7 = DUSTSTORM OR SANDSTORM:
                                                       VSBY 1/2 MILE OR LESS
                                                   8 = SMOKE OR HAZE
[NO. OF DAYS WITH]      [WEATHER - DAYS WITH]      9 = BLOWING SNOW
                                                   X = TORNADO
MAX 32 OR BELOW:   0    0.01 INCH OR MORE:   9
MAX 90 OR ABOVE:  20    0.10 INCH OR MORE:   7
MIN 32 OR BELOW:   0    0.50 INCH OR MORE:   4
MIN  0 OR BELOW:   0    1.00 INCH OR MORE:   2

[HDD (BASE 65) ]
TOTAL THIS MO.     0    CLEAR  (SCALE 0-3)  17
DPTR FM NORMAL     0    PTCLDY (SCALE 4-7)   5
TOTAL FM JUL 1     0    CLOUDY (SCALE 8-10)  4
DPTR FM NORMAL     0

[CDD (BASE 65) ]
TOTAL THIS MO.   529
DPTR FM NORMAL    -6    [PRESSURE DATA]
TOTAL FM JAN 1  2153    HIGHEST SLP M ON M
DPTR FM NORMAL    52    LOWEST  SLP 29.68 ON 12

[REMARKS]
