000
CXUS54 KLZK 231130
CF6ADF
PRELIMINARY LOCAL CLIMATOLOGICAL DATA (WS FORM: F-6)

                                          STATION:   Arkadelphia Airport
                                          MONTH:     FEBRUARY
                                          YEAR:      2017
                                          LATITUDE:   34  9 N
                                          LONGITUDE:  93  4 W

  TEMPERATURE IN F:       :PCPN:    SNOW:  WIND      :SUNSHINE: SKY     :PK WND
================================================================================
1   2   3   4   5  6A  6B    7    8   9   10  11  12  13   14  15   16   17  18
                                     12Z  AVG MX 2MIN
DY MAX MIN AVG DEP HDD CDD  WTR  SNW DPTH SPD SPD DIR MIN PSBL S-S WX    SPD DR
================================================================================

 1  72  38  55  13  10   0 0.00  0.0    0  2.4 10  40   M    M   6        17  40
 2  53  41  47   5  18   0 0.03    M    0  7.4 13  40   M    M  10        23  40
 3  49  33  41  -2  24   0 0.00  0.0    0  5.9 12  30   M    M   6        18  50
 4  42  27  35  -8  30   0 0.01    M    0  3.8  9  30   M    M   7 1       M  M
 5   M   M   M   M   M   M 1.12    M    0  1.8  5  20   M    M  10 1       M  M
 6  70  49  60  17   5   0 0.02    M    0  5.8 15 180   M    M   9 12     23 180
 7  79  52  66  23   0   1 0.00  0.0    0 10.0 20 200   M    M   5 1      27 200
 8  77  41  59  15   6   0 0.00  0.0    0  6.2 18 360   M    M   0 12     24 360
 9  52  33  43  -1  22   0 0.00  0.0    0  4.7 12  20   M    M   0         M  M
10  71  28  50   6  15   0 0.00  0.0    0  6.2 20 230   M    M   3        30 230
11  81  60  71  27   0   6 0.00  0.0    0 10.7 20 220   M    M   7 1      30 220
12  73  55  64  20   1   0    T  0.0    0  5.0 15  30   M    M   6 12     23  30
13  57  47  52   7  13   0 0.00  0.0    0  6.5 13  60   M    M   9        22  60
14  51  42  47   2  18   0 0.27    M    0  7.0 12  30   M    M  10 1      17  50
15  59  35  47   2  18   0 0.08    M    0  4.8 12 350   M    M   2        16 350
16  65  27  46   0  19   0 0.00  0.0    0  3.0 10 220   M    M   0         M  M
17  70  30  50   4  15   0 0.00  0.0    0  2.3  9 210   M    M   2         M  M
18  64  43  54   8  11   0 0.16    M    0  1.8  9 200   M    M   7 123     M  M
19  77  45  61  15   4   0 0.00  0.0    0  1.9  7 140   M    M   6 1       M  M
20  74  51  63  16   2   0 0.36  0.0    0  4.7 12 220   M    M   7 1       M  M
21   M   M   M   M   M   M 0.25    M    0  5.5  7 320   M    M  10 1       M  M
22   M   M   M   M   M   M 0.00  0.0    0  2.0  5 250   M    M   8 12      M  M
================================================================================
SM 1236  777       231   7  2.30     0.0 109.4          M      130
================================================================================
AV 65.1 40.9                               5.0 FASTST   M    M   6    MAX(MPH)
                                 MISC ---->    20   M                 30    M
================================================================================
NOTES:
# LAST OF SEVERAL OCCURRENCES

COLUMN 17 PEAK WIND IN M.P.H.

PRELIMINARY LOCAL CLIMATOLOGICAL DATA (WS FORM: F-6) , PAGE 2

                                          STATION:  Arkadelphia Airport
                                          MONTH:    FEBRUARY
                                          YEAR:     2017
                                          LATITUDE:   34  9 N
                                          LONGITUDE:  93  4 W

[TEMPERATURE DATA]      [PRECIPITATION DATA]       SYMBOLS USED IN COLUMN 16

AVERAGE MONTHLY: 53.0   TOTAL FOR MONTH:   2.30    1 = FOG OR MIST
DPTR FM NORMAL:   8.5   DPTR FM NORMAL:   -0.98    2 = FOG REDUCING VISIBILITY
HIGHEST:    81 ON 11    GRTST 24HR  1.12 ON  5- 5      TO 1/4 MILE OR LESS
LOWEST:     27 ON 16, 4                            3 = THUNDER
                        SNOW, ICE PELLETS, HAIL    4 = ICE PELLETS
                        TOTAL MONTH:   0.0 INCH    5 = HAIL
                        GRTST 24HR     0.0         6 = FREEZING RAIN OR DRIZZLE
                        GRTST DEPTH:   0           7 = DUSTSTORM OR SANDSTORM:
                                                       VSBY 1/2 MILE OR LESS
                                                   8 = SMOKE OR HAZE
[NO. OF DAYS WITH]      [WEATHER - DAYS WITH]      9 = BLOWING SNOW
                                                   X = TORNADO
MAX 32 OR BELOW:   0    0.01 INCH OR MORE:   9
MAX 90 OR ABOVE:   0    0.10 INCH OR MORE:   5
MIN 32 OR BELOW:   4    0.50 INCH OR MORE:   1
MIN  0 OR BELOW:   0    1.00 INCH OR MORE:   1

[HDD (BASE 65) ]
TOTAL THIS MO.   231    CLEAR  (SCALE 0-3)   6
DPTR FM NORMAL  -221    PTCLDY (SCALE 4-7)  10
TOTAL FM JUL 1  1691    CLOUDY (SCALE 8-10)  6
DPTR FM NORMAL  -716

[CDD (BASE 65) ]
TOTAL THIS MO.     7
DPTR FM NORMAL     7    [PRESSURE DATA]
TOTAL FM JAN 1    10    HIGHEST SLP M ON M
DPTR FM NORMAL    10    LOWEST  SLP M ON M

[REMARKS]
