000
CXUS54 KLZK 281430
CF6ADF
PRELIMINARY LOCAL CLIMATOLOGICAL DATA (WS FORM: F-6)

                                          STATION:   Arkadelphia Airport
                                          MONTH:     NOVEMBER
                                          YEAR:      2014
                                          LATITUDE:   34  9 N
                                          LONGITUDE:  93  4 W

  TEMPERATURE IN F:       :PCPN:    SNOW:  WIND      :SUNSHINE: SKY     :PK WND
================================================================================
1   2   3   4   5  6A  6B    7    8   9   10  11  12  13   14  15   16   17  18
                                     12Z  AVG MX 2MIN
DY MAX MIN AVG DEP HDD CDD  WTR  SNW DPTH SPD SPD DIR MIN PSBL S-S WX    SPD DR
================================================================================

 1  56  35  46 -11  19   0 0.00  0.0    0  3.4 13  30   M    M   0         M  M
 2  62  34  48  -9  17   0 0.00  0.0    0  2.0  8 190   M    M   1         M  M
 3  72  36  54  -3  11   0    T    M    0  2.1  8 140   M    M   1         M  M
 4  68  51  60   4   5   0 0.33  0.0    0  3.0  9 200   M    M   6 1       M  M
 5  59  54  57   1   8   0 0.90  0.0    0  4.1  8  40   M    M   9 1       M  M
 6  70  42  56   0   9   0 0.00  0.0    0  5.0 14 320   M    M   2 12      M  M
 7  61  35  48  -7  17   0 0.00  0.0    0  1.2  5 190   M    M   0 128     M  M
 8  67  37  52  -3  13   0 0.00  0.0    0  3.0  8 320   M    M   0 18      M  M
 9  66  36  51  -3  14   0 0.00  0.0    0  1.8  9 230   M    M   2 12      M  M
10  74  37  56   2   9   0    T    M    0  6.3 22 200   M    M   2 12      M  M
11  60  39  50  -4  15   0 0.00  0.0    0  4.7 12 320   M    M   6         M  M
12  49  32  41 -12  24   0 0.25    M    0  8.2 14  20   M    M   1         M  M
13  40  26  33 -20  32   0    T    M    0  7.0 13 360   M    M   4         M  M
14  41  26  34 -19  31   0 0.00  0.0    0  3.2  8  50   M    M   0         M  M
15  41  24  33 -19  32   0 0.01    M    0  2.6  7 200   M    M   6 1       M  M
16  40  36  38 -14  27   0 0.14    M    0  7.3 12  20   M    M  10 1       M  M
17  40  26  33 -19  32   0    T    M    0  7.9 17 350   M    M   2 1       M  M
18  47  19  33 -18  32   0 0.00  0.0    0  3.1 12 230   M    M   0         M  M
19  61  22  42  -9  23   0 0.00  0.0    0  4.9 20 230   M    M   0 1       M  M
20  56  29  43  -7  22   0 0.06    M    0  3.8  7  90   M    M   4 18      M  M
21  54  46  50   0  15   0 0.15    M    0  4.5  8  30   M    M   9 1       M  M
22  71  51  61  11   4   0 0.02  0.0    0  3.5  8 140   M    M   7 1       M  M
23  69  57  63  14   2   0 0.35  0.0    0  7.1 18 240   M    M   7 1       M  M
24  60  34  47  -2  18   0 0.00  0.0    0  7.5 17 280   M    M   2        27 270
25  57  28  43  -6  22   0 0.00  0.0    0  1.6  8 340   M    M   0 1       M  M
26  62  29  46  -2  19   0 0.00  0.0    0  4.3 15 240   M    M   0         M  M
27  51  30  41  -7  24   0 0.00  0.0    0  2.8  8 290   M    M   0 1       M  M
================================================================================
SM 1554  951       496   0  2.21     0.0 115.9          M       81
================================================================================
AV 57.6 35.2                               4.3 FASTST   M    M   3    MAX(MPH)
                                 MISC ---->    22   M               # 27  270
================================================================================
NOTES:
# LAST OF SEVERAL OCCURRENCES

COLUMN 17 PEAK WIND IN M.P.H.

PRELIMINARY LOCAL CLIMATOLOGICAL DATA (WS FORM: F-6) , PAGE 2

                                          STATION:  Arkadelphia Airport
                                          MONTH:    NOVEMBER
                                          YEAR:     2014
                                          LATITUDE:   34  9 N
                                          LONGITUDE:  93  4 W

[TEMPERATURE DATA]      [PRECIPITATION DATA]       SYMBOLS USED IN COLUMN 16

AVERAGE MONTHLY: 46.4   TOTAL FOR MONTH:   2.21    1 = FOG OR MIST
DPTR FM NORMAL:  -6.2   DPTR FM NORMAL:   -2.38    2 = FOG REDUCING VISIBILITY
HIGHEST:    74 ON 10    GRTST 24HR  0.90 ON  5- 5      TO 1/4 MILE OR LESS
LOWEST:     19 ON 18                               3 = THUNDER
                        SNOW, ICE PELLETS, HAIL    4 = ICE PELLETS
                        TOTAL MONTH:   0.0 INCH    5 = HAIL
                        GRTST 24HR     0.0         6 = FREEZING RAIN OR DRIZZLE
                        GRTST DEPTH:   0           7 = DUSTSTORM OR SANDSTORM:
                                                       VSBY 1/2 MILE OR LESS
                                                   8 = SMOKE OR HAZE
[NO. OF DAYS WITH]      [WEATHER - DAYS WITH]      9 = BLOWING SNOW
                                                   X = TORNADO
MAX 32 OR BELOW:   0    0.01 INCH OR MORE:   9
MAX 90 OR ABOVE:   0    0.10 INCH OR MORE:   6
MIN 32 OR BELOW:  11    0.50 INCH OR MORE:   1
MIN  0 OR BELOW:   0    1.00 INCH OR MORE:   0

[HDD (BASE 65) ]
TOTAL THIS MO.   496    CLEAR  (SCALE 0-3)  17
DPTR FM NORMAL   157    PTCLDY (SCALE 4-7)   7
TOTAL FM JUL 1   561    CLOUDY (SCALE 8-10)  3
DPTR FM NORMAL    65

[CDD (BASE 65) ]
TOTAL THIS MO.     0
DPTR FM NORMAL    -3    [PRESSURE DATA]
TOTAL FM JAN 1  2028    HIGHEST SLP M ON M
DPTR FM NORMAL   114    LOWEST  SLP M ON M

[REMARKS]
