000
CXAK56 PADQ 270917
CF6ADQ

PRELIMINARY LOCAL CLIMATOLOGICAL DATA (WS FORM: F-6)

                                          STATION:   KODIAK
                                          MONTH:     02
                                          YEAR:      2015
                                          LATITUDE:   57 45 N
                                          LONGITUDE: 152 30 W

  TEMPERATURE IN F:       :PCPN:    SNOW:  WIND      :SUNSHINE: SKY     :PK WND
================================================================================
1   2   3   4   5  6A  6B    7     8   9   10  11  12  13   14  15   16  17  18
                                      12Z  AVG MX 2MIN
DY MAX MIN AVG DEP HDD CDD  WTR   SNW DPTH SPD SPD DIR MIN PSBL S-S WX   SPD DR
================================================================================

 1  42  30  36   6  29   0  0.02  0.0   0 11.7 21  290   M    M   M 1     27 280
 2  41  24  33   3  32   0  0.00  0.0   0  5.1 12  310   M    M   M       16 310
 3  41  28  35   5  30   0  0.00  0.0   0 10.2 20   70   M    M   M       26  70
 4  41  33  37   7  28   0  0.05  0.0   0  7.5 18   30   M    M   M 1     23  30
 5  36  31  34   4  31   0     T    T   0 13.7 25  290   M    M   M       35 300
 6  33  26  30   0  35   0  0.00  0.0   0 15.9 31  290   M    M   M       42 310
 7  26  20  23  -7  42   0  0.26  4.1   4 17.9 29  290   M    M   M 9     42 270
 8  33  21  27  -3  38   0  0.30  4.5   6 12.8 36   30   M    M   M 19    40  30
 9  41  17  29  -2  36   0  0.53  1.6   5 10.9 29   70   M    M   M 1     36  70
10  41  39  40   9  25   0  1.33  0.0   0 26.8 39   50   M    M   M 1     50  60
11  40  36  38   7  27   0  0.24  0.0   0  4.9 18   40   M    M   M 1     21  40
12  42  37  40   9  25   0  0.10  0.0   0  7.6 16  110   M    M   M 1     19 100
13  40  38  39   8  26   0  0.02  0.0   0 14.8 25  290   M    M   M 1     33 290
14  42  31  37   6  28   0  0.16  0.0   0  8.7 23  290   M    M   M       29 300
15  43  30  37   6  28   0  1.25  0.0   0 19.9 41   40   M    M   M 1     54  60
16  45  39  42  11  23   0  1.25  0.0   0 15.4 29   50   M    M   M 1     36  50
17  41  28  35   4  30   0  0.04  0.0   0  7.8 20  170   M    M   M 1     24 170
18  44  25  35   4  30   0  0.00  0.0   0  5.4 12  290   M    M   M       15 280
19  42  24  33   2  32   0  0.00  0.0   0  8.4 18  110   M    M   M 1     22 100
20  43  40  42  11  23   0  2.32  0.0   0 21.4 33   60   M    M   M 1     43  60
21  43  40  42  11  23   0  0.07  0.0   0  8.1 15   60   M    M   M 12    17  70
22  45  37  41  10  24   0  0.13  0.0   0  7.4 17  140   M    M   M 1     21 140
23  44  29  37   6  28   0  0.00  0.0   0  5.1 13  190   M    M   M       15 210
24  41  26  34   3  31   0  0.35    T   0 10.9 23   30   M    M   M 1     31  20
25  44  34  39   8  26   0  0.27  0.0   0 11.2 29   30   M    M   M 1     36  30
26  41  27  34   2  31   0  0.00  0.0   0  5.3 12  320   M    M   M       15 320
================================================================================
SM 1055  790       761   0  8.69 10.2    294.8           M        M
================================================================================
AV 40.6 30.4                             11.3 FASTST  PSBL  %   M    MAX(MPH)
                                 MISC ---->     41   40                 54  60
================================================================================
NOTES:
# LAST OF SEVERAL OCCURRENCES

COLUMN 17 PEAK WIND IN M.P.H.

PRELIMINARY LOCAL CLIMATOLOGICAL DATA (WS FORM: F-6) , PAGE 2

                                          STATION:   KODIAK
                                          MONTH:     02
                                          YEAR:      2015
                                          LATITUDE:  57 45 N
                                          LONGITUDE: 152 30 W

[TEMPERATURE DATA]      [PRECIPITATION DATA]       SYMBOLS USED IN COLUMN 16

AVERAGE MONTHLY:35.5   TOTAL FOR MONTH: 8.69       1 = FOG
DPTR FM NORMAL:  4.8   DPTR FM NORMAL: 2.97       2 = FOG REDUCING VISIBILITY
HIGHEST:    45 ON 22    GRTST 24HR   2.32 ON 20        TO 1/4 MILE OR LESS
LOWEST:     17 ON  9                               3 = THUNDER
                        SNOW, ICE PELLETS, HAIL    4 = ICE PELLETS
                        TOTAL MONTH: 10.2 INCHES  5 = HAIL
                        GRTST 24HR   4.5 ON  8     6 = GLAZE OR RIME
                        GRTST DEPTH:    6 ON  8    7 = BLOWING DUST OR SAND:
                                                       VSBY 1/2 MILE OR LESS
                                                   8 = SMOKE OR HAZE
[NO. OF DAYS WITH]      [WEATHER - DAYS WITH]      9 = BLOWING SNOW
                                                   X = TORNADO
MAX 32 OR BELOW:   1    0.01 INCH OR MORE:  18
MAX 70 OR ABOVE:   0    0.10 INCH OR MORE:  13
MIN 32 OR BELOW:  16    0.50 INCH OR MORE:   5
MIN  0 OR BELOW:   0    1.00 INCH OR MORE:   4

[HDD (BASE 65) ]
TOTAL THIS MO.   761    CLEAR  (SCALE 0-3)   M
DPTR FM NORMAL  -132    PTCLDY (SCALE 4-7)   M
SEASONAL TOTAL  4860    CLOUDY (SCALE 8-10)  M
DPTR FM NORMAL  -947

[CDD (BASE 65) ]
TOTAL THIS MO.     0
DPTR FM NORMAL     0    [PRESSURE DATA]
SEASONAL TOTAL     0    HIGHEST SLP     M
DPTR FM NORMAL     0    LOWEST  SLP     M

[REMARKS]
