000
CXUS54 KLCH 221011
CF6AEX
PRELIMINARY LOCAL CLIMATOLOGICAL DATA (WS FORM: F-6)

                                          STATION:   ALEXANDRIA
                                          MONTH:     OCTOBER
                                          YEAR:      2017
                                          LATITUDE:   31 19 N
                                          LONGITUDE:  92 33 W

  TEMPERATURE IN F:       :PCPN:    SNOW:  WIND      :SUNSHINE: SKY     :PK WND
================================================================================
1   2   3   4   5  6A  6B    7    8   9   10  11  12  13   14  15   16   17  18
                                     12Z  AVG MX 2MIN
DY MAX MIN AVG DEP HDD CDD  WTR  SNW DPTH SPD SPD DIR MIN PSBL S-S WX    SPD DR
================================================================================

 1  92  61  77   5   0  12 0.00  0.0    0  3.9 13 110   M    M   3        16 140
 2  80  70  75   3   0  10    T  0.0    0  9.2 15 100   M    M   7 18     20 110
 3  91  74  83  12   0  18 0.00  0.0    0 11.1 18 110   M    M   6        23 120
 4  88  65  77   6   0  12 0.00  0.0    0  6.1 14  50   M    M   1        20  80
 5  88  60  74   4   0   9 0.00  0.0    0  3.5 12  30   M    M   1        17  50
 6  90  58  74   4   0   9 0.00  0.0    0  4.1 14  90   M    M   2        18 100
 7  89  73  81  11   0  16 0.03  0.0    0  5.4 13 100   M    M   5 1      16 130
 8  92  71  82  12   0  17 0.00  0.0    0  3.5 10 310   M    M   5 128    13 300
 9  93  75  84  15   0  19 0.00  0.0    0  5.6 15 120   M    M   5 18     18 120
10  93  68  81  12   0  16 0.00  0.0    0  6.5 16 330   M    M   4 18     19 330
11  84  61  73   4   0   8 0.00  0.0    0  5.6 13 350   M    M   2        16 360
12  89  61  75   7   0  10 0.00  0.0    0  3.1 10 360   M    M   0        14 320
13  93  61  77   9   0  12 0.00  0.0    0  1.8 10  70   M    M   0 1      13  70
14  93  64  79  11   0  14 0.00  0.0    0  3.9 14 120   M    M   1        19 140
15  92  65  79  12   0  14 0.00  0.0    0  7.5 23  10   M    M   5 1      30  20
16  74  49  62  -5   3   0 0.00  0.0    0 10.2 20 350   M    M   0        28  40
17  79  42  61  -6   4   0 0.00  0.0    0  4.3 13  20   M    M   0        16  10
18  82  45  64  -2   1   0 0.00  0.0    0  2.2  9 150   M    M   0 18     11  70
19  82  49  66   0   0   1 0.00  0.0    0  3.6 13 120   M    M   0 18     17 110
20  78  59  69   3   0   4 0.00  0.0    0  5.0 15 120   M    M   1 8      20  90
21  90  69  80  14   0  15    T  0.0    0 11.7 24 120   M    M   7 13     32 130
================================================================================
SM 1832 1300         8 216  0.03     0.0 117.8          M       55
================================================================================
AV 87.2 61.9                               5.6 FASTST   M    M   3    MAX(MPH)
                                 MISC ---->  # 24 120               # 32  130
================================================================================
NOTES:
# LAST OF SEVERAL OCCURRENCES

COLUMN 17 PEAK WIND IN M.P.H.

PRELIMINARY LOCAL CLIMATOLOGICAL DATA (WS FORM: F-6) , PAGE 2

                                          STATION:  ALEXANDRIA
                                          MONTH:    OCTOBER
                                          YEAR:     2017
                                          LATITUDE:   31 19 N
                                          LONGITUDE:  92 33 W

[TEMPERATURE DATA]      [PRECIPITATION DATA]       SYMBOLS USED IN COLUMN 16

AVERAGE MONTHLY: 74.6   TOTAL FOR MONTH:   0.03    1 = FOG OR MIST
DPTR FM NORMAL:   5.9   DPTR FM NORMAL:   -4.13    2 = FOG REDUCING VISIBILITY
HIGHEST:    93 ON 14,13 GRTST 24HR  0.03 ON  7- 7      TO 1/4 MILE OR LESS
LOWEST:     42 ON 17                               3 = THUNDER
                        SNOW, ICE PELLETS, HAIL    4 = ICE PELLETS
                        TOTAL MONTH:   0.0 INCH    5 = HAIL
                        GRTST 24HR     0.0         6 = FREEZING RAIN OR DRIZZLE
                        GRTST DEPTH:   0           7 = DUSTSTORM OR SANDSTORM:
                                                       VSBY 1/2 MILE OR LESS
                                                   8 = SMOKE OR HAZE
[NO. OF DAYS WITH]      [WEATHER - DAYS WITH]      9 = BLOWING SNOW
                                                   X = TORNADO
MAX 32 OR BELOW:   0    0.01 INCH OR MORE:   1
MAX 90 OR ABOVE:  10    0.10 INCH OR MORE:   0
MIN 32 OR BELOW:   0    0.50 INCH OR MORE:   0
MIN  0 OR BELOW:   0    1.00 INCH OR MORE:   0

[HDD (BASE 65) ]
TOTAL THIS MO.     8    CLEAR  (SCALE 0-3)  13
DPTR FM NORMAL   -25    PTCLDY (SCALE 4-7)   8
TOTAL FM JUL 1     8    CLOUDY (SCALE 8-10)  0
DPTR FM NORMAL   -28

[CDD (BASE 65) ]
TOTAL THIS MO.   216
DPTR FM NORMAL   107    [PRESSURE DATA]
TOTAL FM JAN 1  2620    HIGHEST SLP M ON M
DPTR FM NORMAL   161    LOWEST  SLP 29.67 ON  7

[REMARKS]
