000
CXUS54 KLCH 180828
CF6AEX
PRELIMINARY LOCAL CLIMATOLOGICAL DATA (WS FORM: F-6)

                                          STATION:   ALEXANDRIA
                                          MONTH:     AUGUST
                                          YEAR:      2017
                                          LATITUDE:   31 19 N
                                          LONGITUDE:  92 33 W

  TEMPERATURE IN F:       :PCPN:    SNOW:  WIND      :SUNSHINE: SKY     :PK WND
================================================================================
1   2   3   4   5  6A  6B    7    8   9   10  11  12  13   14  15   16   17  18
                                     12Z  AVG MX 2MIN
DY MAX MIN AVG DEP HDD CDD  WTR  SNW DPTH SPD SPD DIR MIN PSBL S-S WX    SPD DR
================================================================================

 1  91  72  82  -1   0  17 0.00  0.0    0  2.9  8 110   M    M   6 1      11 160
 2  80  71  76  -7   0  11 0.31  0.0    0  4.0 13  10   M    M   6 1      16  10
 3  89  71  80  -3   0  15 0.00  0.0    0  3.8 12 110   M    M   5 1      15 110
 4  95  70  83   0   0  18    T  0.0    0  3.4 15 160   M    M   2 123     M  M
 5  94  70  82  -1   0  17 0.02  0.0    0  2.8 17 190   M    M   2 13     24 190
 6  92  73  83   0   0  18 0.00  0.0    0  5.9 21 210   M    M   3 1      29 220
 7  88  73  81  -2   0  16    T  0.0    0  6.8 18 290   M    M   3 1      23 290
 8  84  73  79  -4   0  14 0.27  0.0    0  3.6  9 100   M    M   4 1      12  10
 9  89  73  81  -2   0  16 0.78  0.0    0  3.5 20 220   M    M   6 13     28 200
10  89  74  82  -1   0  17 0.01  0.0    0  4.5 13 160   M    M   6 13     16 170
11  93  73  83   0   0  18 0.50  0.0    0  4.9 21 310   M    M   2 138    25 300
12  94  73  84   1   0  19 0.93  0.0    0  4.1 21 250   M    M   5 13     25 260
13  92  74  83   0   0  18 0.00  0.0    0  3.8 10 280   M    M   3 1      14 270
14  93  75  84   1   0  19    T  0.0    0  5.8 17 180   M    M   2 1      21 160
15  92  75  84   1   0  19    T  0.0    0  5.8 14 280   M    M   1 13     19 270
16  90  75  83   0   0  18 0.16  0.0    0  6.5 16 170   M    M   6 13     21 210
17  91  75  83   0   0  18 0.18  0.0    0  4.6 26 200   M    M   1 138    38 220
================================================================================
SM 1536 1240         0 288  3.16     0.0  76.7          M       63
================================================================================
AV 90.4 72.9                               4.5 FASTST   M    M   4    MAX(MPH)
                                 MISC ---->  # 26 200               # 38  220
================================================================================
NOTES:
# LAST OF SEVERAL OCCURRENCES

COLUMN 17 PEAK WIND IN M.P.H.

PRELIMINARY LOCAL CLIMATOLOGICAL DATA (WS FORM: F-6) , PAGE 2

                                          STATION:  ALEXANDRIA
                                          MONTH:    AUGUST
                                          YEAR:     2017
                                          LATITUDE:   31 19 N
                                          LONGITUDE:  92 33 W

[TEMPERATURE DATA]      [PRECIPITATION DATA]       SYMBOLS USED IN COLUMN 16

AVERAGE MONTHLY: 81.7   TOTAL FOR MONTH:   3.16    1 = FOG OR MIST
DPTR FM NORMAL:  -1.4   DPTR FM NORMAL:    1.35    2 = FOG REDUCING VISIBILITY
HIGHEST:    95 ON  4    GRTST 24HR  0.93 ON 12-12      TO 1/4 MILE OR LESS
LOWEST:     70 ON  5, 4                            3 = THUNDER
                        SNOW, ICE PELLETS, HAIL    4 = ICE PELLETS
                        TOTAL MONTH:   0.0 INCH    5 = HAIL
                        GRTST 24HR     0.0         6 = FREEZING RAIN OR DRIZZLE
                        GRTST DEPTH:   0           7 = DUSTSTORM OR SANDSTORM:
                                                       VSBY 1/2 MILE OR LESS
                                                   8 = SMOKE OR HAZE
[NO. OF DAYS WITH]      [WEATHER - DAYS WITH]      9 = BLOWING SNOW
                                                   X = TORNADO
MAX 32 OR BELOW:   0    0.01 INCH OR MORE:   9
MAX 90 OR ABOVE:  11    0.10 INCH OR MORE:   7
MIN 32 OR BELOW:   0    0.50 INCH OR MORE:   3
MIN  0 OR BELOW:   0    1.00 INCH OR MORE:   0

[HDD (BASE 65) ]
TOTAL THIS MO.     0    CLEAR  (SCALE 0-3)   7
DPTR FM NORMAL     0    PTCLDY (SCALE 4-7)  10
TOTAL FM JUL 1     0    CLOUDY (SCALE 8-10)  0
DPTR FM NORMAL     0

[CDD (BASE 65) ]
TOTAL THIS MO.   288
DPTR FM NORMAL   -18    [PRESSURE DATA]
TOTAL FM JAN 1  1832    HIGHEST SLP M ON M
DPTR FM NORMAL    80    LOWEST  SLP 29.87 ON 14

[REMARKS]
