000
CXUS54 KLCH 270857
CF6AEX
PRELIMINARY LOCAL CLIMATOLOGICAL DATA (WS FORM: F-6)

                                          STATION:   ALEXANDRIA
                                          MONTH:     JUNE
                                          YEAR:      2017
                                          LATITUDE:   31 19 N
                                          LONGITUDE:  92 33 W

  TEMPERATURE IN F:       :PCPN:    SNOW:  WIND      :SUNSHINE: SKY     :PK WND
================================================================================
1   2   3   4   5  6A  6B    7    8   9   10  11  12  13   14  15   16   17  18
                                     12Z  AVG MX 2MIN
DY MAX MIN AVG DEP HDD CDD  WTR  SNW DPTH SPD SPD DIR MIN PSBL S-S WX    SPD DR
================================================================================

 1  84  71  78   0   0  13    M  0.0    0  4.6 14 100   M    M   5 1      17 110
 2  87  72  80   2   0  15 0.00  0.0    0  6.2 13  90   M    M   6 1      17  90
 3  87  71  79   1   0  14 0.13  0.0    0  5.2 21 160   M    M   5 138    27 160
 4  75  65  70  -8   0   5 0.32  0.0    0  5.2 22 210   M    M   7 13     28 220
 5  84  67  76  -3   0  11 0.11  0.0    0  2.6 15 130   M    M   5 138    19 130
 6  81  70  76  -3   0  11 0.27  0.0    0  6.1 18  30   M    M   7 1      27  30
 7  85  65  75  -4   0  10 0.00  0.0    0  8.1 16 360   M    M   0        22 340
 8  86  59  73  -6   0   8 0.00  0.0    0  3.9 12  30   M    M   1        15  50
 9  84  59  72  -7   0   7 0.00  0.0    0  2.1  9 100   M    M   0 1      11 110
10  87  62  75  -4   0  10 0.00  0.0    0  5.8 16 150   M    M   4        19 120
11  89  67  78  -2   0  13 0.16  0.0    0  5.8 21 130   M    M   4 13     25 120
12  90  72  81   1   0  16 0.11  0.0    0  8.4 31 130   M    M   6 13     38 130
13  89  73  81   1   0  16    T  0.0    0  7.5 21 160   M    M   4 13     24 180
14  91  72  82   2   0  17 0.36  0.0    0  5.7 21 250   M    M   4 1238   23 250
15  91  73  82   2   0  17 0.00  0.0    0  4.8  9 210   M    M   3 1      16 220
16  92  75  84   4   0  19 0.00  0.0    0  6.4 13 240   M    M   2 1      17 190
17  91  74  83   3   0  18 0.00  0.0    0  7.7 17 170   M    M   2 1      21 170
18  94  75  85   4   0  20 0.00  0.0    0  6.5 22 160   M    M   2 13     27 150
19  93  74  84   3   0  19 0.00  0.0    0  3.9 12  10   M    M   1 13     17  60
20  87  73  80  -1   0  15 0.00  0.0    0  7.2 15  60   M    M   4        20  40
21  79  72  76  -5   0  11 0.35  0.0    0 11.5 17  50   M    M   7 1      27  40
22  85  75  80  -1   0  15 1.52  0.0    0 17.1 25 140   M    M  10 1      40 130
23  88  71  80  -1   0  15 0.43  0.0    M  7.0 21  30   M    M   4 13     25  30
24  87  71  79  -2   0  14 1.71  0.0    0  4.0 25 290   M    M   4 13     30 270
25  84  69  77  -4   0  12 0.00  0.0    0  5.8 15  90   M    M   4 12     19 100
26  87  67  77  -5   0  12 0.00  0.0    0  4.0 12  80   M    M   1        15  80
================================================================================
SM 2257 1814         0 353  5.47     0.0 163.1          M      102
================================================================================
AV 86.8 69.8                               6.3 FASTST   M    M   4    MAX(MPH)
                                 MISC ---->  # 31 130               # 40  130
================================================================================
NOTES:
# LAST OF SEVERAL OCCURRENCES

COLUMN 17 PEAK WIND IN M.P.H.

PRELIMINARY LOCAL CLIMATOLOGICAL DATA (WS FORM: F-6) , PAGE 2

                                          STATION:  ALEXANDRIA
                                          MONTH:    JUNE
                                          YEAR:     2017
                                          LATITUDE:   31 19 N
                                          LONGITUDE:  92 33 W

[TEMPERATURE DATA]      [PRECIPITATION DATA]       SYMBOLS USED IN COLUMN 16

AVERAGE MONTHLY: 78.3   TOTAL FOR MONTH:   5.47    1 = FOG OR MIST
DPTR FM NORMAL:  -1.6   DPTR FM NORMAL:    1.08    2 = FOG REDUCING VISIBILITY
HIGHEST:    94 ON 18    GRTST 24HR  1.71 ON 24-24      TO 1/4 MILE OR LESS
LOWEST:     59 ON  9, 8                            3 = THUNDER
                        SNOW, ICE PELLETS, HAIL    4 = ICE PELLETS
                        TOTAL MONTH:   0.0 INCH    5 = HAIL
                        GRTST 24HR     0.0         6 = FREEZING RAIN OR DRIZZLE
                        GRTST DEPTH:   0           7 = DUSTSTORM OR SANDSTORM:
                                                       VSBY 1/2 MILE OR LESS
                                                   8 = SMOKE OR HAZE
[NO. OF DAYS WITH]      [WEATHER - DAYS WITH]      9 = BLOWING SNOW
                                                   X = TORNADO
MAX 32 OR BELOW:   0    0.01 INCH OR MORE:  11
MAX 90 OR ABOVE:   7    0.10 INCH OR MORE:  11
MIN 32 OR BELOW:   0    0.50 INCH OR MORE:   2
MIN  0 OR BELOW:   0    1.00 INCH OR MORE:   2

[HDD (BASE 65) ]
TOTAL THIS MO.     0    CLEAR  (SCALE 0-3)   9
DPTR FM NORMAL     0    PTCLDY (SCALE 4-7)  16
TOTAL FM JUL 1  1136    CLOUDY (SCALE 8-10)  1
DPTR FM NORMAL  -815

[CDD (BASE 65) ]
TOTAL THIS MO.   353
DPTR FM NORMAL   -32    [PRESSURE DATA]
TOTAL FM JAN 1   928    HIGHEST SLP M ON M
DPTR FM NORMAL    89    LOWEST  SLP 29.43 ON 22

[REMARKS]
