000
CXUS54 KFWD 280730
CF6AFW
PRELIMINARY LOCAL CLIMATOLOGICAL DATA (WS FORM: F-6)

                                          STATION:   FORT WORTH ALLIANCE
                                          MONTH:     JULY
                                          YEAR:      2015
                                          LATITUDE:   32 58 N
                                          LONGITUDE:  97 19 W

  TEMPERATURE IN F:       :PCPN:    SNOW:  WIND      :SUNSHINE: SKY     :PK WND
================================================================================
1   2   3   4   5  6A  6B    7    8   9   10  11  12  13   14  15   16   17  18
                                     12Z  AVG MX 2MIN
DY MAX MIN AVG DEP HDD CDD  WTR  SNW DPTH SPD SPD DIR MIN PSBL S-S WX    SPD DR
================================================================================

 1  93  72  83   0   0  18 0.00  0.0    0  9.4 20 160   M    M   3        27 160
 2  92  72  82  -1   0  17 0.00  0.0    0 11.4 22 220   M    M   5        29 230
 3  92  77  85   1   0  20    T  0.0    0  9.9 18 230   M    M   8        25 200
 4  94  76  85   1   0  20 0.00  0.0    0  8.6 16 170   M    M   5        22 160
 5  93  77  85   1   0  20 0.00  0.0    0 11.9 20 150   M    M   3        27 150
 6  93  79  86   2   0  21 0.00  0.0    0 14.1 24 170   M    M   5        33 170
 7  89  78  84   0   0  19    T  0.0    0 11.8 18 170   M    M  10        26 180
 8  82  73  78  -6   0  13 1.00  0.0    0  9.3 21 220   M    M   9 18     27 190
 9  92  76  84   0   0  19 0.00  0.0    0 11.2 21 190   M    M   6 8      29 190
10  91  71  81  -3   0  16 0.00  0.0    0  9.8 20 150   M    M   3 8      26 140
11  93  75  84  -1   0  19 0.00  0.0    0  8.8 14 160   M    M   2        19 190
12  95  73  84  -1   0  19 0.00  0.0    0  7.6 14 220   M    M   1        22 230
13  98  77  88   3   0  23 0.00  0.0    0  8.3 15 160   M    M   1        19 240
14  99  77  88   3   0  23 0.00  0.0    0  8.0 14 170   M    M   0        18 210
15  96  76  86   1   0  21 0.00  0.0    0  7.6 15 160   M    M   0        21 170
16  96  74  85   0   0  20 0.00  0.0    0  9.2 16 160   M    M   1        21 150
17  97  77  87   2   0  22 0.00  0.0    0  9.4 16 170   M    M   2        22 180
18  99  78  89   4   0  24 0.00  0.0    0  9.9 17 160   M    M   1        23 140
19  99  77  88   3   0  23 0.00  0.0    0  8.1 15 160   M    M   1        21 190
20 100  79  90   4   0  25 0.00  0.0    0  6.8 15 170   M    M   1        19 160
21  99  79  89   3   0  24 0.00  0.0    0  8.1 15 160   M    M   5        21 160
22  98  80  89   3   0  24 0.00  0.0    0  7.9 15 160   M    M   7        19 140
23 100  80  90   4   0  25 0.00  0.0    0  9.8 15 220   M    M   4        22 190
24 101  77  89   3   0  24 0.00  0.0    0  7.6 14 150   M    M   3        20 190
25 101  77  89   3   0  24 0.00  0.0    0  6.6 13 160   M    M   2        19 160
26 101  70  86   0   0  21 0.00  0.0    0  5.4 13 160   M    M   2        17 130
27 101  72  87   1   0  22 0.00  0.0    0  6.9 17 140   M    M   2        23 140
================================================================================
SM 2584 2049         0 566  1.00     0.0 243.4          M       92
================================================================================
AV 95.7 75.9                               9.0 FASTST   M    M   3    MAX(MPH)
                                 MISC ---->  # 24 170               # 33  170
================================================================================
NOTES:
# LAST OF SEVERAL OCCURRENCES

COLUMN 17 PEAK WIND IN M.P.H.

PRELIMINARY LOCAL CLIMATOLOGICAL DATA (WS FORM: F-6) , PAGE 2

                                          STATION:  FORT WORTH ALLIANCE
                                          MONTH:    JULY
                                          YEAR:     2015
                                          LATITUDE:   32 58 N
                                          LONGITUDE:  97 19 W

[TEMPERATURE DATA]      [PRECIPITATION DATA]       SYMBOLS USED IN COLUMN 16

AVERAGE MONTHLY: 85.8   TOTAL FOR MONTH:   1.00    1 = FOG OR MIST
DPTR FM NORMAL:   0.9   DPTR FM NORMAL:   -1.32    2 = FOG REDUCING VISIBILITY
HIGHEST:   101 ON 27,26 GRTST 24HR  1.00 ON  8- 8      TO 1/4 MILE OR LESS
LOWEST:     70 ON 26                               3 = THUNDER
                        SNOW, ICE PELLETS, HAIL    4 = ICE PELLETS
                        TOTAL MONTH:   0.0 INCH    5 = HAIL
                        GRTST 24HR     0.0         6 = FREEZING RAIN OR DRIZZLE
                        GRTST DEPTH:   0           7 = DUSTSTORM OR SANDSTORM:
                                                       VSBY 1/2 MILE OR LESS
                                                   8 = SMOKE OR HAZE
[NO. OF DAYS WITH]      [WEATHER - DAYS WITH]      9 = BLOWING SNOW
                                                   X = TORNADO
MAX 32 OR BELOW:   0    0.01 INCH OR MORE:   1
MAX 90 OR ABOVE:  25    0.10 INCH OR MORE:   1
MIN 32 OR BELOW:   0    0.50 INCH OR MORE:   1
MIN  0 OR BELOW:   0    1.00 INCH OR MORE:   1

[HDD (BASE 65) ]
TOTAL THIS MO.     0    CLEAR  (SCALE 0-3)  16
DPTR FM NORMAL     0    PTCLDY (SCALE 4-7)   8
TOTAL FM JUL 1     0    CLOUDY (SCALE 8-10)  3
DPTR FM NORMAL     0

[CDD (BASE 65) ]
TOTAL THIS MO.   566
DPTR FM NORMAL    31    [PRESSURE DATA]
TOTAL FM JAN 1  1388    HIGHEST SLP M ON M
DPTR FM NORMAL     9    LOWEST  SLP 29.75 ON 21

[REMARKS]
