000
CXUS54 KFWD 300730
CF6AFW
PRELIMINARY LOCAL CLIMATOLOGICAL DATA (WS FORM: F-6)

                                          STATION:   FORT WORTH ALLIANCE
                                          MONTH:     MARCH
                                          YEAR:      2017
                                          LATITUDE:   32 58 N
                                          LONGITUDE:  97 19 W

  TEMPERATURE IN F:       :PCPN:    SNOW:  WIND      :SUNSHINE: SKY     :PK WND
================================================================================
1   2   3   4   5  6A  6B    7    8   9   10  11  12  13   14  15   16   17  18
                                     12Z  AVG MX 2MIN
DY MAX MIN AVG DEP HDD CDD  WTR  SNW DPTH SPD SPD DIR MIN PSBL S-S WX    SPD DR
================================================================================

 1  72  35  54   2  11   0 0.00  0.0    0 12.7 26 360   M    M   4 8      35 350
 2  67  27  47  -5  18   0 0.00  0.0    0  2.6 12 130   M    M   3        17 120
 3  72  31  52  -1  13   0 0.00  0.0    0  5.5 18 150   M    M   6        23 160
 4  60  46  53   0  12   0 0.02  0.0    0 10.1 22 170   M    M   9 18     28 190
 5  65  51  58   5   7   0 0.05  0.0    0  9.2 17 160   M    M  10 1      23 150
 6  85  64  75  21   0  10 0.00  0.0    0 17.3 28 190   M    M   8        40 190
 7  72  39  56   2   9   0    T  0.0    0 10.5 29  10   M    M   3        35  20
 8  77  33  55   1  10   0 0.00  0.0    0  6.9 20 150   M    M   3        26 150
 9  81  57  69  15   0   4 0.00  0.0    0  9.1 20 190   M    M   8        27 210
10  69  53  61   6   4   0 0.00  0.0    0  7.0 17  20   M    M   8 128    21  20
11  75  46  61   6   4   0 0.03  0.0    0  8.8 25  40   M    M   9        32  10
12  53  42  48  -7  17   0 0.00  0.0    0  8.2 20  30   M    M   9        24  20
13  65  39  52  -4  13   0 0.01  0.0    0 11.0 23  10   M    M   7 18     29 350
14  66  29  48  -8  17   0 0.00  0.0    0  5.3 14  40   M    M   5        16  40
15  66  42  54  -2  11   0 0.00  0.0    0  9.3 15 130   M    M   4        20  40
16  74  53  64   7   1   0 0.00  0.0    0 13.6 23 190   M    M   6        33 190
17  81  66  74  17   0   9 0.00  0.0    0 13.3 23 180   M    M   8        29 160
18  85  62  74  17   0   9 0.00  0.0    0  8.0 15 150   M    M   4        20 150
19  86  61  74  16   0   9 0.00  0.0    0 10.4 21 160   M    M   2        26 160
20  92  64  78  20   0  13 0.00  0.0    0 13.4 23 180   M    M   1        30 180
21  87  61  74  16   0   9 0.00  0.0    0 10.5 21 180   M    M   2        27 170
22  86  61  74  16   0   9 0.00  0.0    0  8.8 18 150   M    M   4        24 150
23  85  64  75  16   0  10 0.00  0.0    0 20.3 32 170   M    M   2        44 160
24  83  56  70  11   0   5 0.15  0.0    0 14.9 33 170   M    M   6 1      46 160
25  72  50  61   2   4   0 0.00  0.0    0  8.2 20 290   M    M   1 8      29 300
26  84  45  65   5   0   0    T  0.0    0 11.1 25 160   M    M   5 3      34 150
27  74  53  64   4   1   0 0.00  0.0    0  6.9 17 190   M    M   4        25 190
28  80  52  66   6   0   1 0.00  0.0    0 11.5 25 140   M    M   9 8      36 140
29  81  54  68   8   0   3 0.74  0.0    0 11.6 35 260   M    M   5 13     50 260
================================================================================
SM 2195 1436       152  91  1.00     0.0 296.0          M      155
================================================================================
AV 75.7 49.5                              10.2 FASTST   M    M   5    MAX(MPH)
                                 MISC ---->  # 35 260               # 50  260
================================================================================
NOTES:
# LAST OF SEVERAL OCCURRENCES

COLUMN 17 PEAK WIND IN M.P.H.

PRELIMINARY LOCAL CLIMATOLOGICAL DATA (WS FORM: F-6) , PAGE 2

                                          STATION:  FORT WORTH ALLIANCE
                                          MONTH:    MARCH
                                          YEAR:     2017
                                          LATITUDE:   32 58 N
                                          LONGITUDE:  97 19 W

[TEMPERATURE DATA]      [PRECIPITATION DATA]       SYMBOLS USED IN COLUMN 16

AVERAGE MONTHLY: 62.6   TOTAL FOR MONTH:   1.00    1 = FOG OR MIST
DPTR FM NORMAL:   6.3   DPTR FM NORMAL:   -2.03    2 = FOG REDUCING VISIBILITY
HIGHEST:    92 ON 20    GRTST 24HR  0.74 ON 29-29      TO 1/4 MILE OR LESS
LOWEST:     27 ON  2                               3 = THUNDER
                        SNOW, ICE PELLETS, HAIL    4 = ICE PELLETS
                        TOTAL MONTH:   0.0 INCH    5 = HAIL
                        GRTST 24HR     0.0         6 = FREEZING RAIN OR DRIZZLE
                        GRTST DEPTH:   0           7 = DUSTSTORM OR SANDSTORM:
                                                       VSBY 1/2 MILE OR LESS
                                                   8 = SMOKE OR HAZE
[NO. OF DAYS WITH]      [WEATHER - DAYS WITH]      9 = BLOWING SNOW
                                                   X = TORNADO
MAX 32 OR BELOW:   0    0.01 INCH OR MORE:   6
MAX 90 OR ABOVE:   1    0.10 INCH OR MORE:   2
MIN 32 OR BELOW:   3    0.50 INCH OR MORE:   1
MIN  0 OR BELOW:   0    1.00 INCH OR MORE:   0

[HDD (BASE 65) ]
TOTAL THIS MO.   152    CLEAR  (SCALE 0-3)   6
DPTR FM NORMAL  -126    PTCLDY (SCALE 4-7)  17
TOTAL FM JUL 1  1576    CLOUDY (SCALE 8-10)  6
DPTR FM NORMAL  -762

[CDD (BASE 65) ]
TOTAL THIS MO.    91
DPTR FM NORMAL    63    [PRESSURE DATA]
TOTAL FM JAN 1   131    HIGHEST SLP M ON M
DPTR FM NORMAL    96    LOWEST  SLP 29.61 ON M

[REMARKS]
