963
CXUS55 KCAE 171400
CF6AGS
PRELIMINARY LOCAL CLIMATOLOGICAL DATA (WS FORM: F-6)

                                          STATION:   AUGUSTA BUSH FIELD GA
                                          MONTH:     NOVEMBER
                                          YEAR:      2017
                                          LATITUDE:   33 22 N
                                          LONGITUDE:  81 58 W

  TEMPERATURE IN F:       :PCPN:    SNOW:  WIND      :SUNSHINE: SKY     :PK WND
================================================================================
1   2   3   4   5  6A  6B    7    8   9   10  11  12  13   14  15   16   17  18
                                     12Z  AVG MX 2MIN
DY MAX MIN AVG DEP HDD CDD  WTR  SNW DPTH SPD SPD DIR MIN PSBL S-S WX    SPD DR
================================================================================

 1  81  41  61   2   4   0 0.00  0.0    0  3.5 16 150   M    M   1 12     19 150
 2  81  54  68   9   0   3 0.00  0.0    0  1.2  8 180   M    M   1 1      12 160
 3  87  50  69  10   0   4 0.00  0.0    0  1.8 13 340   M    M   1 12     16 340
 4  86  54  70  11   0   5 0.09  0.0    0  2.0 12 320   M    M   3 128    13 320
 5  78  57  68  10   0   3 0.00  0.0    0  1.9  8  40   M    M   6 128    10  50
 6  82  56  69  11   0   4 0.00  0.0    0  2.3 12 240   M    M   6 128    17 250
 7  84  57  71  13   0   6 0.00  0.0    0  4.1 15 230   M    M   6 128    20 240
 8   M   M   M   M   M   M    T  0.0    0  5.8 12  30   M    M   7 18      M  M
 9  53  48  51  -6  14   0 1.19  0.0    0  5.3 13 350   M    M  10 1      14 350
10  68  43  56  -1   9   0 0.00  0.0    0  3.6 10  20   M    M   2 12     13  30
11  54  43  49  -8  16   0 0.00  0.0    0  9.0 20  60   M    M   7        23  50
12  60  41  51  -5  14   0 0.00  0.0    0  6.8 10 340   M    M   9        13  10
13  66  42  54  -2  11   0 0.05  0.0    0  5.0 12 330   M    M   6 1      14 330
14  62  38  50  -6  15   0 0.00  0.0    0  5.5 14  70   M    M   1 12     19  30
15  60  34  47  -8  18   0 0.00  0.0    0  4.4 16  60   M    M   0 1      20  40
16  72  35  54  -1  11   0 0.00  0.0    0  2.1 10 300   M    M   0 18     13 330
================================================================================
SM 1074  693       112  25  1.33     0.0  64.3          M       66
================================================================================
AV 71.6 46.2                               4.0 FASTST   M    M   4    MAX(MPH)
                                 MISC ---->  # 20  60               # 23   50
================================================================================
NOTES:
# LAST OF SEVERAL OCCURRENCES

COLUMN 17 PEAK WIND IN M.P.H.

PRELIMINARY LOCAL CLIMATOLOGICAL DATA (WS FORM: F-6) , PAGE 2

                                          STATION:  AUGUSTA BUSH FIELD GA
                                          MONTH:    NOVEMBER
                                          YEAR:     2017
                                          LATITUDE:   33 22 N
                                          LONGITUDE:  81 58 W

[TEMPERATURE DATA]      [PRECIPITATION DATA]       SYMBOLS USED IN COLUMN 16

AVERAGE MONTHLY: 58.9   TOTAL FOR MONTH:   1.33    1 = FOG OR MIST
DPTR FM NORMAL:   1.6   DPTR FM NORMAL:   -0.09    2 = FOG REDUCING VISIBILITY
HIGHEST:    87 ON  3    GRTST 24HR  1.19 ON  9- 9      TO 1/4 MILE OR LESS
LOWEST:     34 ON 15                               3 = THUNDER
                        SNOW, ICE PELLETS, HAIL    4 = ICE PELLETS
                        TOTAL MONTH:   0.0 INCH    5 = HAIL
                        GRTST 24HR     0.0         6 = FREEZING RAIN OR DRIZZLE
                        GRTST DEPTH:   0           7 = DUSTSTORM OR SANDSTORM:
                                                       VSBY 1/2 MILE OR LESS
                                                   8 = SMOKE OR HAZE
[NO. OF DAYS WITH]      [WEATHER - DAYS WITH]      9 = BLOWING SNOW
                                                   X = TORNADO
MAX 32 OR BELOW:   0    0.01 INCH OR MORE:   3
MAX 90 OR ABOVE:   0    0.10 INCH OR MORE:   1
MIN 32 OR BELOW:   0    0.50 INCH OR MORE:   1
MIN  0 OR BELOW:   0    1.00 INCH OR MORE:   1

[HDD (BASE 65) ]
TOTAL THIS MO.   112    CLEAR  (SCALE 0-3)   8
DPTR FM NORMAL   -23    PTCLDY (SCALE 4-7)   6
TOTAL FM JUL 1   185    CLOUDY (SCALE 8-10)  2
DPTR FM NORMAL   -64

[CDD (BASE 65) ]
TOTAL THIS MO.    25
DPTR FM NORMAL    10    [PRESSURE DATA]
TOTAL FM JAN 1  2703    HIGHEST SLP M ON M
DPTR FM NORMAL   618    LOWEST  SLP 29.90 ON  7

[REMARKS]
