000
CXUS52 KFFC 271110
CF6AHN
PRELIMINARY LOCAL CLIMATOLOGICAL DATA (WS FORM: F-6)

                                          STATION:   ATHENS
                                          MONTH:     JULY
                                          YEAR:      2017
                                          LATITUDE:   33 57 N
                                          LONGITUDE:  83 19 W

  TEMPERATURE IN F:       :PCPN:    SNOW:  WIND      :SUNSHINE: SKY     :PK WND
================================================================================
1   2   3   4   5  6A  6B    7    8   9   10  11  12  13   14  15   16   17  18
                                     12Z  AVG MX 2MIN
DY MAX MIN AVG DEP HDD CDD  WTR  SNW DPTH SPD SPD DIR MIN PSBL S-S WX    SPD DR
================================================================================

 1  90  68  79  -1   0  14 1.02  0.0    0  3.9 21 250   M    M   6 13     40 240
 2  90  68  79  -1   0  14 0.58  0.0    0  3.6 15 300   M    M   2 13     23 300
 3  88  69  79  -1   0  14 0.50  0.0    0  2.4 14 240   M    M   5 13     21 230
 4  92  68  80   0   0  15 0.04  0.0    0  2.9 33 300   M    M   2 1238   47 300
 5  93  69  81   1   0  16 0.00  0.0    0  1.6  8 310   M    M   1 1      13 340
 6  92  70  81   1   0  16 0.00  0.0    0  2.6 15 300   M    M   1 3      22 300
 7  91  70  81   1   0  16 0.08  0.0    0  3.9 12 290   M    M   3 138    18 280
 8  92  71  82   2   0  17    T  0.0    0  4.6 17 320   M    M   2 3      25 330
 9  90  68  79  -2   0  14 0.00  0.0    0  2.1  9  60   M    M   0        13  70
10  90  69  80  -1   0  15 0.07  0.0    0  1.4 10 280   M    M   2 1      15 280
11  90  69  80  -1   0  15 0.00  0.0    0  2.2  7 210   M    M   3 1      11 160
12  92  69  81   0   0  16 0.00  0.0    0  2.2  7 200   M    M   0        12 240
13  94  73  84   3   0  19 0.00  0.0    0  1.6  7 260   M    M   2        12 180
14  93  72  83   2   0  18 0.00  0.0    0  3.7 14 300   M    M   2 3      19 310
15  94  71  83   2   0  18 0.00  0.0    0  2.4 10  30   M    M   2 3      16  20
16  87  71  79  -2   0  14 0.00  0.0    0  2.5  9 190   M    M   3        16 190
17  90  71  81   0   0  16 0.01  0.0    0  1.3  7 130   M    M   6 1      10 120
18  92  71  82   1   0  17 0.00  0.0    0  1.2  6 180   M    M   3 1       9 180
19  95  71  83   2   0  18 0.00  0.0    0  1.3  9 320   M    M   1 1      13 320
20  96  71  84   3   0  19 0.00  0.0    0  1.5  7  30   M    M   0 1      10 320
21  98  72  85   4   0  20 0.00  0.0    0  0.9  8 200   M    M   2 1      14 210
22  96  71  84   3   0  19 0.00  0.0    0  2.8  7 230   M    M   1 1      12 180
23  97  71  84   3   0  19 0.31  0.0    0  4.1 23 310   M    M   3 13     39 330
24  93  72  83   2   0  18 0.01  0.0    0  3.2  8 230   M    M   3 13     16 220
25  93  71  82   1   0  17 0.00  0.0    0  1.5  7 180   M    M   2 1      11 160
26  94  71  83   2   0  18 0.15  0.0    0  2.6 15 110   M    M   4 138    25 100
================================================================================
SM 2402 1827         0 432  2.77     0.0  64.0          M       61
================================================================================
AV 92.4 70.3                               2.5 FASTST   M    M   2    MAX(MPH)
                                 MISC ---->  # 33 300               # 47  300
================================================================================
NOTES:
# LAST OF SEVERAL OCCURRENCES

COLUMN 17 PEAK WIND IN M.P.H.

PRELIMINARY LOCAL CLIMATOLOGICAL DATA (WS FORM: F-6) , PAGE 2

                                          STATION:  ATHENS
                                          MONTH:    JULY
                                          YEAR:     2017
                                          LATITUDE:   33 57 N
                                          LONGITUDE:  83 19 W

[TEMPERATURE DATA]      [PRECIPITATION DATA]       SYMBOLS USED IN COLUMN 16

AVERAGE MONTHLY: 81.3   TOTAL FOR MONTH:   2.77    1 = FOG OR MIST
DPTR FM NORMAL:   0.6   DPTR FM NORMAL:   -1.00    2 = FOG REDUCING VISIBILITY
HIGHEST:    98 ON 21    GRTST 24HR  1.02 ON  1- 1      TO 1/4 MILE OR LESS
LOWEST:     68 ON  9, 4                            3 = THUNDER
                        SNOW, ICE PELLETS, HAIL    4 = ICE PELLETS
                        TOTAL MONTH:   0.0 INCH    5 = HAIL
                        GRTST 24HR     0.0         6 = FREEZING RAIN OR DRIZZLE
                        GRTST DEPTH:   0           7 = DUSTSTORM OR SANDSTORM:
                                                       VSBY 1/2 MILE OR LESS
                                                   8 = SMOKE OR HAZE
[NO. OF DAYS WITH]      [WEATHER - DAYS WITH]      9 = BLOWING SNOW
                                                   X = TORNADO
MAX 32 OR BELOW:   0    0.01 INCH OR MORE:  10
MAX 90 OR ABOVE:  24    0.10 INCH OR MORE:   5
MIN 32 OR BELOW:   0    0.50 INCH OR MORE:   3
MIN  0 OR BELOW:   0    1.00 INCH OR MORE:   1

[HDD (BASE 65) ]
TOTAL THIS MO.     0    CLEAR  (SCALE 0-3)  19
DPTR FM NORMAL     0    PTCLDY (SCALE 4-7)   7
TOTAL FM JUL 1     0    CLOUDY (SCALE 8-10)  0
DPTR FM NORMAL     0

[CDD (BASE 65) ]
TOTAL THIS MO.   432
DPTR FM NORMAL    23    [PRESSURE DATA]
TOTAL FM JAN 1  1140    HIGHEST SLP M ON M
DPTR FM NORMAL   113    LOWEST  SLP 29.82 ON 23

[REMARKS]
