000
CXAK56 PAJK 241245
CF6AJN
PRELIMINARY LOCAL CLIMATOLOGICAL DATA (WS FORM: F-6)

                                          STATION:   JUNEAU
                                          MONTH:     SEPTEMBER
                                          YEAR:      2016
                                          LATITUDE:   58 22 N
                                          LONGITUDE: 134 35 W

  TEMPERATURE IN F:       :PCPN:    SNOW:  WIND      :SUNSHINE: SKY     :PK WND
================================================================================
1   2   3   4   5  6A  6B    7    8   9   10  11  12  13   14  15   16   17  18
                                     12Z  AVG MX 2MIN
DY MAX MIN AVG DEP HDD CDD  WTR  SNW DPTH SPD SPD DIR MIN PSBL S-S WX    SPD DR
================================================================================

 1  68  41  55   2  10   0 0.00  0.0    0  2.4  9 240   M    M   6        11 270
 2  66  45  56   3   9   0 0.00  0.0    0  4.4 13 250   M    M   8        15 230
 3  69  42  56   3   9   0 0.00  0.0    0  4.1 13 240   M    M   4        14 220
 4  64  44  54   2  11   0 0.00  0.0    0  3.9 13 100   M    M   5        14  60
 5  54  48  51  -1  14   0 0.90  0.0    0 11.7 18 110   M    M   9 1      22 110
 6  57  52  55   3  10   0 1.28  0.0    0 10.5 16  90   M    M  10 1      20  80
 7  57  50  54   2  11   0 0.06  0.0    0  5.7 13  80   M    M   8 1      16  80
 8  55  51  53   1  12   0 0.44  0.0    0  9.9 20 110   M    M  10 1      25 110
 9  56  49  53   2  12   0 2.54  0.0    0  8.6 21 130   M    M  10 1      29 130
10  59  40  50  -1  15   0 0.07    M    0  5.3 12 240   M    M   7 12     15  60
11  63  37  50  -1  15   0 0.00  0.0    0  3.0 10 240   M    M   7 12     13 230
12  56  48  52   1  13   0 0.30  0.0    0 14.5 30 110   M    M  10 1      39 120
13  60  52  56   5   9   0 0.21  0.0    0  7.5 30 110   M    M  10 1      39 110
14  58  52  55   5  10   0 0.61  0.0    0 11.8 23 110   M    M  10 1      31 110
15  57  52  55   5  10   0 1.13  0.0    0 17.4 33 120   M    M  10 1      44 120
16  56  47  52   2  13   0 0.02  0.0    0  9.7 18 110   M    M  10 1      23 110
17  53  49  51   1  14   0 0.45  0.0    0 10.0 17  80   M    M  10 1      21  90
18  56  46  51   1  14   0 0.18  0.0    0  6.9 14  80   M    M   9 1      17  80
19  60  41  51   2  14   0    T  0.0    0  1.9  8 250   M    M   7 12      9 240
20  59  39  49   0  16   0 0.00  0.0    0  2.7 10 240   M    M   8 12     11 240
21  59  44  52   3  13   0 0.00  0.0    0 13.2 25 120   M    M   8        32 120
22  55  48  52   3  13   0 1.36  0.0    0 19.6 32 120   M    M   9 1      40 130
23  51  47  49   0  16   0 0.23  0.0    0  8.2 13  60   M    M  10 1      17 110
================================================================================
SM 1348 1064       283   0  9.78     0.0 192.9          M      195
================================================================================
AV 58.6 46.3                               8.4 FASTST   M    M   8    MAX(MPH)
                                 MISC ---->  # 33 120               # 44  120
================================================================================
NOTES:
# LAST OF SEVERAL OCCURRENCES

COLUMN 17 PEAK WIND IN M.P.H.

PRELIMINARY LOCAL CLIMATOLOGICAL DATA (WS FORM: F-6) , PAGE 2

                                          STATION:  JUNEAU
                                          MONTH:    SEPTEMBER
                                          YEAR:     2016
                                          LATITUDE:   58 22 N
                                          LONGITUDE: 134 35 W

[TEMPERATURE DATA]      [PRECIPITATION DATA]       SYMBOLS USED IN COLUMN 16

AVERAGE MONTHLY: 52.4   TOTAL FOR MONTH:   9.78    1 = FOG OR MIST
DPTR FM NORMAL:   1.7   DPTR FM NORMAL:    3.28    2 = FOG REDUCING VISIBILITY
HIGHEST:    69 ON  3    GRTST 24HR  2.75 ON  8- 9      TO 1/4 MILE OR LESS
LOWEST:     37 ON 11                               3 = THUNDER
                        SNOW, ICE PELLETS, HAIL    4 = ICE PELLETS
                        TOTAL MONTH:   0.0 INCH    5 = HAIL
                        GRTST 24HR     0.0         6 = FREEZING RAIN OR DRIZZLE
                        GRTST DEPTH:   0           7 = DUSTSTORM OR SANDSTORM:
                                                       VSBY 1/2 MILE OR LESS
                                                   8 = SMOKE OR HAZE
[NO. OF DAYS WITH]      [WEATHER - DAYS WITH]      9 = BLOWING SNOW
                                                   X = TORNADO
MAX 32 OR BELOW:   0    0.01 INCH OR MORE:  15
MAX 90 OR ABOVE:   0    0.10 INCH OR MORE:  12
MIN 32 OR BELOW:   0    0.50 INCH OR MORE:   6
MIN  0 OR BELOW:   0    1.00 INCH OR MORE:   4

[HDD (BASE 65) ]
TOTAL THIS MO.   283    CLEAR  (SCALE 0-3)   0
DPTR FM NORMAL   -44    PTCLDY (SCALE 4-7)   9
TOTAL FM JUL 1   639    CLOUDY (SCALE 8-10) 14
DPTR FM NORMAL  -223

[CDD (BASE 65) ]
TOTAL THIS MO.     0
DPTR FM NORMAL     0    [PRESSURE DATA]
TOTAL FM JAN 1     7    HIGHEST SLP M ON M
DPTR FM NORMAL     5    LOWEST  SLP 29.29 ON  9

[REMARKS]
