000
CXAK56 PAKN 300916
CF6AKN

PRELIMINARY LOCAL CLIMATOLOGICAL DATA (WS FORM: F-6)

                                          STATION:   KING SALMON
                                          MONTH:     10
                                          YEAR:      2014
                                          LATITUDE:   58 41 N
                                          LONGITUDE: 156 39 W

  TEMPERATURE IN F:       :PCPN:    SNOW:  WIND      :SUNSHINE: SKY     :PK WND
================================================================================
1   2   3   4   5  6A  6B    7     8   9   10  11  12  13   14  15   16  17  18
                                      12Z  AVG MX 2MIN
DY MAX MIN AVG DEP HDD CDD  WTR   SNW DPTH SPD SPD DIR MIN PSBL S-S WX   SPD DR
================================================================================

 1  58  27  43   2  22   0  0.00  0.0   0  6.4 13  360   M    M   M       16  10
 2  57  26  42   2  23   0  0.00  0.0   0 11.3 22   40   M    M   M       29  50
 3  43  32  38  -2  27   0     T  0.0   0 12.2 22  340   M    M   M       30 330
 4  46  32  39   0  26   0  0.00  0.0   0 12.0 20  330   M    M   M       30 350
 5  39  24  32  -7  33   0  0.00  0.0   0 10.1 21  340   M    M   M       29 310
 6  39  15  27 -11  38   0  0.00  0.0   0  8.1 16  360   M    M   M       19 360
 7  41  17  29  -9  36   0  0.00  0.0   0 11.0 16   10   M    M   M       20  20
 8  40  17  29  -8  36   0  0.00  0.0   0 12.8 21   20   M    M   M       26  20
 9  48  30  39   2  26   0     T  0.0   0 15.2 23   40   M    M   M 1248  31  50
10  40  29  35  -1  30   0  0.00  0.0   0 12.4 21  360   M    M   M       28  10
11  39  20  30  -6  35   0  0.01    T   0  5.0 12  210   M    M   M 1     14 130
12  40  25  33  -2  32   0     T    T   0  8.1 16  320   M    M   M 2     22 320
13  38  30  34  -1  31   0  0.00  0.0   0 12.5 20  310   M    M   M       25 310
14  38  29  34   0  31   0  0.00  0.0   0 12.9 21   10   M    M   M       28 360
15  34  32  33  -1  32   0  0.00  0.0   0  9.1 15   10   M    M   M       19  10
16  40  30  35   2  30   0  0.00  0.0   0  4.7  9   60   M    M   M       12  20
17  48  30  39   6  26   0     T  0.0   0  6.9 13  360   M    M   M       15 360
18  38  26  32   0  33   0  0.00  0.0   0  9.7 17  350   M    M   M       22 360
19  36  26  31  -1  34   0     T    T   0  5.9 12  330   M    M   M       15 330
20  35  24  30  -1  35   0  0.01  0.2   0  3.1  9  110   M    M   M 1     13 120
21  42  21  32   1  33   0  0.00  0.0   0  7.2 15   10   M    M   M       18  20
22  39  23  31   0  34   0  0.00  0.0   0 12.7 25  360   M    M   M       31 360
23  35  18  27  -3  38   0  0.08  0.3   0  6.4 17  360   M    M   M 1     21 350
24  40  17  29  -1  36   0  0.06  0.0   0  7.4 17  350   M    M   M 1     21 350
25  39  11  25  -4  40   0  0.00  0.0   0  1.9  8   60   M    M   M 2      8  60
26  41  17  29   0  36   0  0.00  0.0   0  2.8  9  150   M    M   M       11 140
27  44  28  36   8  29   0  0.00  0.0   0 11.4 25  150   M    M   M       32 140
28  47  31  39  11  26   0  0.00  0.0   0 10.6 17   90   M    M   M       25  80
29  32  12  22  -6  43   0  0.00  0.0   0  9.2 18  350   M    M   M       23 350
================================================================================
SM 1196  699       931   0  0.16 0.5    259.0           M        M
================================================================================
AV 41.2 24.1                              8.9 FASTST  PSBL  %   M    MAX(MPH)
                                 MISC ---->  #  25  150                 32 140
================================================================================
NOTES:
# LAST OF SEVERAL OCCURRENCES

COLUMN 17 PEAK WIND IN M.P.H.

PRELIMINARY LOCAL CLIMATOLOGICAL DATA (WS FORM: F-6) , PAGE 2

                                          STATION:   KING SALMON
                                          MONTH:     10
                                          YEAR:      2014
                                          LATITUDE:  58 41 N
                                          LONGITUDE: 156 39 W

[TEMPERATURE DATA]      [PRECIPITATION DATA]       SYMBOLS USED IN COLUMN 16

AVERAGE MONTHLY:32.7   TOTAL FOR MONTH: 0.16       1 = FOG
DPTR FM NORMAL: -1.2   DPTR FM NORMAL: -1.81       2 = FOG REDUCING VISIBILITY
HIGHEST:    58 ON  1    GRTST 24HR   0.08 ON 23        TO 1/4 MILE OR LESS
LOWEST:     11 ON 25                               3 = THUNDER
                        SNOW, ICE PELLETS, HAIL    4 = ICE PELLETS
                        TOTAL MONTH: 0.5   INCH  5 = HAIL
                        GRTST 24HR   0.3 ON 23     6 = GLAZE OR RIME
                        GRTST DEPTH:    0          7 = BLOWING DUST OR SAND:
                                                       VSBY 1/2 MILE OR LESS
                                                   8 = SMOKE OR HAZE
[NO. OF DAYS WITH]      [WEATHER - DAYS WITH]      9 = BLOWING SNOW
                                                   X = TORNADO
MAX 32 OR BELOW:   1    0.01 INCH OR MORE:   4
MAX 70 OR ABOVE:   0    0.10 INCH OR MORE:   0
MIN 32 OR BELOW:  29    0.50 INCH OR MORE:   0
MIN  0 OR BELOW:   0    1.00 INCH OR MORE:   0

[HDD (BASE 65) ]
TOTAL THIS MO.   931    CLEAR  (SCALE 0-3)   M
DPTR FM NORMAL    30    PTCLDY (SCALE 4-7)   M
SEASONAL TOTAL  1819    CLOUDY (SCALE 8-10)  M
DPTR FM NORMAL  -217

[CDD (BASE 65) ]
TOTAL THIS MO.     0
DPTR FM NORMAL     0    [PRESSURE DATA]
SEASONAL TOTAL     0    HIGHEST SLP     M
DPTR FM NORMAL     0    LOWEST  SLP     M

[REMARKS]
