000
CXUS55 KBOU 270803
CF6AKO
PRELIMINARY LOCAL CLIMATOLOGICAL DATA (WS FORM: F-6)

                                          STATION:   AKRON CO
                                          MONTH:     JULY
                                          YEAR:      2017
                                          LATITUDE:   40 10 N
                                          LONGITUDE: 103 13 W

  TEMPERATURE IN F:       :PCPN:    SNOW:  WIND      :SUNSHINE: SKY     :PK WND
================================================================================
1   2   3   4   5  6A  6B    7    8   9   10  11  12  13   14  15   16   17  18
                                     12Z  AVG MX 2MIN
DY MAX MIN AVG DEP HDD CDD  WTR  SNW DPTH SPD SPD DIR MIN PSBL S-S WX    SPD DR
================================================================================

 1  89  57  73   1   0   8 0.00    M    M 12.9 29 210   M    M   1        36 200
 2  98  60  79   6   0  14 0.00    M    M 11.6 28 210   M    M   0        34 190
 3  94  57  76   3   0  11 0.00    M    M 12.1 30 310   M    M   1 3      40 320
 4  93  58  76   3   0  11 0.00    M    M  9.2 17 180   M    M   0        23 170
 5  95  62  79   6   0  14 0.00    M    M 11.1 20 140   M    M   0        25 130
 6 101  67  84  11   0  19 0.00    M    M 11.7 35 300   M    M   0 38     43 300
 7  90  62  76   2   0  11 0.21    M    M  9.6 28 260   M    M   1 3      33 260
 8  92  58  75   1   0  10 0.00    M    M  8.5 16  40   M    M   1        21  20
 9  97  62  80   6   0  15 0.00    M    M  9.2 18 330   M    M   0        22 170
10 101  65  83   9   0  18 0.02    M    M  8.5 21 210   M    M   1 3      28 210
11  97  62  80   6   0  15    T    M    M  9.1 24 200   M    M   1 3      30 210
12  87  65  76   2   0  11 0.02    M    M  9.8 22  70   M    M   4        29  50
13  87  56  72  -2   0   7 0.00    M    M  8.8 17 110   M    M   2 1      24 130
14  90  59  75   1   0  10 0.00    M    M  9.3 20 140   M    M   3 12     26 140
15  86  60  73  -1   0   8 0.07    M    M  7.5 18 210   M    M   2 13     23 360
16  87  57  72  -2   0   7 0.00    M    M 12.7 23 140   M    M   2        28 170
17  96  64  80   5   0  15 0.00    M    M  7.0 17 170   M    M   1        22 180
18  97  62  80   5   0  15 0.01    M    M 10.2 24 120   M    M   2 3      31 120
19 103  62  83   8   0  18 0.00    M    M 11.0 23 160   M    M   1        29 160
20  96  65  81   6   0  16 0.00    M    M  9.7 18 240   M    M   0        23  20
21  99  63  81   6   0  16 1.51    M    M 11.8 38 270   M    M   4 13     47 260
22  85  63  74  -1   0   9 0.00    M    M 10.1 22 120   M    M   2 8      27 120
23  92  63  78   4   0  13 0.00    M    M 10.6 22 150   M    M   0        28 130
24  96  69  83   9   0  18 0.00    M    M 15.2 23 180   M    M   0        29 180
25  98  67  83   9   0  18    T    M    M 13.1 40 280   M    M   1        48 270
26  84  66  75   1   0  10 0.00    M    M 12.2 18  20   M    M   5        24  40
================================================================================
SM 2430 1611         0 337  1.84    M    272.5          M       35
================================================================================
AV 93.5 62.0                              10.5 FASTST   M    M   1    MAX(MPH)
                                 MISC ---->  # 40 280               # 48  270
================================================================================
NOTES:
# LAST OF SEVERAL OCCURRENCES

COLUMN 17 PEAK WIND IN M.P.H.

PRELIMINARY LOCAL CLIMATOLOGICAL DATA (WS FORM: F-6) , PAGE 2

                                          STATION:  AKRON CO
                                          MONTH:    JULY
                                          YEAR:     2017
                                          LATITUDE:   40 10 N
                                          LONGITUDE: 103 13 W

[TEMPERATURE DATA]      [PRECIPITATION DATA]       SYMBOLS USED IN COLUMN 16

AVERAGE MONTHLY: 77.7   TOTAL FOR MONTH:   1.84    1 = FOG OR MIST
DPTR FM NORMAL:   3.8   DPTR FM NORMAL:   -0.27    2 = FOG REDUCING VISIBILITY
HIGHEST:   103 ON 19    GRTST 24HR  1.51 ON 21-21      TO 1/4 MILE OR LESS
LOWEST:     56 ON 13                               3 = THUNDER
                        SNOW, ICE PELLETS, HAIL    4 = ICE PELLETS
                        TOTAL MONTH:    M          5 = HAIL
                        GRTST 24HR    M  ON   M    6 = FREEZING RAIN OR DRIZZLE
                        GRTST DEPTH:  M  ON   M    7 = DUSTSTORM OR SANDSTORM:
                                                       VSBY 1/2 MILE OR LESS
                                                   8 = SMOKE OR HAZE
[NO. OF DAYS WITH]      [WEATHER - DAYS WITH]      9 = BLOWING SNOW
                                                   X = TORNADO
MAX 32 OR BELOW:   0    0.01 INCH OR MORE:   6
MAX 90 OR ABOVE:  19    0.10 INCH OR MORE:   2
MIN 32 OR BELOW:   0    0.50 INCH OR MORE:   1
MIN  0 OR BELOW:   0    1.00 INCH OR MORE:   1

[HDD (BASE 65) ]
TOTAL THIS MO.     0    CLEAR  (SCALE 0-3)  22
DPTR FM NORMAL     0    PTCLDY (SCALE 4-7)   4
TOTAL FM JUL 1     0    CLOUDY (SCALE 8-10)  0
DPTR FM NORMAL     0

[CDD (BASE 65) ]
TOTAL THIS MO.   337
DPTR FM NORMAL    93    [PRESSURE DATA]
TOTAL FM JAN 1   500    HIGHEST SLP M ON M
DPTR FM NORMAL   103    LOWEST  SLP 29.70 ON M

[REMARKS]
