505
CXUS55 KALY 220710
CF6ALB
PRELIMINARY LOCAL CLIMATOLOGICAL DATA (WS FORM: F-6)

                                          STATION:   ALBANY NY
                                          MONTH:     MAY
                                          YEAR:      2015
                                          LATITUDE:   42 45 N
                                          LONGITUDE:  73 48 W

  TEMPERATURE IN F:       :PCPN:    SNOW:  WIND      :SUNSHINE: SKY     :PK WND
================================================================================
1   2   3   4   5  6A  6B    7    8   9   10  11  12  13   14  15   16   17  18
                                     12Z  AVG MX 2MIN
DY MAX MIN AVG DEP HDD CDD  WTR  SNW DPTH SPD SPD DIR MIN PSBL S-S WX    SPD DR
================================================================================

 1  66  46  56   2   9   0 0.00  0.0    0  3.3 14  10   M    M   7        17  40
 2  76  41  59   5   6   0 0.00  0.0    0  4.6 17 260   M    M   4 1      24 270
 3  80  47  64  10   1   0 0.00  0.0    0  4.1 15 210   M    M   4 8      20 210
 4  87  56  72  17   0   7 0.00  0.0    0  9.2 20 300   M    M   5        26 310
 5  79  59  69  14   0   4 0.00  0.0    0  7.5 18 290   M    M   9        25 300
 6  78  53  66  11   0   1 0.00  0.0    0  4.0 14  30   M    M   4 8      16  10
 7  84  47  66  10   0   1 0.00  0.0    0  3.9 15 170   M    M   2        21 160
 8  89  58  74  18   0   9 0.00  0.0    0  6.5 23 170   M    M   4        29 170
 9  81  61  71  15   0   6 0.00  0.0    0 12.7 23 170   M    M   5        31 160
10  85  64  75  19   0  10    T  0.0    0  7.3 25 280   M    M   8 3      31 290
11  88  63  76  19   0  11 0.00  0.0    0  9.8 23 180   M    M   5 1      31 140
12  84  55  70  13   0   5 0.01  0.0    0 12.8 32 310   M    M   8        42 310
13  64  47  56  -1   9   0    T  0.0    0 13.7 28 310   M    M   7        36 290
14  70  37  54  -4  11   0 0.00  0.0    0  2.9 15 300   M    M   2        19 300
15  75  40  58   0   7   0    T  0.0    0  4.4 15 180   M    M   8        20 170
16  75  55  65   7   0   0 0.05  0.0    0  9.0 15 210   M    M   9        20 160
17  86  58  72  13   0   7 0.00  0.0    0  4.6 15 300   M    M   4 1      21 330
18  78  54  66   7   0   1 0.00  0.0    0 11.4 23 190   M    M   6        32 180
19  78  54  66   7   0   1 0.25  0.0    0 10.4 28 300   M    M   7 13     39 300
20  58  43  51  -8  14   0    T  0.0    0 14.6 29 300   M    M   8        38 300
21  67  40  54  -6  11   0    T  0.0    0  5.5 14 180   M    M   8        17 180
================================================================================
SM 1628 1078        68  63  0.31     0.0 162.2          M      124
================================================================================
AV 77.5 51.3                               7.7 FASTST   M    M   6    MAX(MPH)
                                 MISC ---->  # 32 310               # 42  310
================================================================================
NOTES:
# LAST OF SEVERAL OCCURRENCES

COLUMN 17 PEAK WIND IN M.P.H.

PRELIMINARY LOCAL CLIMATOLOGICAL DATA (WS FORM: F-6) , PAGE 2

                                          STATION:  ALBANY NY
                                          MONTH:    MAY
                                          YEAR:     2015
                                          LATITUDE:   42 45 N
                                          LONGITUDE:  73 48 W

[TEMPERATURE DATA]      [PRECIPITATION DATA]       SYMBOLS USED IN COLUMN 16

AVERAGE MONTHLY: 64.4   TOTAL FOR MONTH:   0.31    1 = FOG OR MIST
DPTR FM NORMAL:   7.7   DPTR FM NORMAL:   -2.03    2 = FOG REDUCING VISIBILITY
HIGHEST:    89 ON  8    GRTST 24HR  0.25 ON 19-19      TO 1/4 MILE OR LESS
LOWEST:     37 ON 14                               3 = THUNDER
                        SNOW, ICE PELLETS, HAIL    4 = ICE PELLETS
                        TOTAL MONTH:   0.0 INCH    5 = HAIL
                        GRTST 24HR     0.0         6 = FREEZING RAIN OR DRIZZLE
                        GRTST DEPTH:   0           7 = DUSTSTORM OR SANDSTORM:
                                                       VSBY 1/2 MILE OR LESS
                                                   8 = SMOKE OR HAZE
[NO. OF DAYS WITH]      [WEATHER - DAYS WITH]      9 = BLOWING SNOW
                                                   X = TORNADO
MAX 32 OR BELOW:   0    0.01 INCH OR MORE:   3
MAX 90 OR ABOVE:   0    0.10 INCH OR MORE:   1
MIN 32 OR BELOW:   0    0.50 INCH OR MORE:   0
MIN  0 OR BELOW:   0    1.00 INCH OR MORE:   0

[HDD (BASE 65) ]
TOTAL THIS MO.    68    CLEAR  (SCALE 0-3)   2
DPTR FM NORMAL  -116    PTCLDY (SCALE 4-7)  17
TOTAL FM JUL 1  6794    CLOUDY (SCALE 8-10)  2
DPTR FM NORMAL   217

[CDD (BASE 65) ]
TOTAL THIS MO.    63
DPTR FM NORMAL    53    [PRESSURE DATA]
TOTAL FM JAN 1    63    HIGHEST SLP M ON M
DPTR FM NORMAL    49    LOWEST  SLP 29.70 ON 12

[REMARKS]
