669
CXUS54 KAMA 221015
CF6AMA
PRELIMINARY LOCAL CLIMATOLOGICAL DATA (WS FORM: F-6)

                                          STATION:   AMARILLO
                                          MONTH:     MAY
                                          YEAR:      2015
                                          LATITUDE:   35 13 N
                                          LONGITUDE: 101 42 W

  TEMPERATURE IN F:       :PCPN:    SNOW:  WIND      :SUNSHINE: SKY     :PK WND
================================================================================
1   2   3   4   5  6A  6B    7    8   9   10  11  12  13   14  15   16   17  18
                                     12Z  AVG MX 2MIN
DY MAX MIN AVG DEP HDD CDD  WTR  SNW DPTH SPD SPD DIR MIN PSBL S-S WX    SPD DR
================================================================================

 1  80  47  64   3   1   0 0.00  0.0    0 15.0 24 150   M    M   0        31 140
 2  84  56  70   9   0   5 0.00  0.0    0 15.5 28 180   M    M   1        35 190
 3  85  56  71   9   0   6    T  0.0    0 14.8 30 240   M    M   1 3      38 240
 4  79  55  67   5   0   2 0.08  0.0    0 12.6 28 150   M    M   2 13     34 150
 5  73  52  63   1   2   0 1.02  0.0    0 11.5 49 240   M    M   6 13     64 240
 6  80  50  65   2   0   0 0.00  0.0    0 17.1 35 220   M    M   0        41 210
 7  74  55  65   2   0   0 0.06  0.0    0 12.7 25 130   M    M   3 13     31 140
 8  69  52  61  -2   4   0 0.20  0.0    0 12.3 26  80   M    M   7 123    30  80
 9  77  48  63  -1   2   0 1.50  0.0    0 13.1 36 280   M    M   4 135    50 280
10  67  42  55  -9  10   0 0.00  0.0    0 11.1 22 360   M    M   0        28 340
11  64  40  52 -12  13   0 0.00  0.0    0 10.2 21  10   M    M   0        25 350
12  69  44  57  -7   8   0 0.00  0.0    0 13.6 23 140   M    M   1        32 130
13  72  51  62  -3   3   0 0.94  0.0    0 10.9 23 190   M    M   7 123    33 190
14  81  51  66   1   0   1 0.02  0.0    0 13.7 38 210   M    M   2 123    47 210
15  80  53  67   2   0   2    T  0.0    0 16.1 29 170   M    M   3 13     36 180
16  76  55  66   0   0   1 1.20  0.0    0 15.0 38 240   M    M   4 13     44 240
17  74  45  60  -6   5   0 0.00  0.0    0  9.6 28 260   M    M   0        36 240
18  79  47  63  -3   2   0    T    M    0 12.6 24  90   M    M   1        31  80
19  73  49  61  -6   4   0 1.15  0.0    0 16.6 29 130   M    M   9 123    36 100
20  55  43  49 -18  16   0 0.00  0.0    0 16.0 24  10   M    M  10 1      30 360
21  55  44  50 -17  15   0 0.20  0.0    0 10.4 18 130   M    M  10 13     23 130
================================================================================
SM 1546 1035        85  17  6.37     0.0 280.4          M       71
================================================================================
AV 73.6 49.3                              13.4 FASTST   M    M   3    MAX(MPH)
                                 MISC ---->  # 49 240               # 64  240
================================================================================
NOTES:
# LAST OF SEVERAL OCCURRENCES

COLUMN 17 PEAK WIND IN M.P.H.

PRELIMINARY LOCAL CLIMATOLOGICAL DATA (WS FORM: F-6) , PAGE 2

                                          STATION:  AMARILLO
                                          MONTH:    MAY
                                          YEAR:     2015
                                          LATITUDE:   35 13 N
                                          LONGITUDE: 101 42 W

[TEMPERATURE DATA]      [PRECIPITATION DATA]       SYMBOLS USED IN COLUMN 16

AVERAGE MONTHLY: 61.5   TOTAL FOR MONTH:   6.37    1 = FOG OR MIST
DPTR FM NORMAL:  -2.7   DPTR FM NORMAL:    5.05    2 = FOG REDUCING VISIBILITY
HIGHEST:    85 ON  3    GRTST 24HR  1.70 ON  8- 9      TO 1/4 MILE OR LESS
LOWEST:     40 ON 11                               3 = THUNDER
                        SNOW, ICE PELLETS, HAIL    4 = ICE PELLETS
                        TOTAL MONTH:   0.0 INCH    5 = HAIL
                        GRTST 24HR     0.0         6 = FREEZING RAIN OR DRIZZLE
                        GRTST DEPTH:   0           7 = DUSTSTORM OR SANDSTORM:
                                                       VSBY 1/2 MILE OR LESS
                                                   8 = SMOKE OR HAZE
[NO. OF DAYS WITH]      [WEATHER - DAYS WITH]      9 = BLOWING SNOW
                                                   X = TORNADO
MAX 32 OR BELOW:   0    0.01 INCH OR MORE:  10
MAX 90 OR ABOVE:   0    0.10 INCH OR MORE:   7
MIN 32 OR BELOW:   0    0.50 INCH OR MORE:   5
MIN  0 OR BELOW:   0    1.00 INCH OR MORE:   4

[HDD (BASE 65) ]
TOTAL THIS MO.    85    CLEAR  (SCALE 0-3)  12
DPTR FM NORMAL    15    PTCLDY (SCALE 4-7)   6
TOTAL FM JUL 1  3838    CLOUDY (SCALE 8-10)  3
DPTR FM NORMAL  -320

[CDD (BASE 65) ]
TOTAL THIS MO.    17
DPTR FM NORMAL   -36    [PRESSURE DATA]
TOTAL FM JAN 1    39    HIGHEST SLP M ON M
DPTR FM NORMAL   -35    LOWEST  SLP 29.58 ON 16

[REMARKS]
