000
CXUS52 KJAX 200800
CF6AMG
PRELIMINARY LOCAL CLIMATOLOGICAL DATA (WS FORM: F-6)

                                          STATION:   ALMA
                                          MONTH:     APRIL
                                          YEAR:      2014
                                          LATITUDE:   31 32 N
                                          LONGITUDE:  82 30 W

  TEMPERATURE IN F:       :PCPN:    SNOW:  WIND      :SUNSHINE: SKY     :PK WND
================================================================================
1   2   3   4   5  6A  6B    7    8   9   10  11  12  13   14  15   16   17  18
                                     12Z  AVG MX 2MIN
DY MAX MIN AVG DEP HDD CDD  WTR  SNW DPTH SPD SPD DIR MIN PSBL S-S WX    SPD DR
================================================================================

 1  84  42  63   0   2   0 0.00  0.0    0  1.7 10 210   M    M   0 1      16 210
 2  84  46  65   2   0   0 0.00  0.0    0  3.3 13 210   M    M   0 1      16 210
 3  88  50  69   5   0   4 0.00  0.0    0  5.1 16 220   M    M   0 1      20 200
 4  82  56  69   5   0   4 0.00  0.0    0  6.8 18 270   M    M   4 12     25 240
 5  82  61  72   8   0   7 0.00  0.0    0  3.0 12 280   M    M   7 18     16 310
 6  69  59  64   0   1   0 1.06  0.0    0  4.6 13 110   M    M   9 1      18 110
 7  76  61  69   5   0   4 2.52  0.0    0  6.5 24 310   M    M   8 1238   33 290
 8  71  56  64  -1   1   0 0.38  0.0    0  8.6 17 280   M    M   4 1      22 300
 9  74  49  62  -3   3   0 0.00  0.0    0  6.9 17 300   M    M   1        22 320
10  77  44  61  -4   4   0 0.00  0.0    0  2.8 12 190   M    M   0 1      17 180
11  80  50  65   0   0   0 0.00  0.0    0  3.5 14 220   M    M   1 18     17 230
12  83  52  68   3   0   3 0.00  0.0    0  3.8 13 150   M    M   1 1      15 130
13  83  52  68   2   0   3 0.00  0.0    0  4.6 13 150   M    M   1 1      20 170
14  86  60  73   7   0   8 0.00  0.0    0  6.4 15 180   M    M   3        20 180
15  72  46  59  -7   6   0 1.60  0.0    0  9.7 25 310   M    M   7 13     35 310
16  63  40  52 -14  13   0 0.00  0.0    0  7.9 15 330   M    M   0        24  60
17  68  47  58  -8   7   0 0.00  0.0    0  8.0 15  70   M    M   8        22  80
18  59  54  57 -10   8   0 2.00  0.0    0  5.8 15  70   M    M   8 18     23  70
19  61  55  58  -9   7   0 0.10  0.0    0  6.9 13 320   M    M  10 138    21 350
================================================================================
SM 1442  980        52  33  7.66     0.0 105.9          M       72
================================================================================
AV 75.9 51.6                               5.6 FASTST   M    M   4    MAX(MPH)
                                 MISC ---->  # 25 310               # 35  310
================================================================================
NOTES:
# LAST OF SEVERAL OCCURRENCES

COLUMN 17 PEAK WIND IN M.P.H.

PRELIMINARY LOCAL CLIMATOLOGICAL DATA (WS FORM: F-6) , PAGE 2

                                          STATION:  ALMA
                                          MONTH:    APRIL
                                          YEAR:     2014
                                          LATITUDE:   31 32 N
                                          LONGITUDE:  82 30 W

[TEMPERATURE DATA]      [PRECIPITATION DATA]       SYMBOLS USED IN COLUMN 16

AVERAGE MONTHLY: 63.7   TOTAL FOR MONTH:   7.66    1 = FOG OR MIST
DPTR FM NORMAL:  -1.3   DPTR FM NORMAL:    5.70    2 = FOG REDUCING VISIBILITY
HIGHEST:    88 ON  3    GRTST 24HR  2.90 ON  7- 8      TO 1/4 MILE OR LESS
LOWEST:     40 ON 16                               3 = THUNDER
                        SNOW, ICE PELLETS, HAIL    4 = ICE PELLETS
                        TOTAL MONTH:   0.0 INCH    5 = HAIL
                        GRTST 24HR     0.0         6 = FREEZING RAIN OR DRIZZLE
                        GRTST DEPTH:   0           7 = DUSTSTORM OR SANDSTORM:
                                                       VSBY 1/2 MILE OR LESS
                                                   8 = SMOKE OR HAZE
[NO. OF DAYS WITH]      [WEATHER - DAYS WITH]      9 = BLOWING SNOW
                                                   X = TORNADO
MAX 32 OR BELOW:   0    0.01 INCH OR MORE:   6
MAX 90 OR ABOVE:   0    0.10 INCH OR MORE:   6
MIN 32 OR BELOW:   0    0.50 INCH OR MORE:   4
MIN  0 OR BELOW:   0    1.00 INCH OR MORE:   4

[HDD (BASE 65) ]
TOTAL THIS MO.    52    CLEAR  (SCALE 0-3)   9
DPTR FM NORMAL     2    PTCLDY (SCALE 4-7)   8
TOTAL FM JUL 1  1798    CLOUDY (SCALE 8-10)  2
DPTR FM NORMAL   159

[CDD (BASE 65) ]
TOTAL THIS MO.    33
DPTR FM NORMAL   -18    [PRESSURE DATA]
TOTAL FM JAN 1    45    HIGHEST SLP M ON M
DPTR FM NORMAL   -60    LOWEST  SLP 29.66 ON  8

[REMARKS]
