000
CXUS54 KBMX 011216
CF6ANB
PRELIMINARY LOCAL CLIMATOLOGICAL DATA (WS FORM: F-6)

                                          STATION:   ANNISTON
                                          MONTH:     APRIL
                                          YEAR:      2016
                                          LATITUDE:   33 35 N
                                          LONGITUDE:  85 51 W

  TEMPERATURE IN F:       :PCPN:    SNOW:  WIND      :SUNSHINE: SKY     :PK WND
================================================================================
1   2   3   4   5  6A  6B    7    8   9   10  11  12  13   14  15   16   17  18
                                     12Z  AVG MX 2MIN
DY MAX MIN AVG DEP HDD CDD  WTR  SNW DPTH SPD SPD DIR MIN PSBL S-S WX    SPD DR
================================================================================

 1  72  55  64   6   1   0 0.64  0.0    0  3.9 10 240   M    M   8 13     13 350
 2  66  45  56  -2   9   0 0.00  0.0    0  8.4 21 260   M    M   1        31 260
 3  71  42  57  -2   8   0 0.00  0.0    0  4.7 14 360   M    M   0        20  10
 4  77  39  58  -1   7   0 0.00  0.0    0  5.4 17 250   M    M   0        24 280
 5  70  47  59   0   6   0 0.00  0.0    0  6.9 18 360   M    M   0        25  30
 6  72  45  59   0   6   0 0.62  0.0    0  8.9 31 280   M    M   2 13     42 270
 7  74  46  60   0   5   0    T    M    0  8.6 23 250   M    M   4 12     29 260
 8  66  42  54  -6  11   0 0.00  0.0    0  9.8 21 280   M    M   2        30 250
 9  64  37  51  -9  14   0 0.00  0.0    0  7.2 17 290   M    M   0        27 310
10  71  42  57  -3   8   0 0.00  0.0    0  7.6 15 150   M    M   2        21 130
11  71  48  60  -1   5   0 1.31    M    0  5.6 14 170   M    M   4 13     19 100
12  69  49  59  -2   6   0 0.02  0.0    0  5.1 17 160   M    M   7 12     25 150
13  69  47  58  -3   7   0 0.20  0.0    0  4.7 12 130   M    M   8 12     15 130
14  73  58  66   5   0   1 0.17  0.0    0  7.4 16 120   M    M   8 1      22  90
15  70  56  63   1   2   0 0.01  0.0    0  9.4 18  70   M    M   9 1      26 100
16  74  54  64   2   1   0 0.01  0.0    0  7.8 16  90   M    M   6        24  60
17  77  50  64   2   1   0 0.00  0.0    0  5.7 14  90   M    M   0        20 100
18  82  46  64   2   1   0 0.00  0.0    0  2.7 13  90   M    M   0        16  60
19  83  48  66   3   0   1 0.00  0.0    0  2.6 12 280   M    M   0        18 280
20  84  58  71   8   0   6 0.00  0.0    0  3.1 14 120   M    M   0        19 120
21  80  56  68   5   0   3    T  0.0    0  5.4 22 260   M    M   3        28 260
22  78  59  69   6   0   4 0.03  0.0    0  4.8 16 280   M    M   6        22 280
23  79  51  65   1   0   0 0.00  0.0    0  5.4 16 360   M    M   0        22 340
24  82  50  66   2   0   1 0.00  0.0    0  3.6 12 140   M    M   0 1      17 110
25  83  58  71   7   0   6 0.00  0.0    0  3.6 16 210   M    M   3        21 220
26  84  57  71   7   0   6 0.00  0.0    0  3.0 13 180   M    M   2        16 210
27  82  62  72   7   0   7    T  0.0    0  4.4 16 220   M    M   4 3      23 250
28  85  61  73   8   0   8 0.00  0.0    0  3.6 13 240   M    M   3 1      17 250
29  87  58  73   8   0   8 0.09  0.0    0  4.2 20 270   M    M   1 13     29 310
30  87  63  75   9   0  10 0.00  0.0    0  5.7 17 210   M    M   0        23 210
================================================================================
SM 2282 1529        98  61  3.10     0.0 169.2          M       83
================================================================================
AV 76.1 51.0                               5.6 FASTST   M    M   3    MAX(MPH)
                                 MISC ---->  # 31 280               # 42  270
================================================================================
NOTES:
# LAST OF SEVERAL OCCURRENCES

COLUMN 17 PEAK WIND IN M.P.H.

PRELIMINARY LOCAL CLIMATOLOGICAL DATA (WS FORM: F-6) , PAGE 2

                                          STATION:  ANNISTON
                                          MONTH:    APRIL
                                          YEAR:     2016
                                          LATITUDE:   33 35 N
                                          LONGITUDE:  85 51 W

[TEMPERATURE DATA]      [PRECIPITATION DATA]       SYMBOLS USED IN COLUMN 16

AVERAGE MONTHLY: 63.5   TOTAL FOR MONTH:   3.10    1 = FOG OR MIST
DPTR FM NORMAL:   1.8   DPTR FM NORMAL:   -1.01    2 = FOG REDUCING VISIBILITY
HIGHEST:    87 ON 30,29 GRTST 24HR  1.33 ON 11-12      TO 1/4 MILE OR LESS
LOWEST:     37 ON  9                               3 = THUNDER
                        SNOW, ICE PELLETS, HAIL    4 = ICE PELLETS
                        TOTAL MONTH:   0.0 INCH    5 = HAIL
                        GRTST 24HR     0.0         6 = FREEZING RAIN OR DRIZZLE
                        GRTST DEPTH:   0           7 = DUSTSTORM OR SANDSTORM:
                                                       VSBY 1/2 MILE OR LESS
                                                   8 = SMOKE OR HAZE
[NO. OF DAYS WITH]      [WEATHER - DAYS WITH]      9 = BLOWING SNOW
                                                   X = TORNADO
MAX 32 OR BELOW:   0    0.01 INCH OR MORE:  10
MAX 90 OR ABOVE:   0    0.10 INCH OR MORE:   5
MIN 32 OR BELOW:   0    0.50 INCH OR MORE:   3
MIN  0 OR BELOW:   0    1.00 INCH OR MORE:   1

[HDD (BASE 65) ]
TOTAL THIS MO.    98    CLEAR  (SCALE 0-3)  18
DPTR FM NORMAL   -48    PTCLDY (SCALE 4-7)  10
TOTAL FM JUL 1  2030    CLOUDY (SCALE 8-10)  2
DPTR FM NORMAL  -724

[CDD (BASE 65) ]
TOTAL THIS MO.    61
DPTR FM NORMAL    12    [PRESSURE DATA]
TOTAL FM JAN 1    89    HIGHEST SLP 30.39 ON 17
DPTR FM NORMAL    27    LOWEST  SLP 29.72 ON  1

[REMARKS]
#FINAL-04-16#
