000
CXUS54 KBMX 231216
CF6ANB
PRELIMINARY LOCAL CLIMATOLOGICAL DATA (WS FORM: F-6)

                                          STATION:   ANNISTON
                                          MONTH:     MARCH
                                          YEAR:      2017
                                          LATITUDE:   33 35 N
                                          LONGITUDE:  85 51 W

  TEMPERATURE IN F:       :PCPN:    SNOW:  WIND      :SUNSHINE: SKY     :PK WND
================================================================================
1   2   3   4   5  6A  6B    7    8   9   10  11  12  13   14  15   16   17  18
                                     12Z  AVG MX 2MIN
DY MAX MIN AVG DEP HDD CDD  WTR  SNW DPTH SPD SPD DIR MIN PSBL S-S WX    SPD DR
================================================================================

 1  80  56  68  17   0   3 0.07  0.0    0 12.4 28 230   M    M   7 3      39 230
 2  59  34  47  -4  18   0 0.00  0.0    0  7.2 18 360   M    M   0        26  20
 3  60  29  45  -6  20   0 0.00  0.0    0  5.1 20 310   M    M   0        27 360
 4  67  30  49  -3  16   0 0.00  0.0    0  3.3  9  90   M    M   0 8      13  90
 5  67  39  53   1  12   0    T    M    0  4.6 14 170   M    M   2 8      18 150
 6  73  59  66  14   0   1    T  0.0    0  8.8 21 210   M    M   6        28 220
 7  66  54  60   8   5   0 1.12  0.0    0  6.7 21 290   M    M   7 138    31 290
 8  70  42  56   3   9   0    T  0.0    0  2.7 15 340   M    M   2 1      21 360
 9  76  38  57   4   8   0 0.00  0.0    0  3.6 14 240   M    M   0        19 220
10  72  47  60   7   5   0 0.20    M    0  8.9 24 340   M    M   4 13     34 320
11  53  38  46  -7  19   0 0.31    M    0  6.6 15  70   M    M   7 1      19  80
12  59  37  48  -6  17   0 0.03    M    0  7.4 14  90   M    M   3 1      19  90
13  45  41  43 -11  22   0 0.26  0.0    0  5.6 14 100   M    M   9 1      18 100
14  44  32  38 -16  27   0 0.01    M    0  8.0 18 320   M    M   9        25 290
15  44  26  35 -19  30   0 0.00  0.0    0  6.1 16 340   M    M   1        21 280
16  55  22  39 -16  26   0 0.00  0.0    0  2.4 12 250   M    M   0 8      14 240
17  68  38  53  -2  12   0 0.00  0.0    0  3.7 15 220   M    M  10 8      18 230
18  73  55  64   9   1   0 0.40  0.0    0  9.9 18 310   M    M   6 1      29 320
19  67  38  53  -2  12   0 0.00  0.0    0  4.7 14 360   M    M   0        19 350
20  80  43  62   6   3   0 0.00  0.0    0  4.4 15 240   M    M   2        21 250
21  86  53  70  14   0   5 0.00  0.0    0  8.9 28 350   M    M   0        38 360
22  69  49  59   3   6   0 0.00  0.0    0  5.9 16 360   M    M   1        20 360
================================================================================
SM 1433  900       268   9  2.40     0.0 136.9          M       76
================================================================================
AV 65.1 40.9                               6.2 FASTST   M    M   3    MAX(MPH)
                                 MISC ---->  # 28 230               # 39  230
================================================================================
NOTES:
# LAST OF SEVERAL OCCURRENCES

COLUMN 17 PEAK WIND IN M.P.H.

PRELIMINARY LOCAL CLIMATOLOGICAL DATA (WS FORM: F-6) , PAGE 2

                                          STATION:  ANNISTON
                                          MONTH:    MARCH
                                          YEAR:     2017
                                          LATITUDE:   33 35 N
                                          LONGITUDE:  85 51 W

[TEMPERATURE DATA]      [PRECIPITATION DATA]       SYMBOLS USED IN COLUMN 16

AVERAGE MONTHLY: 53.0   TOTAL FOR MONTH:   2.40    1 = FOG OR MIST
DPTR FM NORMAL:  -0.5   DPTR FM NORMAL:   -1.20    2 = FOG REDUCING VISIBILITY
HIGHEST:    86 ON 21    GRTST 24HR  1.12 ON  7- 7      TO 1/4 MILE OR LESS
LOWEST:     22 ON 16                               3 = THUNDER
                        SNOW, ICE PELLETS, HAIL    4 = ICE PELLETS
                        TOTAL MONTH:   0.0 INCH    5 = HAIL
                        GRTST 24HR     0.0         6 = FREEZING RAIN OR DRIZZLE
                        GRTST DEPTH:   0           7 = DUSTSTORM OR SANDSTORM:
                                                       VSBY 1/2 MILE OR LESS
                                                   8 = SMOKE OR HAZE
[NO. OF DAYS WITH]      [WEATHER - DAYS WITH]      9 = BLOWING SNOW
                                                   X = TORNADO
MAX 32 OR BELOW:   0    0.01 INCH OR MORE:   8
MAX 90 OR ABOVE:   0    0.10 INCH OR MORE:   5
MIN 32 OR BELOW:   5    0.50 INCH OR MORE:   1
MIN  0 OR BELOW:   0    1.00 INCH OR MORE:   1

[HDD (BASE 65) ]
TOTAL THIS MO.   268    CLEAR  (SCALE 0-3)  12
DPTR FM NORMAL     8    PTCLDY (SCALE 4-7)   7
TOTAL FM JUL 1  1741    CLOUDY (SCALE 8-10)  3
DPTR FM NORMAL  -791

[CDD (BASE 65) ]
TOTAL THIS MO.     9
DPTR FM NORMAL     9    [PRESSURE DATA]
TOTAL FM JAN 1    11    HIGHEST SLP M ON M
DPTR FM NORMAL    10    LOWEST  SLP 29.87 ON  1

[REMARKS]
