423
CXUS52 KGSP 220817
CF6AND
PRELIMINARY LOCAL CLIMATOLOGICAL DATA (WS FORM: F-6)

                                          STATION:   ANDERSON SC
                                          MONTH:     MAY
                                          YEAR:      2015
                                          LATITUDE:   34 30 N
                                          LONGITUDE:  82 43 W

  TEMPERATURE IN F:       :PCPN:    SNOW:  WIND      :SUNSHINE: SKY     :PK WND
================================================================================
1   2   3   4   5  6A  6B    7    8   9   10  11  12  13   14  15   16   17  18
                                     12Z  AVG MX 2MIN
DY MAX MIN AVG DEP HDD CDD  WTR  SNW DPTH SPD SPD DIR MIN PSBL S-S WX    SPD DR
================================================================================

 1  71  43  57  -7   8   0 0.00    M    M  6.5 17  40   M    M   1        22  30
 2  76  43  60  -5   5   0 0.00    M    M  2.8 14 230   M    M   0        18 290
 3  80  50  65   0   0   0 0.00    M    M  3.2 13 240   M    M   1        18 240
 4  81  51  66   1   0   1 0.00    M    M  4.7 12 230   M    M   1        16 230
 5  82  54  68   2   0   3 0.00    M    M  2.6 13 110   M    M   1        17 110
 6  83  53  68   2   0   3 0.00    M    M  2.9 16  70   M    M   0        21  70
 7  84  58  71   5   0   6 0.00    M    M  5.0 16  70   M    M   0        25  70
 8  87  61  74   8   0   9 0.00    M    M  5.8 14  60   M    M   1        19  70
 9  87  62  75   8   0  10 0.00    M    M  6.1 16  80   M    M   2        22  60
10  89  61  75   8   0  10 0.00    M    M  4.5 14  90   M    M   2 3      18  90
11  91  66  79  12   0  14 0.02    M    M  5.8 17 240   M    M   2 3      20 210
12  87  66  77  10   0  12 0.00    M    M  7.9 20 250   M    M   0 1      28 220
13  86  60  73   5   0   8 0.00    M    M  2.8  8  40   M    M   0        13 200
14  78  60  69   1   0   4 0.00    M    M  8.8 17  80   M    M   1        23  70
15  81  64  73   5   0   8 0.00    M    M  3.3 12 190   M    M   6        16 190
16  85  62  74   5   0   9 0.00    M    M  5.1 13 150   M    M   2        15 150
17  86  62  74   5   0   9 0.00    M    M  3.0  9 220   M    M   1        15 220
18  89  65  77   8   0  12 0.66    M    M  4.9 35 250   M    M   2 138    45 260
19  88  65  77   7   0  12 0.00    M    M  4.8 15 330   M    M   1        19 330
20  89  64  77   7   0  12 0.00    M    M  4.6 14 230   M    M   1        19 220
21  85  63  74   4   0   9 0.00    M    M 12.4 23 280   M    M   2        30 250
================================================================================
SM 1765 1233        13 151  0.68    M    107.5          M       27
================================================================================
AV 84.0 58.7                               5.1 FASTST   M    M   1    MAX(MPH)
                                 MISC ---->  # 35 250               # 45  260
================================================================================
NOTES:
# LAST OF SEVERAL OCCURRENCES

COLUMN 17 PEAK WIND IN M.P.H.

PRELIMINARY LOCAL CLIMATOLOGICAL DATA (WS FORM: F-6) , PAGE 2

                                          STATION:  ANDERSON SC
                                          MONTH:    MAY
                                          YEAR:     2015
                                          LATITUDE:   34 30 N
                                          LONGITUDE:  82 43 W

[TEMPERATURE DATA]      [PRECIPITATION DATA]       SYMBOLS USED IN COLUMN 16

AVERAGE MONTHLY: 71.4   TOTAL FOR MONTH:   0.68    1 = FOG OR MIST
DPTR FM NORMAL:   4.1   DPTR FM NORMAL:   -1.43    2 = FOG REDUCING VISIBILITY
HIGHEST:    91 ON 11    GRTST 24HR  0.66 ON 18-18      TO 1/4 MILE OR LESS
LOWEST:     43 ON  2, 1                            3 = THUNDER
                        SNOW, ICE PELLETS, HAIL    4 = ICE PELLETS
                        TOTAL MONTH:    M          5 = HAIL
                        GRTST 24HR    M  ON   M    6 = FREEZING RAIN OR DRIZZLE
                        GRTST DEPTH:  M  ON   M    7 = DUSTSTORM OR SANDSTORM:
                                                       VSBY 1/2 MILE OR LESS
                                                   8 = SMOKE OR HAZE
[NO. OF DAYS WITH]      [WEATHER - DAYS WITH]      9 = BLOWING SNOW
                                                   X = TORNADO
MAX 32 OR BELOW:   0    0.01 INCH OR MORE:   2
MAX 90 OR ABOVE:   1    0.10 INCH OR MORE:   1
MIN 32 OR BELOW:   0    0.50 INCH OR MORE:   1
MIN  0 OR BELOW:   0    1.00 INCH OR MORE:   0

[HDD (BASE 65) ]
TOTAL THIS MO.    13    CLEAR  (SCALE 0-3)  20
DPTR FM NORMAL   -20    PTCLDY (SCALE 4-7)   1
TOTAL FM JUL 1  2996    CLOUDY (SCALE 8-10)  0
DPTR FM NORMAL   -97

[CDD (BASE 65) ]
TOTAL THIS MO.   151
DPTR FM NORMAL    72    [PRESSURE DATA]
TOTAL FM JAN 1   223    HIGHEST SLP M ON M
DPTR FM NORMAL   106    LOWEST  SLP 29.77 ON 21

[REMARKS]
