000
CXUS53 KAPX 260631
CF6ANJ
PRELIMINARY LOCAL CLIMATOLOGICAL DATA (WS FORM: F-6)

                                          STATION:   SAULT STE MARIE MI
                                          MONTH:     OCTOBER
                                          YEAR:      2014
                                          LATITUDE:   46 28 N
                                          LONGITUDE:  84 21 W

  TEMPERATURE IN F:       :PCPN:    SNOW:  WIND      :SUNSHINE: SKY     :PK WND
================================================================================
1   2   3   4   5  6A  6B    7    8   9   10  11  12  13   14  15   16   17  18
                                     12Z  AVG MX 2MIN
DY MAX MIN AVG DEP HDD CDD  WTR  SNW DPTH SPD SPD DIR MIN PSBL S-S WX    SPD DR
================================================================================

 1  57  51  54   3  11   0 0.00  0.0    0  6.7 15 140   M    M  10 1      22 140
 2  58  56  57   6   8   0 0.66  0.0    0  9.1 16 130   M    M  10 1      22 120
 3  62  50  56   6   9   0 1.98  0.0    0  9.5 21 280   M    M  10 1      28 300
 4  50  38  44  -6  21   0 0.22  0.0    0  8.9 15 280   M    M  10 1      21 280
 5  47  36  42  -8  23   0 0.04  0.0    0  6.5 17 220   M    M   9 1      24 230
 6  54  37  46  -3  19   0 0.01  0.0    0  6.5 17 200   M    M   8        24 240
 7  58  42  50   1  15   0 0.13  0.0    0  6.7 14 250   M    M   8 1      20 230
 8  46  39  43  -5  22   0 0.26  0.0    0 10.7 23 310   M    M   9 1      32 300
 9  48  40  44  -4  21   0 0.14  0.0    0 13.2 23 290   M    M   6 1      30 300
10  48  39  44  -4  21   0    T  0.0    0 10.1 16 300   M    M   9        24 300
11  51  33  42  -5  23   0 0.00  0.0    0  4.5 13 290   M    M   3        17 280
12  59  33  46  -1  19   0 0.00  0.0    0  6.0 15 130   M    M   2 12     20 150
13  55  43  49   2  16   0 0.34  0.0    0  4.4  9  20   M    M   9 1      13 110
14  60  50  55   9  10   0 2.24  0.0    0  8.6 26  30   M    M  10 1      43  40
15  54  49  52   6  13   0 0.21  0.0    0  6.3 18  60   M    M  10 1      27  70
16  57  48  53   7  12   0 0.00  0.0    0  4.2  9 290   M    M  10 1      12 240
17  51  41  46   1  19   0 0.08  0.0    0  8.1 18 330   M    M  10 1      27 330
18  45  32  39  -6  26   0 0.01  0.0    0  9.7 16 360   M    M   4        24 320
19   M   M   M   M   M   M 0.07  0.0    0  4.7  9 160   M    M   8         M  M
20  50  44  47   3  18   0 0.08  0.0    0  5.8 14 310   M    M  10 1      19 280
21  48  33  41  -3  24   0 0.00  0.0    0  6.6 13  20   M    M   2        20  20
22  50  27  39  -4  26   0 0.00  0.0    0  2.5  7 150   M    M   0        11  80
23  54  31  43   0  22   0 0.00  0.0    0  4.2 10 180   M    M   3 12     14 130
24  53  40  47   4  18   0    T  0.0    0  4.5 13 190   M    M  10 1      17 190
25  56  47  52  10  13   0    T  0.0    0 16.7 30 300   M    M   6 1      42 300
================================================================================
SM 1271  979       429   0  6.47     0.0 184.7          M      186
================================================================================
AV 53.0 40.8                               7.4 FASTST   M    M   7    MAX(MPH)
                                 MISC ---->  # 30 300               # 43   40
================================================================================
NOTES:
# LAST OF SEVERAL OCCURRENCES

COLUMN 17 PEAK WIND IN M.P.H.

PRELIMINARY LOCAL CLIMATOLOGICAL DATA (WS FORM: F-6) , PAGE 2

                                          STATION:  SAULT STE MARIE MI
                                          MONTH:    OCTOBER
                                          YEAR:     2014
                                          LATITUDE:   46 28 N
                                          LONGITUDE:  84 21 W

[TEMPERATURE DATA]      [PRECIPITATION DATA]       SYMBOLS USED IN COLUMN 16

AVERAGE MONTHLY: 46.9   TOTAL FOR MONTH:   6.47    1 = FOG OR MIST
DPTR FM NORMAL:   0.2   DPTR FM NORMAL:    3.38    2 = FOG REDUCING VISIBILITY
HIGHEST:    62 ON  3    GRTST 24HR  2.51 ON 13-14      TO 1/4 MILE OR LESS
LOWEST:     27 ON 22                               3 = THUNDER
                        SNOW, ICE PELLETS, HAIL    4 = ICE PELLETS
                        TOTAL MONTH:   0.0 INCH    5 = HAIL
                        GRTST 24HR     0.0         6 = FREEZING RAIN OR DRIZZLE
                        GRTST DEPTH:   0           7 = DUSTSTORM OR SANDSTORM:
                                                       VSBY 1/2 MILE OR LESS
                                                   8 = SMOKE OR HAZE
[NO. OF DAYS WITH]      [WEATHER - DAYS WITH]      9 = BLOWING SNOW
                                                   X = TORNADO
MAX 32 OR BELOW:   0    0.01 INCH OR MORE:  15
MAX 90 OR ABOVE:   0    0.10 INCH OR MORE:   9
MIN 32 OR BELOW:   3    0.50 INCH OR MORE:   3
MIN  0 OR BELOW:   0    1.00 INCH OR MORE:   2

[HDD (BASE 65) ]
TOTAL THIS MO.   429    CLEAR  (SCALE 0-3)   5
DPTR FM NORMAL   -31    PTCLDY (SCALE 4-7)   6
TOTAL FM JUL 1   860    CLOUDY (SCALE 8-10) 14
DPTR FM NORMAL    -1

[CDD (BASE 65) ]
TOTAL THIS MO.     0
DPTR FM NORMAL     0    [PRESSURE DATA]
TOTAL FM JAN 1   113    HIGHEST SLP M ON M
DPTR FM NORMAL   -82    LOWEST  SLP 29.24 ON  3

[REMARKS]
