000
CXUS53 KAPX 280631
CF6ANJ
PRELIMINARY LOCAL CLIMATOLOGICAL DATA (WS FORM: F-6)

                                          STATION:   SAULT STE MARIE MI
                                          MONTH:     AUGUST
                                          YEAR:      2014
                                          LATITUDE:   46 28 N
                                          LONGITUDE:  84 21 W

  TEMPERATURE IN F:       :PCPN:    SNOW:  WIND      :SUNSHINE: SKY     :PK WND
================================================================================
1   2   3   4   5  6A  6B    7    8   9   10  11  12  13   14  15   16   17  18
                                     12Z  AVG MX 2MIN
DY MAX MIN AVG DEP HDD CDD  WTR  SNW DPTH SPD SPD DIR MIN PSBL S-S WX    SPD DR
================================================================================

 1  74  52  63  -3   2   0 0.00  0.0    0  4.2 12 300   M    M   2 8      16 310
 2  80  49  65  -1   0   0 0.00  0.0    0  2.3 10 310   M    M   0        13 310
 3  79  53  66   0   0   1 0.01  0.0    0  5.0 14 260   M    M   3 3      19 260
 4  76  53  65  -1   0   0 0.00  0.0    0  6.9 15 310   M    M   4 1      20 310
 5  77  52  65  -1   0   0 0.00  0.0    0  4.8 14 320   M    M   0        19 310
 6  75  52  64  -2   1   0 0.00  0.0    0  7.0 16 290   M    M   0        25 290
 7  80  53  67   1   0   2 0.00  0.0    0  4.2 12 300   M    M   0 8      16 300
 8  82  55  69   3   0   4 0.00  0.0    0  2.0  9 300   M    M   0 1      13 300
 9  85  56  71   5   0   6 0.00  0.0    0  2.3 13 250   M    M   0        19 290
10  82  57  70   4   0   5 0.00  0.0    0  4.6 13 140   M    M   0        16 110
11  79  60  70   5   0   5 0.16  0.0    0  4.0 12 120   M    M   1 13     15 120
12  66  54  60  -5   5   0 1.06  0.0    0 10.5 18 290   M    M  10 1      27 290
13  65  50  58  -7   7   0    T  0.0    0 12.2 23 310   M    M   3        30 310
14  61  50  56  -9   9   0 0.00  0.0    0 11.6 23 320   M    M   1        34 320
15  72  49  61  -4   4   0 0.00  0.0    0  8.4 15 300   M    M   0        18 290
16  70  57  64  -1   1   0 0.08  0.0    0  7.9 17 310   M    M   5 1      23 280
17  70  53  62  -3   3   0 0.00  0.0    0  3.9 13 310   M    M   4        16 290
18  70  52  61  -4   4   0 0.08  0.0    0  6.9 15 140   M    M   7 1      19 140
19  63  56  60  -4   5   0 0.34  0.0    0  7.3 12 110   M    M  10 1      19  90
20  68  60  64   0   1   0 0.03  0.0    0  2.6  8 290   M    M  10 12     10 300
21  76  59  68   4   0   3    T  0.0    0  2.9  8 260   M    M   8 1      11 270
22  79  59  69   5   0   4 0.00  0.0    0  3.5  8 140   M    M   5 12     12 150
23  76  62  69   5   0   4 0.00  0.0    0  4.5 12 130   M    M   3 1      16 130
24  77  61  69   5   0   4 0.00  0.0    0  6.7 16 140   M    M   3 1      20 140
25  76  62  69   5   0   4 0.07  0.0    0  6.2 17 130   M    M   5 12     23 130
26  68  54  61  -2   4   0 0.00  0.0    0  8.9 20 310   M    M   4 12     28 320
27  64  49  57  -6   8   0 0.01  0.0    0  7.8 18 310   M    M   5        24 320
================================================================================
SM 1990 1479        54  42  1.84     0.0 159.1          M       93
================================================================================
AV 73.7 54.8                               5.9 FASTST   M    M   3    MAX(MPH)
                                 MISC ---->  # 23 310               # 34  320
================================================================================
NOTES:
# LAST OF SEVERAL OCCURRENCES

COLUMN 17 PEAK WIND IN M.P.H.

PRELIMINARY LOCAL CLIMATOLOGICAL DATA (WS FORM: F-6) , PAGE 2

                                          STATION:  SAULT STE MARIE MI
                                          MONTH:    AUGUST
                                          YEAR:     2014
                                          LATITUDE:   46 28 N
                                          LONGITUDE:  84 21 W

[TEMPERATURE DATA]      [PRECIPITATION DATA]       SYMBOLS USED IN COLUMN 16

AVERAGE MONTHLY: 64.2   TOTAL FOR MONTH:   1.84    1 = FOG OR MIST
DPTR FM NORMAL:  -0.7   DPTR FM NORMAL:   -0.89    2 = FOG REDUCING VISIBILITY
HIGHEST:    85 ON  9    GRTST 24HR  1.21 ON 11-12      TO 1/4 MILE OR LESS
LOWEST:     49 ON 27,15                            3 = THUNDER
                        SNOW, ICE PELLETS, HAIL    4 = ICE PELLETS
                        TOTAL MONTH:   0.0 INCH    5 = HAIL
                        GRTST 24HR     0.0         6 = FREEZING RAIN OR DRIZZLE
                        GRTST DEPTH:   0           7 = DUSTSTORM OR SANDSTORM:
                                                       VSBY 1/2 MILE OR LESS
                                                   8 = SMOKE OR HAZE
[NO. OF DAYS WITH]      [WEATHER - DAYS WITH]      9 = BLOWING SNOW
                                                   X = TORNADO
MAX 32 OR BELOW:   0    0.01 INCH OR MORE:   9
MAX 90 OR ABOVE:   0    0.10 INCH OR MORE:   3
MIN 32 OR BELOW:   0    0.50 INCH OR MORE:   1
MIN  0 OR BELOW:   0    1.00 INCH OR MORE:   1

[HDD (BASE 65) ]
TOTAL THIS MO.    54    CLEAR  (SCALE 0-3)  14
DPTR FM NORMAL    -7    PTCLDY (SCALE 4-7)  10
TOTAL FM JUL 1   165    CLOUDY (SCALE 8-10)  3
DPTR FM NORMAL    35

[CDD (BASE 65) ]
TOTAL THIS MO.    42
DPTR FM NORMAL   -21    [PRESSURE DATA]
TOTAL FM JAN 1   102    HIGHEST SLP M ON M
DPTR FM NORMAL   -74    LOWEST  SLP 29.59 ON 12

[REMARKS]
