000
CXUS53 KIWX 290800
CF6AOH
PRELIMINARY LOCAL CLIMATOLOGICAL DATA (WS FORM: F-6)

                                          STATION:   LIMA
                                          MONTH:     AUGUST
                                          YEAR:      2014
                                          LATITUDE:   40 42 N
                                          LONGITUDE:  84  1 W

  TEMPERATURE IN F:       :PCPN:    SNOW:  WIND      :SUNSHINE: SKY     :PK WND
================================================================================
1   2   3   4   5  6A  6B    7    8   9   10  11  12  13   14  15   16   17  18
                                     12Z  AVG MX 2MIN
DY MAX MIN AVG DEP HDD CDD  WTR  SNW DPTH SPD SPD DIR MIN PSBL S-S WX    SPD DR
================================================================================

 1  84  60  72  -1   0   7 0.00  0.0    0  2.3  8 160   M    M   1 18      M  M
 2  76  61  69  -4   0   4 0.09  0.0    0  5.5 18 300   M    M   4 138    23 290
 3  82  58  70  -3   0   5 0.00  0.0    0  4.0 10 250   M    M   1 18     14 300
 4  84  60  72  -1   0   7 0.69  0.0    0  3.5 28 350   M    M   2 38     34 350
 5  81  64  73   1   0   8 0.02  0.0    0  3.0 13 230   M    M   4 18     15 250
 6  79  63  71  -1   0   6 0.02  0.0    0  4.8 13  20   M    M   6 128    17 360
 7  79  54  67  -5   0   2 0.00  0.0    0  4.3 12  80   M    M   0 18     18  70
 8  82  58  70  -2   0   5 0.00  0.0    0  7.8 16  70   M    M   0 18     23  70
 9  83  60  72   0   0   7 0.00  0.0    0  8.2 15  50   M    M   0 18     19  60
10  88  64  76   4   0  11 0.00  0.0    0  7.8 16  90   M    M   3 18     18  90
11   M   M   M   M   M   M    M    M    0  6.1  8  90   M    M  10 13      M  M
12  75  61  68  -4   0   3 0.22  0.0    0 12.3 24 250   M    M   M 1      31 240
13  76  56  66  -6   0   1 0.00  0.0    0  9.5 16 300   M    M   M        22 320
14  72  53  63  -9   2   0 0.00  0.0    0  6.4 20 310   M    M   M        24 290
15  73  47  60 -12   5   0 0.00  0.0    0  4.8 10 240   M    M   0        13 320
16  78  50  64  -8   1   0 0.00  0.0    0  8.7 21 220   M    M   4 18     25 230
17  83  63  73   1   0   8 0.00  0.0    0  3.7 10 250   M    M   5 128    14 260
18  83  63  73   1   0   8 0.00  0.0    0  4.0 12  30   M    M   5 1      13  30
19  87  65  76   4   0  11 0.06  0.0    0  6.9 20 240   M    M   2 138    22 250
20  84  68  76   4   0  11 0.06  0.0    0  8.6 17 270   M    M   3 13     23 280
21  77  69  73   2   0   8 1.32  0.0    0  7.8 20 210   M    M   3 13     26 210
22  83  69  76   5   0  11 0.00  0.0    0  4.3 15 230   M    M   5 12     17 230
23  85  67  76   5   0  11 0.00  0.0    0  5.3 12  80   M    M   4 128    16  50
24  84  65  75   4   0  10 0.00  0.0    0  6.1 10  80   M    M   5 128    13 100
25  89  69  79   8   0  14 0.00  0.0    0  4.0  9 160   M    M   4 18     13 130
26  88  70  79   8   0  14    T  0.0    0  5.5 13 220   M    M   1 13     16 210
27  83  67  75   4   0  10 0.00  0.0    0  3.9 10 340   M    M   4 18     14 330
28  78  60  69  -1   0   4 0.00  0.0    0  4.9 12  90   M    M   4 12     14 100
================================================================================
SM 2196 1664         8 186  2.48     0.0 164.0          M       80
================================================================================
AV 81.3 61.6                               5.9 FASTST   M    M   3    MAX(MPH)
                                 MISC ---->  # 28 350               # 34  350
================================================================================
NOTES:
# LAST OF SEVERAL OCCURRENCES

COLUMN 17 PEAK WIND IN M.P.H.

PRELIMINARY LOCAL CLIMATOLOGICAL DATA (WS FORM: F-6) , PAGE 2

                                          STATION:  LIMA
                                          MONTH:    AUGUST
                                          YEAR:     2014
                                          LATITUDE:   40 42 N
                                          LONGITUDE:  84  1 W

[TEMPERATURE DATA]      [PRECIPITATION DATA]       SYMBOLS USED IN COLUMN 16

AVERAGE MONTHLY: 71.5   TOTAL FOR MONTH:   2.48    1 = FOG OR MIST
DPTR FM NORMAL:  -0.3   DPTR FM NORMAL:   -0.79    2 = FOG REDUCING VISIBILITY
HIGHEST:    89 ON 25    GRTST 24HR  1.32 ON 21-21      TO 1/4 MILE OR LESS
LOWEST:     47 ON 15                               3 = THUNDER
                        SNOW, ICE PELLETS, HAIL    4 = ICE PELLETS
                        TOTAL MONTH:   0.0 INCH    5 = HAIL
                        GRTST 24HR     0.0         6 = FREEZING RAIN OR DRIZZLE
                        GRTST DEPTH:   0           7 = DUSTSTORM OR SANDSTORM:
                                                       VSBY 1/2 MILE OR LESS
                                                   8 = SMOKE OR HAZE
[NO. OF DAYS WITH]      [WEATHER - DAYS WITH]      9 = BLOWING SNOW
                                                   X = TORNADO
MAX 32 OR BELOW:   0    0.01 INCH OR MORE:   8
MAX 90 OR ABOVE:   0    0.10 INCH OR MORE:   3
MIN 32 OR BELOW:   0    0.50 INCH OR MORE:   2
MIN  0 OR BELOW:   0    1.00 INCH OR MORE:   1

[HDD (BASE 65) ]
TOTAL THIS MO.     8    CLEAR  (SCALE 0-3)  11
DPTR FM NORMAL     8    PTCLDY (SCALE 4-7)  13
TOTAL FM JUL 1    19    CLOUDY (SCALE 8-10)  1
DPTR FM NORMAL    17

[CDD (BASE 65) ]
TOTAL THIS MO.   186
DPTR FM NORMAL   -13    [PRESSURE DATA]
TOTAL FM JAN 1   688    HIGHEST SLP M ON M
DPTR FM NORMAL   -25    LOWEST  SLP 29.68 ON 19

[REMARKS]
