099
CXUS55 KCTP 301131
CF6AOO
PRELIMINARY LOCAL CLIMATOLOGICAL DATA (WS FORM: F-6)

                                          STATION:   ALTOONA
                                          MONTH:     MAY
                                          YEAR:      2016
                                          LATITUDE:   40 17 N
                                          LONGITUDE:  78 19 W

  TEMPERATURE IN F:       :PCPN:    SNOW:  WIND      :SUNSHINE: SKY     :PK WND
================================================================================
1   2   3   4   5  6A  6B    7    8   9   10  11  12  13   14  15   16   17  18
                                     12Z  AVG MX 2MIN
DY MAX MIN AVG DEP HDD CDD  WTR  SNW DPTH SPD SPD DIR MIN PSBL S-S WX    SPD DR
================================================================================

 1  59  48  54   0  11   0 0.27    M    M  8.1 15 170   M    M  10 1      19 170
 2  73  53  63   9   2   0 0.03    M    M  8.8 22 270   M    M   9 12     27 270
 3  66  51  59   5   6   0 0.12    M    M  4.1 15 290   M    M   9 12     18 290
 4  59  44  52  -3  13   0 0.06    M    M  4.2 14 110   M    M   8 13     18 100
 5  59  47  53  -2  12   0    T    M    M  7.7 17  10   M    M  10 1      22  40
 6  55  47  51  -4  14   0 0.39    M    M  6.9 21  10   M    M  10 1      24  10
 7  63  47  55  -1  10   0 0.03    M    M  3.5 13 170   M    M   8 1      17 170
 8  63  43  53  -3  12   0 0.02    M    M 11.7 25 270   M    M   3 1      33 320
 9  62  42  52  -4  13   0 0.00    M    M  5.6 13 220   M    M   4        16 250
10  55  47  51  -5  14   0 0.03    M    M  4.4 10 190   M    M   9 1      13 160
11  59  51  55  -2  10   0 0.08    M    M  2.4  7 120   M    M  10 1       9 190
12  70  51  61   4   4   0 0.00    M    M  5.3 15 220   M    M   8 12     17 220
13  70  51  61   4   4   0 0.01    M    M  9.7 23 280   M    M   7 1      29 290
14  62  41  52  -5  13   0 0.12    M    M 10.6 26 300   M    M   6        38 260
15  49  36  43 -15  22   0 0.03    M    M 14.9 28 320   M    M   8 1      37 270
16  63  35  49  -9  16   0 0.00    M    M  9.6 21 290   M    M   1        31 280
17  61  45  53  -5  12   0    T    M    M  3.0 10 180   M    M   7        13 190
18  53  47  50  -9  15   0 0.25    M    M  2.9 12  30   M    M  10 1      14  20
19  69  40  55  -4  10   0 0.00    M    M  2.7 13  10   M    M   6 128    15  10
20  72  40  56  -3   9   0 0.00    M    M  4.1 12 180   M    M   0        21 130
21  60  49  55  -4  10   0 1.14    M    M  5.7 16 130   M    M   9 1      20 140
22  57  48  53  -7  12   0 0.50    M    M  5.2 13  20   M    M  10 1      14  20
23  74  47  61   1   4   0    T    M    M  4.9 14 360   M    M   4 12     21 360
24  77  50  64   4   1   0 0.00    M    M  8.1 20 310   M    M   0        27 290
25  84  54  69   8   0   4 0.00    M    M  5.3 14 260   M    M   0        18 280
26  83  61  72  11   0   7    T    M    M  4.2 22 210   M    M   5 18     28 210
27  85  61  73  12   0   8 0.15    M    M  4.6 22 330   M    M   3 13     28 330
28  88  61  75  13   0  10 0.00    M    M  4.0 13 180   M    M   1 1      16 180
29  83  63  73  11   0   8    T    M    M  4.5 20 310   M    M   2 18     25 310
================================================================================
SM 1933 1400       249  37  3.23    M    176.7          M      177
================================================================================
AV 66.7 48.3                               6.1 FASTST   M    M   6    MAX(MPH)
                                 MISC ---->  # 28 320               # 38  260
================================================================================
NOTES:
# LAST OF SEVERAL OCCURRENCES

COLUMN 17 PEAK WIND IN M.P.H.

PRELIMINARY LOCAL CLIMATOLOGICAL DATA (WS FORM: F-6) , PAGE 2

                                          STATION:  ALTOONA
                                          MONTH:    MAY
                                          YEAR:     2016
                                          LATITUDE:   40 17 N
                                          LONGITUDE:  78 19 W

[TEMPERATURE DATA]      [PRECIPITATION DATA]       SYMBOLS USED IN COLUMN 16

AVERAGE MONTHLY: 57.5   TOTAL FOR MONTH:   3.23    1 = FOG OR MIST
DPTR FM NORMAL:  -0.3   DPTR FM NORMAL:   -0.24    2 = FOG REDUCING VISIBILITY
HIGHEST:    88 ON 28    GRTST 24HR  1.15 ON 21-22      TO 1/4 MILE OR LESS
LOWEST:     35 ON 16                               3 = THUNDER
                        SNOW, ICE PELLETS, HAIL    4 = ICE PELLETS
                        TOTAL MONTH:    M          5 = HAIL
                        GRTST 24HR    M  ON   M    6 = FREEZING RAIN OR DRIZZLE
                        GRTST DEPTH:  M  ON   M    7 = DUSTSTORM OR SANDSTORM:
                                                       VSBY 1/2 MILE OR LESS
                                                   8 = SMOKE OR HAZE
[NO. OF DAYS WITH]      [WEATHER - DAYS WITH]      9 = BLOWING SNOW
                                                   X = TORNADO
MAX 32 OR BELOW:   0    0.01 INCH OR MORE:  16
MAX 90 OR ABOVE:   0    0.10 INCH OR MORE:   8
MIN 32 OR BELOW:   0    0.50 INCH OR MORE:   2
MIN  0 OR BELOW:   0    1.00 INCH OR MORE:   1

[HDD (BASE 65) ]
TOTAL THIS MO.   249    CLEAR  (SCALE 0-3)   8
DPTR FM NORMAL    16    PTCLDY (SCALE 4-7)  10
TOTAL FM JUL 1  5168    CLOUDY (SCALE 8-10) 11
DPTR FM NORMAL  -969

[CDD (BASE 65) ]
TOTAL THIS MO.    37
DPTR FM NORMAL    15    [PRESSURE DATA]
TOTAL FM JAN 1    37    HIGHEST SLP M ON M
DPTR FM NORMAL     9    LOWEST  SLP 29.59 ON M

[REMARKS]
