000
CXUS55 KCTP 240700
CF6AOO
PRELIMINARY LOCAL CLIMATOLOGICAL DATA (WS FORM: F-6)

                                          STATION:   ALTOONA
                                          MONTH:     JUNE
                                          YEAR:      2017
                                          LATITUDE:   40 17 N
                                          LONGITUDE:  78 19 W

  TEMPERATURE IN F:       :PCPN:    SNOW:  WIND      :SUNSHINE: SKY     :PK WND
================================================================================
1   2   3   4   5  6A  6B    7    8   9   10  11  12  13   14  15   16   17  18
                                     12Z  AVG MX 2MIN
DY MAX MIN AVG DEP HDD CDD  WTR  SNW DPTH SPD SPD DIR MIN PSBL S-S WX    SPD DR
================================================================================

 1  74  53  64   1   1   0 0.01    M    M  7.9 18 270   M    M   2        25 320
 2  73  51  62  -1   3   0 0.00    M    M  8.6 25 310   M    M   3        35 310
 3  77  55  66   3   0   1 0.00    M    M  9.7 24 340   M    M   2        31  10
 4  83  52  68   4   0   3 0.05    M    M  4.4 21 270   M    M   6 1      28 280
 5  72  59  66   2   0   1 0.11    M    M  6.5 15 350   M    M   4 1      19 350
 6  69  56  63  -1   2   0    T    M    M  9.3 21 300   M    M   7        25 300
 7  61  48  55 -10  10   0 0.04    M    M  5.8 13  30   M    M   9 1      16  30
 8  70  47  59  -6   6   0 0.00    M    M  2.1 12  90   M    M   6 12     17  90
 9  78  51  65   0   0   0 0.00    M    M  8.3 18 260   M    M   3        26 280
10  85  63  74   9   0   9    T    M    M  9.1 22 250   M    M   4        27 290
11  87  64  76  10   0  11 0.00    M    M  9.4 23 270   M    M   0        30 270
12  89  63  76  10   0  11 0.00    M    M  6.0 16 270   M    M   2        21 270
13  92  69  81  15   0  16 0.00    M    M  7.3 16 320   M    M   2        22 290
14  86  69  78  11   0  13 0.00    M    M  3.0 10 130   M    M   5 8      13  50
15  83  66  75   8   0  10 0.67    M    M  8.4 22 160   M    M   5 13     26 160
16  79  65  72   5   0   7 0.27    M    M  5.2 13  20   M    M   8 1      17  30
17  83  65  74   7   0   9 0.00    M    M  5.8 14 160   M    M   6 1      30  30
18  88  68  78  10   0  13 0.09    M    M  8.7 20 190   M    M   2 3      26 190
19  76  64  70   2   0   5 0.41    M    M  8.4 20 280   M    M   6 1      27 280
20  77  58  68   0   0   3 0.00    M    M 10.4 21 270   M    M   1        30 290
21  81  60  71   3   0   6 0.17    M    M  6.4 24 290   M    M   3 3      33 290
22  85  61  73   4   0   8 0.25    M    M  4.5 16 290   M    M   3 13     22 300
23  78  67  73   4   0   8 1.95    M    M  8.5 18 220   M    M   7 1      26 210
================================================================================
SM 1826 1374        22 134  4.02    M    163.7          M       96
================================================================================
AV 79.4 59.7                               7.1 FASTST   M    M   4    MAX(MPH)
                                 MISC ---->  # 25 310               # 35  310
================================================================================
NOTES:
# LAST OF SEVERAL OCCURRENCES

COLUMN 17 PEAK WIND IN M.P.H.

PRELIMINARY LOCAL CLIMATOLOGICAL DATA (WS FORM: F-6) , PAGE 2

                                          STATION:  ALTOONA
                                          MONTH:    JUNE
                                          YEAR:     2017
                                          LATITUDE:   40 17 N
                                          LONGITUDE:  78 19 W

[TEMPERATURE DATA]      [PRECIPITATION DATA]       SYMBOLS USED IN COLUMN 16

AVERAGE MONTHLY: 69.6   TOTAL FOR MONTH:   4.02    1 = FOG OR MIST
DPTR FM NORMAL:   3.6   DPTR FM NORMAL:    1.33    2 = FOG REDUCING VISIBILITY
HIGHEST:    92 ON 13    GRTST 24HR  1.95 ON 23-23      TO 1/4 MILE OR LESS
LOWEST:     47 ON  8                               3 = THUNDER
                        SNOW, ICE PELLETS, HAIL    4 = ICE PELLETS
                        TOTAL MONTH:    M          5 = HAIL
                        GRTST 24HR    M  ON   M    6 = FREEZING RAIN OR DRIZZLE
                        GRTST DEPTH:  M  ON   M    7 = DUSTSTORM OR SANDSTORM:
                                                       VSBY 1/2 MILE OR LESS
                                                   8 = SMOKE OR HAZE
[NO. OF DAYS WITH]      [WEATHER - DAYS WITH]      9 = BLOWING SNOW
                                                   X = TORNADO
MAX 32 OR BELOW:   0    0.01 INCH OR MORE:  11
MAX 90 OR ABOVE:   1    0.10 INCH OR MORE:   7
MIN 32 OR BELOW:   0    0.50 INCH OR MORE:   2
MIN  0 OR BELOW:   0    1.00 INCH OR MORE:   1

[HDD (BASE 65) ]
TOTAL THIS MO.    22    CLEAR  (SCALE 0-3)  11
DPTR FM NORMAL   -30    PTCLDY (SCALE 4-7)  11
TOTAL FM JUL 1  4991    CLOUDY (SCALE 8-10)  1
DPTR FM NORMAL -1207

[CDD (BASE 65) ]
TOTAL THIS MO.   134
DPTR FM NORMAL    61    [PRESSURE DATA]
TOTAL FM JAN 1   207    HIGHEST SLP M ON M
DPTR FM NORMAL   101    LOWEST  SLP 29.55 ON 23

[REMARKS]
