000
CXUS55 KBOU 180900
CF6APA
PRELIMINARY LOCAL CLIMATOLOGICAL DATA (WS FORM: F-6)

                                          STATION:   CENTENNIAL CO
                                          MONTH:     DECEMBER
                                          YEAR:      2017
                                          LATITUDE:   39 33 N
                                          LONGITUDE: 104 51 W

  TEMPERATURE IN F:       :PCPN:    SNOW:  WIND      :SUNSHINE: SKY     :PK WND
================================================================================
1   2   3   4   5  6A  6B    7    8   9   10  11  12  13   14  15   16   17  18
                                     12Z  AVG MX 2MIN
DY MAX MIN AVG DEP HDD CDD  WTR  SNW DPTH SPD SPD DIR MIN PSBL S-S WX    SPD DR
================================================================================

 1  62  33  48  16  17   0 0.00    M    M  7.8 20 160   M    M   4        25 170
 2  63  34  49  17  16   0 0.00    M    M  7.7 17 210   M    M   4        20 200
 3  67  44  56  24   9   0 0.00    M    M 16.3 31 240   M    M   7        41 230
 4  48  16  32   1  33   0    T    M    M 11.0 29 310   M    M   5        40 320
 5  51  13  32   1  33   0 0.00    M    M  6.9 14 150   M    M   1        18 140
 6  34  14  24  -7  41   0    T    M    M  6.9 22  20   M    M   5        26  20
 7  35   6  21  -9  44   0    T    M    M  6.7 22 340   M    M   7 18     30 320
 8  54  30  42  12  23   0 0.00    M    M  8.7 22 350   M    M   7        28  20
 9  60  24  42  12  23   0 0.00    M    M  5.8 13 350   M    M   2        16 350
10  61  22  42  12  23   0 0.00    M    M  4.0 13 230   M    M   0        13 230
11  58  26  42  12  23   0 0.00    M    M  7.3 15  40   M    M   2        19  40
12  67  25  46  16  19   0 0.00    M    M  6.1 14 240   M    M   1        15 240
13  50  28  39   9  26   0    T    M    M  5.9 21  10   M    M   7 1      23  10
14  36  19  28  -2  37   0 0.05    M    M  6.9 16  40   M    M   6 1      23 360
15  60  19  40  10  25   0 0.00    M    M  8.0 14 230   M    M   2        17 220
16  48  28  38   8  27   0 0.00    M    M  5.1 14 110   M    M   8        17 120
17  39  21  30   0  35   0 0.00    M    M  3.3 12 180   M    M   7 1      13 170
================================================================================
SM  893  402       454   0  0.05    M    124.4          M       75
================================================================================
AV 52.5 23.7                               7.3 FASTST   M    M   4    MAX(MPH)
                                 MISC ---->  # 31 240               # 41  230
================================================================================
NOTES:
# LAST OF SEVERAL OCCURRENCES

COLUMN 17 PEAK WIND IN M.P.H.

PRELIMINARY LOCAL CLIMATOLOGICAL DATA (WS FORM: F-6) , PAGE 2

                                          STATION:  CENTENNIAL CO
                                          MONTH:    DECEMBER
                                          YEAR:     2017
                                          LATITUDE:   39 33 N
                                          LONGITUDE: 104 51 W

[TEMPERATURE DATA]      [PRECIPITATION DATA]       SYMBOLS USED IN COLUMN 16

AVERAGE MONTHLY: 38.1   TOTAL FOR MONTH:   0.05    1 = FOG OR MIST
DPTR FM NORMAL:   7.6   DPTR FM NORMAL:   -0.36    2 = FOG REDUCING VISIBILITY
HIGHEST:    67 ON 12, 3 GRTST 24HR  0.05 ON 14-14      TO 1/4 MILE OR LESS
LOWEST:      6 ON  7                               3 = THUNDER
                        SNOW, ICE PELLETS, HAIL    4 = ICE PELLETS
                        TOTAL MONTH:    M          5 = HAIL
                        GRTST 24HR    M  ON   M    6 = FREEZING RAIN OR DRIZZLE
                        GRTST DEPTH:  M  ON   M    7 = DUSTSTORM OR SANDSTORM:
                                                       VSBY 1/2 MILE OR LESS
                                                   8 = SMOKE OR HAZE
[NO. OF DAYS WITH]      [WEATHER - DAYS WITH]      9 = BLOWING SNOW
                                                   X = TORNADO
MAX 32 OR BELOW:   0    0.01 INCH OR MORE:   1
MAX 90 OR ABOVE:   0    0.10 INCH OR MORE:   0
MIN 32 OR BELOW:  14    0.50 INCH OR MORE:   0
MIN  0 OR BELOW:   0    1.00 INCH OR MORE:   0

[HDD (BASE 65) ]
TOTAL THIS MO.   454    CLEAR  (SCALE 0-3)   6
DPTR FM NORMAL  -132    PTCLDY (SCALE 4-7)  11
TOTAL FM JUL 1  1639    CLOUDY (SCALE 8-10)  0
DPTR FM NORMAL  -394

[CDD (BASE 65) ]
TOTAL THIS MO.     0
DPTR FM NORMAL     0    [PRESSURE DATA]
TOTAL FM JAN 1   693    HIGHEST SLP M ON M
DPTR FM NORMAL   133    LOWEST  SLP 29.45 ON  4

[REMARKS]
