000
CXUS55 KBOU 270757
CF6APA
PRELIMINARY LOCAL CLIMATOLOGICAL DATA (WS FORM: F-6)

                                          STATION:   CENTENNIAL CO
                                          MONTH:     AUGUST
                                          YEAR:      2016
                                          LATITUDE:   39 33 N
                                          LONGITUDE: 104 51 W

  TEMPERATURE IN F:       :PCPN:    SNOW:  WIND      :SUNSHINE: SKY     :PK WND
================================================================================
1   2   3   4   5  6A  6B    7    8   9   10  11  12  13   14  15   16   17  18
                                     12Z  AVG MX 2MIN
DY MAX MIN AVG DEP HDD CDD  WTR  SNW DPTH SPD SPD DIR MIN PSBL S-S WX    SPD DR
================================================================================

 1  93  62  78   6   0  13 0.00    M    M  7.2 20 360   M    M   3        28  20
 2  93  58  76   4   0  11 0.00    M    M  7.9 29 160   M    M   5        36 170
 3  95  62  79   7   0  14 0.01    M    M  8.1 21 200   M    M   4 3      25 200
 4  74  63  69  -3   0   4    T    M    M  8.7 20 350   M    M   9        25 360
 5  75  59  67  -5   0   2    T    M    M  8.8 16 170   M    M   9        20 170
 6  81  60  71  -1   0   6    T    M    M  6.0 15 200   M    M   9 3      19 200
 7  89  56  73   1   0   8 0.00    M    M  7.0 21 190   M    M   4        28 190
 8  87  64  76   5   0  11    T    M    M  9.3 24 170   M    M   5 3      29 170
 9  94  58  76   5   0  11 0.04    M    M  6.7 32 230   M    M   4 3      42 230
10  93  59  76   5   0  11    T    M    M  7.7 25 340   M    M   6 3      34 330
11  87  59  73   2   0   8 0.05    M    M  7.4 33 360   M    M   6 3      41 360
12  81  55  68  -3   0   3 0.00    M    M  4.8 12  60   M    M   3        16  70
13  86  57  72   1   0   7 0.00    M    M  9.8 23 190   M    M   3        28 200
14  88  58  73   3   0   8 0.00    M    M 10.6 20 160   M    M   5        28 100
15  90  60  75   5   0  10 0.00    M    M  8.0 32 360   M    M   5        38  10
16  87  54  71   1   0   6    T    M    M 10.3 25 250   M    M   5 3      31 250
17  87  57  72   2   0   7 0.00    M    M  7.6 20 210   M    M   7 8      24 210
18  85  55  70   0   0   5    T    M    M  8.3 30 280   M    M   5 3      37 280
19  80  48  64  -6   1   0 0.07    M    M  9.0 41  20   M    M   8 3      54  10
20  76  46  61  -8   4   0 0.00    M    M  6.0 16  30   M    M   4        21  20
21  88  51  70   1   0   5 0.00    M    M  8.4 20 170   M    M   3        25 170
22  88  56  72   3   0   7 0.01    M    M  7.8 23  60   M    M   6 3      32  60
23  85  56  71   2   0   6    T    M    M  9.6 28 250   M    M   6        35 250
24  66  50  58 -10   7   0 0.04    M    M  6.8 20 160   M    M   9        23 160
25  70  45  58 -10   7   0 0.07    M    M  7.4 17 310   M    M   5 3      22 330
26  77  54  66  -2   0   1 0.00    M    M  6.3 16 100   M    M   6        21 110
================================================================================
SM 2195 1462        19 164  0.29    M    205.5          M      144
================================================================================
AV 84.4 56.2                               7.9 FASTST   M    M   6    MAX(MPH)
                                 MISC ---->  # 41  20               # 54   10
================================================================================
NOTES:
# LAST OF SEVERAL OCCURRENCES

COLUMN 17 PEAK WIND IN M.P.H.

PRELIMINARY LOCAL CLIMATOLOGICAL DATA (WS FORM: F-6) , PAGE 2

                                          STATION:  CENTENNIAL CO
                                          MONTH:    AUGUST
                                          YEAR:     2016
                                          LATITUDE:   39 33 N
                                          LONGITUDE: 104 51 W

[TEMPERATURE DATA]      [PRECIPITATION DATA]       SYMBOLS USED IN COLUMN 16

AVERAGE MONTHLY: 70.3   TOTAL FOR MONTH:   0.29    1 = FOG OR MIST
DPTR FM NORMAL:  -0.1   DPTR FM NORMAL:   -1.98    2 = FOG REDUCING VISIBILITY
HIGHEST:    95 ON  3    GRTST 24HR  0.07 ON 25-25      TO 1/4 MILE OR LESS
LOWEST:     45 ON 25                               3 = THUNDER
                        SNOW, ICE PELLETS, HAIL    4 = ICE PELLETS
                        TOTAL MONTH:    M          5 = HAIL
                        GRTST 24HR    M  ON   M    6 = FREEZING RAIN OR DRIZZLE
                        GRTST DEPTH:  M  ON   M    7 = DUSTSTORM OR SANDSTORM:
                                                       VSBY 1/2 MILE OR LESS
                                                   8 = SMOKE OR HAZE
[NO. OF DAYS WITH]      [WEATHER - DAYS WITH]      9 = BLOWING SNOW
                                                   X = TORNADO
MAX 32 OR BELOW:   0    0.01 INCH OR MORE:   7
MAX 90 OR ABOVE:   6    0.10 INCH OR MORE:   0
MIN 32 OR BELOW:   0    0.50 INCH OR MORE:   0
MIN  0 OR BELOW:   0    1.00 INCH OR MORE:   0

[HDD (BASE 65) ]
TOTAL THIS MO.    19    CLEAR  (SCALE 0-3)   3
DPTR FM NORMAL    12    PTCLDY (SCALE 4-7)  19
TOTAL FM JUL 1    19    CLOUDY (SCALE 8-10)  4
DPTR FM NORMAL     6

[CDD (BASE 65) ]
TOTAL THIS MO.   164
DPTR FM NORMAL    12    [PRESSURE DATA]
TOTAL FM JAN 1   633    HIGHEST SLP M ON M
DPTR FM NORMAL   140    LOWEST  SLP 29.71 ON 10

[REMARKS]
