000
CXUS52 KMFL 271000
CF6APF
PRELIMINARY LOCAL CLIMATOLOGICAL DATA (WS FORM: F-6)

                                          STATION:   NAPLES
                                          MONTH:     MARCH
                                          YEAR:      2015
                                          LATITUDE:   26  8 N
                                          LONGITUDE:  81 46 W

  TEMPERATURE IN F:       :PCPN:    SNOW:  WIND      :SUNSHINE: SKY     :PK WND
================================================================================
1   2   3   4   5  6A  6B    7    8   9   10  11  12  13   14  15   16   17  18
                                     12Z  AVG MX 2MIN
DY MAX MIN AVG DEP HDD CDD  WTR  SNW DPTH SPD SPD DIR MIN PSBL S-S WX    SPD DR
================================================================================

 1  84  69  77   8   0  12 0.17  0.0    0  7.7 17  90   M    M   6 18     22 120
 2  85  66  76   7   0  11 0.00  0.0    0  6.8 14 300   M    M   3 128    19  80
 3  87  64  76   7   0  11 0.00  0.0    0  7.9 17 100   M    M   2 18     22  90
 4  86  67  77   8   0  12 0.00  0.0    0  9.6 20 140   M    M   1 1      23 140
 5  84  68  76   7   0  11 0.00  0.0    0  9.2 20 200   M    M   2 1      25 160
 6  81  67  74   5   0   9 0.00  0.0    0  5.6 15 290   M    M   5 128    19 320
 7  81  61  71   2   0   6 0.00  0.0    0 12.1 18  60   M    M   4        23  60
 8  82  65  74   5   0   9 0.00  0.0    0 12.3 21  70   M    M   6        26  80
 9  86  64  75   6   0  10 0.00  0.0    0  8.4 17 110   M    M   3        21  70
10  88  68  78   8   0  13 0.00  0.0    0 10.6 21 130   M    M   1        25 130
11  88  72  80  10   0  15 0.11  0.0    0  9.9 22 110   M    M   5 1      29 120
12  90  71  81  11   0  16 0.00  0.0    0  8.9 21 210   M    M   6 1      25 210
13  89  70  80  10   0  15 0.00  0.0    0 10.8 22 100   M    M   4        27  90
14  87  69  78   8   0  13 0.00  0.0    0  8.6 18 220   M    M   3        23 150
15  85  67  76   6   0  11 0.00  0.0    0  6.6 14 260   M    M   1        16 260
16  86  68  77   7   0  12 0.00  0.0    0  6.0 16 290   M    M   1        20 270
17  81  66  74   4   0   9 0.00  0.0    0  7.8 17 290   M    M   0 18     22 290
18  80  71  76   6   0  11 0.00  0.0    0  9.1 15 290   M    M   5 8      21 290
19  81  69  75   5   0  10 0.00  0.0    0  6.0 13 250   M    M   1 18     16 260
20  80  65  73   3   0   8 0.00  0.0    0  4.6 12 290   M    M   0 18     16 260
21  82  65  74   4   0   9 0.00  0.0    0  5.4 14 280   M    M   0        16 280
22  81  67  74   4   0   9 0.00  0.0    0  5.4 13 270   M    M   2 1      18 270
23  81  69  75   5   0  10 0.00  0.0    0  8.8 20 220   M    M   3 8      24 220
24  83  69  76   5   0  11 0.00  0.0    0  5.1 13 290   M    M   3 1      16 290
25  85  64  75   4   0  10 0.00  0.0    0  3.5 12 260   M    M   1 128    15 290
26  87  68  78   7   0  13 0.00  0.0    0  8.0 22 210   M    M   3        27 160
================================================================================
SM 2190 1749         0 286  0.28     0.0 204.7          M       71
================================================================================
AV 84.2 67.3                               7.9 FASTST   M    M   3    MAX(MPH)
                                 MISC ---->  # 22 110               # 29  120
================================================================================
NOTES:
# LAST OF SEVERAL OCCURRENCES

COLUMN 17 PEAK WIND IN M.P.H.

PRELIMINARY LOCAL CLIMATOLOGICAL DATA (WS FORM: F-6) , PAGE 2

                                          STATION:  NAPLES
                                          MONTH:    MARCH
                                          YEAR:     2015
                                          LATITUDE:   26  8 N
                                          LONGITUDE:  81 46 W

[TEMPERATURE DATA]      [PRECIPITATION DATA]       SYMBOLS USED IN COLUMN 16

AVERAGE MONTHLY: 75.8   TOTAL FOR MONTH:   0.28    1 = FOG OR MIST
DPTR FM NORMAL:   6.0   DPTR FM NORMAL:   -1.63    2 = FOG REDUCING VISIBILITY
HIGHEST:    90 ON 12    GRTST 24HR  0.17 ON  1- 1      TO 1/4 MILE OR LESS
LOWEST:     61 ON  7                               3 = THUNDER
                        SNOW, ICE PELLETS, HAIL    4 = ICE PELLETS
                        TOTAL MONTH:   0.0 INCH    5 = HAIL
                        GRTST 24HR     0.0         6 = FREEZING RAIN OR DRIZZLE
                        GRTST DEPTH:   0           7 = DUSTSTORM OR SANDSTORM:
                                                       VSBY 1/2 MILE OR LESS
                                                   8 = SMOKE OR HAZE
[NO. OF DAYS WITH]      [WEATHER - DAYS WITH]      9 = BLOWING SNOW
                                                   X = TORNADO
MAX 32 OR BELOW:   0    0.01 INCH OR MORE:   2
MAX 90 OR ABOVE:   1    0.10 INCH OR MORE:   2
MIN 32 OR BELOW:   0    0.50 INCH OR MORE:   0
MIN  0 OR BELOW:   0    1.00 INCH OR MORE:   0

[HDD (BASE 65) ]
TOTAL THIS MO.     0    CLEAR  (SCALE 0-3)  15
DPTR FM NORMAL   -19    PTCLDY (SCALE 4-7)  11
TOTAL FM JUL 1   197    CLOUDY (SCALE 8-10)  0
DPTR FM NORMAL   -55

[CDD (BASE 65) ]
TOTAL THIS MO.   286
DPTR FM NORMAL   145    [PRESSURE DATA]
TOTAL FM JAN 1   462    HIGHEST SLP M ON M
DPTR FM NORMAL   130    LOWEST  SLP 29.91 ON 23

[REMARKS]
