876
CXUS52 KMFL 221000
CF6APF
PRELIMINARY LOCAL CLIMATOLOGICAL DATA (WS FORM: F-6)

                                          STATION:   NAPLES
                                          MONTH:     MAY
                                          YEAR:      2015
                                          LATITUDE:   26  8 N
                                          LONGITUDE:  81 46 W

  TEMPERATURE IN F:       :PCPN:    SNOW:  WIND      :SUNSHINE: SKY     :PK WND
================================================================================
1   2   3   4   5  6A  6B    7    8   9   10  11  12  13   14  15   16   17  18
                                     12Z  AVG MX 2MIN
DY MAX MIN AVG DEP HDD CDD  WTR  SNW DPTH SPD SPD DIR MIN PSBL S-S WX    SPD DR
================================================================================

 1  81  64  73  -3   0   8 0.00  0.0    0  8.7 20 290   M    M   1        25 300
 2  84  65  75  -1   0  10 0.00  0.0    0  8.9 20  50   M    M   2        23  60
 3  86  64  75  -1   0  10 0.00  0.0    0 11.9 21  80   M    M   2        28  80
 4  86  63  75  -1   0  10 0.00  0.0    0 11.7 25  50   M    M   1        32  50
 5  85  69  77   1   0  12 0.00  0.0    0 10.5 20  80   M    M   3        25  50
 6  86  69  78   1   0  13 0.00  0.0    0  7.2 18 290   M    M   2 8      21 300
 7  85  68  77   0   0  12 0.00  0.0    0  6.5 15 250   M    M   1        20 260
 8  86  69  78   1   0  13 0.00  0.0    0  6.5 15 270   M    M   0        21 270
 9  88  69  79   2   0  14 0.00  0.0    0  3.9 13 240   M    M   0        16 220
10  92  69  81   4   0  16 0.00  0.0    0  7.0 14  80   M    M   2 38     18 120
11  91  71  81   4   0  16 0.20  0.0    0  7.0 21 180   M    M   2 138    27 190
12  90  72  81   3   0  16 0.46  0.0    0  5.8 24 110   M    M   3 138    31 120
13  90  71  81   3   0  16 0.19  0.0    0  7.4 15 170   M    M   4 138    18 140
14  91  72  82   4   0  17 0.00  0.0    0  7.0 14 270   M    M   3 1      17 270
15  92  71  82   4   0  17 0.18  0.0    0  8.2 17 180   M    M   3 138    23 190
16  90  71  81   3   0  16 0.18  0.0    0  6.5 20  60   M    M   4 138    25  60
17  90  72  81   3   0  16 0.52  0.0    0  6.2 21 160   M    M   4 138    24 160
18  91  71  81   3   0  16 0.00  0.0    0  8.3 22 240   M    M   3 18     25 240
19  86  71  79   0   0  14 0.00  0.0    0  6.1 14 280   M    M   3 18     18 250
20  87  73  80   1   0  15 0.00  0.0    0  6.9 18 280   M    M   2        22 290
21  88  77  83   4   0  18 0.00  0.0    0  7.4 18 300   M    M   2        27 280
================================================================================
SM 1845 1461         0 295  1.73     0.0 159.6          M       47
================================================================================
AV 87.9 69.6                               7.6 FASTST   M    M   2    MAX(MPH)
                                 MISC ---->  # 25  50               # 32   50
================================================================================
NOTES:
# LAST OF SEVERAL OCCURRENCES

COLUMN 17 PEAK WIND IN M.P.H.

PRELIMINARY LOCAL CLIMATOLOGICAL DATA (WS FORM: F-6) , PAGE 2

                                          STATION:  NAPLES
                                          MONTH:    MAY
                                          YEAR:     2015
                                          LATITUDE:   26  8 N
                                          LONGITUDE:  81 46 W

[TEMPERATURE DATA]      [PRECIPITATION DATA]       SYMBOLS USED IN COLUMN 16

AVERAGE MONTHLY: 78.7   TOTAL FOR MONTH:   1.73    1 = FOG OR MIST
DPTR FM NORMAL:   1.3   DPTR FM NORMAL:   -0.04    2 = FOG REDUCING VISIBILITY
HIGHEST:    92 ON 15,10 GRTST 24HR  0.70 ON 16-17      TO 1/4 MILE OR LESS
LOWEST:     63 ON  4                               3 = THUNDER
                        SNOW, ICE PELLETS, HAIL    4 = ICE PELLETS
                        TOTAL MONTH:   0.0 INCH    5 = HAIL
                        GRTST 24HR     0.0         6 = FREEZING RAIN OR DRIZZLE
                        GRTST DEPTH:   0           7 = DUSTSTORM OR SANDSTORM:
                                                       VSBY 1/2 MILE OR LESS
                                                   8 = SMOKE OR HAZE
[NO. OF DAYS WITH]      [WEATHER - DAYS WITH]      9 = BLOWING SNOW
                                                   X = TORNADO
MAX 32 OR BELOW:   0    0.01 INCH OR MORE:   6
MAX 90 OR ABOVE:   9    0.10 INCH OR MORE:   6
MIN 32 OR BELOW:   0    0.50 INCH OR MORE:   1
MIN  0 OR BELOW:   0    1.00 INCH OR MORE:   0

[HDD (BASE 65) ]
TOTAL THIS MO.     0    CLEAR  (SCALE 0-3)  17
DPTR FM NORMAL     0    PTCLDY (SCALE 4-7)   4
TOTAL FM JUL 1   198    CLOUDY (SCALE 8-10)  0
DPTR FM NORMAL   -62

[CDD (BASE 65) ]
TOTAL THIS MO.   295
DPTR FM NORMAL    34    [PRESSURE DATA]
TOTAL FM JAN 1  1188    HIGHEST SLP M ON M
DPTR FM NORMAL   307    LOWEST  SLP 29.86 ON  1

[REMARKS]
