000
CXUS53 KAPX 270631
CF6APN
PRELIMINARY LOCAL CLIMATOLOGICAL DATA (WS FORM: F-6)

                                          STATION:   ALPENA MI
                                          MONTH:     AUGUST
                                          YEAR:      2016
                                          LATITUDE:   45  4 N
                                          LONGITUDE:  83 34 W

  TEMPERATURE IN F:       :PCPN:    SNOW:  WIND      :SUNSHINE: SKY     :PK WND
================================================================================
1   2   3   4   5  6A  6B    7    8   9   10  11  12  13   14  15   16   17  18
                                     12Z  AVG MX 2MIN
DY MAX MIN AVG DEP HDD CDD  WTR  SNW DPTH SPD SPD DIR MIN PSBL S-S WX    SPD DR
================================================================================

 1  81  57  69   2   0   4 0.00  0.0    0  3.5 14 150   M    M   2        19 100
 2  86  54  70   3   0   5 0.00  0.0    0  5.0 15 130   M    M   1        20 130
 3  91  62  77  10   0  12    T  0.0    0  4.6 14 110   M    M   3        18 110
 4  95  65  80  13   0  15 0.00  0.0    0  7.3 20 180   M    M   1 1      24 180
 5  89  64  77  10   0  12    T  0.0    0  8.5 17 310   M    M   3        25 320
 6  86  60  73   6   0   8 0.00  0.0    0  8.0 17 320   M    M   3        22 320
 7  83  54  69   2   0   4 0.00  0.0    0  7.0 16 360   M    M   1        22  10
 8  84  48  66   0   0   1 0.00  0.0    0  4.4 16 100   M    M   0        20 110
 9  90  49  70   4   0   5 0.00  0.0    0  6.2 20 180   M    M   0 1      25 180
10  97  60  79  13   0  14 0.00  0.0    0  5.6 18  20   M    M   1        21  20
11  93  63  78  12   0  13    T  0.0    0  5.8 17 240   M    M   3        25 240
12  79  67  73   7   0   8 0.01  0.0    0  7.8 14 290   M    M   9 18     21 240
13  72  67  70   4   0   5 0.58  0.0    0  6.8 15  50   M    M  10 18     18  50
14  83  61  72   6   0   7 0.00  0.0    0  5.0 13  80   M    M   7        19 310
15  84  60  72   6   0   7 0.00  0.0    0  3.3 14 150   M    M   3 12     17 130
16  83  65  74   8   0   9 0.13  0.0    0  5.9 16 130   M    M   4 12     22 150
17  78  61  70   5   0   5 0.13  0.0    0  3.3  9 100   M    M   3 1      13 290
18  87  59  73   8   0   8 0.01  0.0    0  3.5 15 120   M    M   3 13     24 350
19  86  61  74   9   0   9 0.07  0.0    0  4.8 17 190   M    M   2 13     28 250
20  82  63  73   8   0   8 0.07  0.0    0  8.3 22 180   M    M   3 13     29 180
21  72  54  63  -2   2   0    T  0.0    0  9.6 21 320   M    M   7        31 300
22  77  48  63  -2   2   0 0.00  0.0    0  5.9 13 120   M    M   1        21 180
23  87  59  73   9   0   8 0.00  0.0    0  7.3 16 210   M    M   1        23 220
24  82  56  69   5   0   4 0.13  0.0    0  8.3 20 180   M    M   3 1      25 170
25  86  64  75  11   0  10 0.00  0.0    0  5.1 12 270   M    M   0 1      17 260
26  82  60  71   7   0   6 0.00  0.0    0  4.5 14 110   M    M   3        19 270
================================================================================
SM 2195 1541         4 187  1.13     0.0 155.3          M       77
================================================================================
AV 84.4 59.3                               6.0 FASTST   M    M   3    MAX(MPH)
                                 MISC ---->  # 22 180               # 31  300
================================================================================
NOTES:
# LAST OF SEVERAL OCCURRENCES

COLUMN 17 PEAK WIND IN M.P.H.

PRELIMINARY LOCAL CLIMATOLOGICAL DATA (WS FORM: F-6) , PAGE 2

                                          STATION:  ALPENA MI
                                          MONTH:    AUGUST
                                          YEAR:     2016
                                          LATITUDE:   45  4 N
                                          LONGITUDE:  83 34 W

[TEMPERATURE DATA]      [PRECIPITATION DATA]       SYMBOLS USED IN COLUMN 16

AVERAGE MONTHLY: 71.8   TOTAL FOR MONTH:   1.13    1 = FOG OR MIST
DPTR FM NORMAL:   6.1   DPTR FM NORMAL:   -1.56    2 = FOG REDUCING VISIBILITY
HIGHEST:    97 ON 10    GRTST 24HR  0.59 ON 12-13      TO 1/4 MILE OR LESS
LOWEST:     48 ON 22, 8                            3 = THUNDER
                        SNOW, ICE PELLETS, HAIL    4 = ICE PELLETS
                        TOTAL MONTH:   0.0 INCH    5 = HAIL
                        GRTST 24HR     0.0         6 = FREEZING RAIN OR DRIZZLE
                        GRTST DEPTH:   0           7 = DUSTSTORM OR SANDSTORM:
                                                       VSBY 1/2 MILE OR LESS
                                                   8 = SMOKE OR HAZE
[NO. OF DAYS WITH]      [WEATHER - DAYS WITH]      9 = BLOWING SNOW
                                                   X = TORNADO
MAX 32 OR BELOW:   0    0.01 INCH OR MORE:   8
MAX 90 OR ABOVE:   5    0.10 INCH OR MORE:   4
MIN 32 OR BELOW:   0    0.50 INCH OR MORE:   1
MIN  0 OR BELOW:   0    1.00 INCH OR MORE:   0

[HDD (BASE 65) ]
TOTAL THIS MO.     4    CLEAR  (SCALE 0-3)  17
DPTR FM NORMAL   -50    PTCLDY (SCALE 4-7)   7
TOTAL FM JUL 1    21    CLOUDY (SCALE 8-10)  2
DPTR FM NORMAL   -77

[CDD (BASE 65) ]
TOTAL THIS MO.   187
DPTR FM NORMAL   117    [PRESSURE DATA]
TOTAL FM JAN 1   475    HIGHEST SLP M ON M
DPTR FM NORMAL   220    LOWEST  SLP 29.45 ON 20

[REMARKS]
