000
CXUS51 KBUF 211020
CF6ART
PRELIMINARY LOCAL CLIMATOLOGICAL DATA (WS FORM: F-6)

                                          STATION:   WATERTOWN NY
                                          MONTH:     JULY
                                          YEAR:      2017
                                          LATITUDE:   43 59 N
                                          LONGITUDE:  76  2 W

  TEMPERATURE IN F:       :PCPN:    SNOW:  WIND      :SUNSHINE: SKY     :PK WND
================================================================================
1   2   3   4   5  6A  6B    7    8   9   10  11  12  13   14  15   16   17  18
                                     12Z  AVG MX 2MIN
DY MAX MIN AVG DEP HDD CDD  WTR  SNW DPTH SPD SPD DIR MIN PSBL S-S WX    SPD DR
================================================================================

 1  77  65  71   4   0   6 0.13    M    M  6.9 17 250   M    M   6 1      26 260
 2  74  61  68   0   0   3 0.37    M    M  7.9 25 310   M    M   4 13     32 320
 3  73  58  66  -2   0   1 0.01    M    M  6.9 15 220   M    M   2 1      20 230
 4  80  53  67  -1   0   2 0.00    M    M  3.5 10 290   M    M   2 1      13 300
 5  82  49  66  -2   0   1 0.00    M    M  2.7 14 260   M    M   1 1      18 260
 6  81  64  73   5   0   8 0.00    M    M  7.4 14 220   M    M   5        21 210
 7  79  65  72   4   0   7 0.01    M    M  7.4 17 260   M    M   3 13     22 260
 8  77  59  68   0   0   3 0.64    M    M  6.8 28 290   M    M   6 138    34 290
 9  76  54  65  -3   0   0 0.00    M    M  8.4 20 210   M    M   6        27 220
10  80  65  73   4   0   8    T    M    M  7.2 18 220   M    M   5 18     23 200
11  79  62  71   2   0   6    T    M    M  5.9 17 260   M    M   3 1      20 260
12  84  59  72   3   0   7 1.09    M    M  5.9 15  20   M    M   1 1      18  20
13  69  57  63  -6   2   0 0.25    M    M  8.0 15  30   M    M   8 1      19  40
14  79  62  71   2   0   6 0.08    M    M  5.6 14 260   M    M   9 18     18 270
15  76  65  71   2   0   6 0.07    M    M  7.8 17 260   M    M   6 1      24 260
16  80  63  72   3   0   7 0.05    M    M  5.2 13 270   M    M   2 1      18 270
17  82  61  72   3   0   7 0.31    M    M  4.9 15  50   M    M   5 123    18 300
18  80  60  70   1   0   5 0.00    M    M  5.1 14 260   M    M   1 12     16 260
19  82  59  71   2   0   6 0.00    M    M  6.1 17 220   M    M   1 18     22 230
20  77  62  70   1   0   5 0.05    M    M  6.1 22 330   M    M   2 18     27 150
================================================================================
SM 1567 1203         2  94  3.06    M    125.7          M       78
================================================================================
AV 78.4 60.2                               6.3 FASTST   M    M   4    MAX(MPH)
                                 MISC ---->  # 28 290               # 34  290
================================================================================
NOTES:
# LAST OF SEVERAL OCCURRENCES

COLUMN 17 PEAK WIND IN M.P.H.

PRELIMINARY LOCAL CLIMATOLOGICAL DATA (WS FORM: F-6) , PAGE 2

                                          STATION:  WATERTOWN NY
                                          MONTH:    JULY
                                          YEAR:     2017
                                          LATITUDE:   43 59 N
                                          LONGITUDE:  76  2 W

[TEMPERATURE DATA]      [PRECIPITATION DATA]       SYMBOLS USED IN COLUMN 16

AVERAGE MONTHLY: 69.3   TOTAL FOR MONTH:   3.06    1 = FOG OR MIST
DPTR FM NORMAL:   0.8   DPTR FM NORMAL:    1.41    2 = FOG REDUCING VISIBILITY
HIGHEST:    84 ON 12    GRTST 24HR  1.09 ON 12-12      TO 1/4 MILE OR LESS
LOWEST:     49 ON  5                               3 = THUNDER
                        SNOW, ICE PELLETS, HAIL    4 = ICE PELLETS
                        TOTAL MONTH:    M          5 = HAIL
                        GRTST 24HR    M  ON   M    6 = FREEZING RAIN OR DRIZZLE
                        GRTST DEPTH:  M  ON   M    7 = DUSTSTORM OR SANDSTORM:
                                                       VSBY 1/2 MILE OR LESS
                                                   8 = SMOKE OR HAZE
[NO. OF DAYS WITH]      [WEATHER - DAYS WITH]      9 = BLOWING SNOW
                                                   X = TORNADO
MAX 32 OR BELOW:   0    0.01 INCH OR MORE:  12
MAX 90 OR ABOVE:   0    0.10 INCH OR MORE:   6
MIN 32 OR BELOW:   0    0.50 INCH OR MORE:   2
MIN  0 OR BELOW:   0    1.00 INCH OR MORE:   1

[HDD (BASE 65) ]
TOTAL THIS MO.     2    CLEAR  (SCALE 0-3)   9
DPTR FM NORMAL   -19    PTCLDY (SCALE 4-7)  10
TOTAL FM JUL 1     2    CLOUDY (SCALE 8-10)  1
DPTR FM NORMAL   -19

[CDD (BASE 65) ]
TOTAL THIS MO.    94
DPTR FM NORMAL     5    [PRESSURE DATA]
TOTAL FM JAN 1   193    HIGHEST SLP M ON M
DPTR FM NORMAL    31    LOWEST  SLP 29.68 ON  8

[REMARKS]
