000
CXUS53 KARX 271630
CF6ARX
PRELIMINARY LOCAL CLIMATOLOGICAL DATA (WS FORM: F-6)

                                          STATION:   La Crosse Weather Office WI
                                          MONTH:     SEPTEMBER
                                          YEAR:      2016
                                          LATITUDE:   43 49 N
                                          LONGITUDE:  91 12 W

  TEMPERATURE IN F:       :PCPN:    SNOW:  WIND      :SUNSHINE: SKY     :PK WND
================================================================================
1   2   3   4   5  6A  6B    7    8   9   10  11  12  13   14  15   16   17  18
                                     12Z  AVG MX 2MIN
DY MAX MIN AVG DEP HDD CDD  WTR  SNW DPTH SPD SPD DIR MIN PSBL S-S WX    SPD DR
================================================================================

 1  71  53  62  -4   3   0 0.00  0.0    0   M   M   M   M    M   M        13  50
 2  73  51  62  -4   3   0 0.00  0.0    0   M   M   M   M    M   M        14 160
 3  75  56  66   0   0   1 0.00  0.0    0   M   M   M   M    M   M        20 190
 4  76  59  68   2   0   3 0.00  0.0    0   M   M   M   M    M   M        25 170
 5  80  65  73   8   0   8 0.54  0.0    0   M   M   M   M    M   M 3      29  M
 6  83  67  75  10   0  10 1.52  0.0    0   M   M   M   M    M   M 3      24  M
 7  74  65  70   6   0   5 0.95  0.0    0   M   M   M   M    M   M 123    27  M
 8  75  63  69   5   0   4 0.00  0.0    0   M   M   M   M    M   M 12     20  M
 9  67  58  63  -1   2   0 1.84  0.0    0   M   M   M   M    M   M 123    25  M
10  68  55  62  -1   3   0 0.23  0.0    0   M   M   M   M    M   M 12     28  M
11  73  51  62  -1   3   0 0.00  0.0    0   M   M   M   M    M   M        23  M
12  77  59  68   5   0   3    T  0.0    0   M   M   M   M    M   M        25  M
13  68  55  62   0   3   0 0.59  0.0    0   M   M   M   M    M   M 13     19  M
14  69  51  60  -2   5   0    T  0.0    0   M   M   M   M    M   M         9  M
15  76  52  64   3   1   0 0.59  0.0    0   M   M   M   M    M   M 3      24  M
16  72  62  67   6   0   2 0.29  0.0    0   M   M   M   M    M   M 12     26  M
17  68  56  62   1   3   0 0.00  0.0    0   M   M   M   M    M   M        21  M
18  77  54  66   6   0   1 0.00  0.0    0   M   M   M   M    M   M        25  M
19  74  60  67   7   0   2 0.02  0.0    0   M   M   M   M    M   M 3      23  M
20  78  57  68   9   0   3 0.00  0.0    0   M   M   M   M    M   M        21  M
21  72  60  66   7   0   1 2.68  0.0    0   M   M   M   M    M   M 3      44  M
22  73  61  67   9   0   2 1.60  0.0    0   M   M   M   M    M   M 3      28  M
23  63  57  60   2   5   0 0.03  0.0    0   M   M   M   M    M   M 12     20  M
24  67  60  64   6   1   0 0.00  0.0    0   M   M   M   M    M   M        16  M
25  71  53  62   5   3   0 0.02  0.0    0   M   M   M   M    M   M        26  M
26  63  47  55  -2  10   0 0.00  0.0    0   M   M   M   M    M   M        41  M
================================================================================
SM 1883 1487        45  45 10.90     0.0     M          M        M
================================================================================
AV 72.4 57.2                                 M FASTST   M    M   4    MAX(MPH)
                                 MISC ---->     M   M                 44    M
================================================================================
NOTES:
# LAST OF SEVERAL OCCURRENCES

COLUMN 17 PEAK WIND IN M.P.H.

PRELIMINARY LOCAL CLIMATOLOGICAL DATA (WS FORM: F-6) , PAGE 2

                                          STATION:  La Crosse Weather Office WI
                                          MONTH:    SEPTEMBER
                                          YEAR:     2016
                                          LATITUDE:   43 49 N
                                          LONGITUDE:  91 12 W

[TEMPERATURE DATA]      [PRECIPITATION DATA]       SYMBOLS USED IN COLUMN 16

AVERAGE MONTHLY: 64.8   TOTAL FOR MONTH:  10.90    1 = FOG OR MIST
DPTR FM NORMAL:   3.0   DPTR FM NORMAL:    7.61    2 = FOG REDUCING VISIBILITY
HIGHEST:    83 ON  6    GRTST 24HR  2.68 ON 21-21      TO 1/4 MILE OR LESS
LOWEST:     47 ON 26                               3 = THUNDER
                        SNOW, ICE PELLETS, HAIL    4 = ICE PELLETS
                        TOTAL MONTH:   0.0 INCH    5 = HAIL
                        GRTST 24HR     0.0         6 = FREEZING RAIN OR DRIZZLE
                        GRTST DEPTH:   0           7 = DUSTSTORM OR SANDSTORM:
                                                       VSBY 1/2 MILE OR LESS
                                                   8 = SMOKE OR HAZE
[NO. OF DAYS WITH]      [WEATHER - DAYS WITH]      9 = BLOWING SNOW
                                                   X = TORNADO
MAX 32 OR BELOW:   0    0.01 INCH OR MORE:  13
MAX 90 OR ABOVE:   0    0.10 INCH OR MORE:  10
MIN 32 OR BELOW:   0    0.50 INCH OR MORE:   8
MIN  0 OR BELOW:   0    1.00 INCH OR MORE:   4

[HDD (BASE 65) ]
TOTAL THIS MO.    45    CLEAR  (SCALE 0-3)   0
DPTR FM NORMAL   -81    PTCLDY (SCALE 4-7)   0
TOTAL FM JUL 1    59    CLOUDY (SCALE 8-10)  0
DPTR FM NORMAL  -103

[CDD (BASE 65) ]
TOTAL THIS MO.    45
DPTR FM NORMAL     3    [PRESSURE DATA]
TOTAL FM JAN 1   607    HIGHEST SLP M ON M
DPTR FM NORMAL   109    LOWEST  SLP M ON M

[REMARKS]
