000
CXUS53 KARX 280930
CF6ARX
PRELIMINARY LOCAL CLIMATOLOGICAL DATA (WS FORM: F-6)

                                          STATION:   La Crosse Weather Office WI
                                          MONTH:     NOVEMBER
                                          YEAR:      2014
                                          LATITUDE:   43 49 N
                                          LONGITUDE:  91 12 W

  TEMPERATURE IN F:       :PCPN:    SNOW:  WIND      :SUNSHINE: SKY     :PK WND
================================================================================
1   2   3   4   5  6A  6B    7    8   9   10  11  12  13   14  15   16   17  18
                                     12Z  AVG MX 2MIN
DY MAX MIN AVG DEP HDD CDD  WTR  SNW DPTH SPD SPD DIR MIN PSBL S-S WX    SPD DR
================================================================================

 1  41  22  32 -10  33   0 0.00  0.0    0   M   M   M   M    M   M        20 170
 2  54  32  43   2  22   0 0.00  0.0    0   M   M   M   M    M   M        32  M
 3  57  41  49   9  16   0 0.02  0.0    0   M   M   M   M    M   M        25  M
 4  53  37  45   5  20   0 0.02  0.0    0   M   M   M   M    M   M        25  M
 5  48  33  41   1  24   0 0.05  0.0    0   M   M   M   M    M   M        23  M
 6  38  30  34  -5  31   0 0.04    T    0   M   M   M   M    M   M        29  M
 7  39  28  34  -4  31   0 0.02    T    0   M   M   M   M    M   M 4      27  M
 8  40  34  37  -1  28   0 0.02  0.0    0   M   M   M   M    M   M        35  M
 9  43  31  37   0  28   0    T    T    0   M   M   M   M    M   M        24  M
10  40  29  35  -2  30   0 0.01    T    0   M   M   M   M    M   M        14  M
11  29  20  25 -11  40   0 0.16  2.1    1   M   M   M   M    M   M 6      27  M
12  23  13  18 -18  47   0    T    T    1   M   M   M   M    M   M        21  M
13  22  16  19 -16  46   0 0.01  0.6    1   M   M   M   M    M   M        21  M
14  21  11  16 -19  49   0    T  0.1    2   M   M   M   M    M   M        12  M
15  20   9  15 -19  50   0 0.10  0.7    2   M   M   M   M    M   M        14  M
16  22   8  15 -19  50   0 0.02  0.3    3   M   M   M   M    M   M        27  M
17  11   6   9 -24  56   0    T    T    3   M   M   M   M    M   M        30  M
18  14   5  10 -22  55   0    T    T    3   M   M   M   M    M   M        14  M
19  21  14  18 -14  47   0 0.03  0.6    4   M   M   M   M    M   M        31  M
20  18   7  13 -18  52   0 0.00  0.0    4   M   M   M   M    M   M        26  M
21  30   5  18 -13  47   0 0.00  0.0    4   M   M   M   M    M   M        32  M
22  49  29  39   9  26   0    T    T    3   M   M   M   M    M   M 126    25  M
23  50  37  44  14  21   0 0.23  0.0    0   M   M   M   M    M   M         M  M
24  37  18  28  -1  37   0 0.36  3.4    0   M   M   M   M    M   M         M  M
25  23  14  19 -10  46   0    T    T    3   M   M   M   M    M   M         M  M
26  25  15  20  -8  45   0 0.04  0.6    3   M   M   M   M    M   M         M  M
27  20   3  12 -16  53   0    T    T    4   M   M   M   M    M   M        23 330
================================================================================
SM  888  547      1030   0  1.13     8.4     M          M        M
================================================================================
AV 32.9 20.3                                 M FASTST   M    M   6    MAX(MPH)
                                 MISC ---->     M   M                 35    M
================================================================================
NOTES:
# LAST OF SEVERAL OCCURRENCES

COLUMN 17 PEAK WIND IN M.P.H.

PRELIMINARY LOCAL CLIMATOLOGICAL DATA (WS FORM: F-6) , PAGE 2

                                          STATION:  La Crosse Weather Office WI
                                          MONTH:    NOVEMBER
                                          YEAR:     2014
                                          LATITUDE:   43 49 N
                                          LONGITUDE:  91 12 W

[TEMPERATURE DATA]      [PRECIPITATION DATA]       SYMBOLS USED IN COLUMN 16

AVERAGE MONTHLY: 26.6   TOTAL FOR MONTH:   1.13    1 = FOG OR MIST
DPTR FM NORMAL:  -8.1   DPTR FM NORMAL:   -0.89    2 = FOG REDUCING VISIBILITY
HIGHEST:    57 ON  3    GRTST 24HR  0.36 ON 24-24      TO 1/4 MILE OR LESS
LOWEST:      3 ON 27                               3 = THUNDER
                        SNOW, ICE PELLETS, HAIL    4 = ICE PELLETS
                        TOTAL MONTH:   8.4 INCHES  5 = HAIL
                        GRTST 24HR   3.4 ON   M    6 = FREEZING RAIN OR DRIZZLE
                        GRTST DEPTH:   4 ON 27,21  7 = DUSTSTORM OR SANDSTORM:
                                                       VSBY 1/2 MILE OR LESS
                                                   8 = SMOKE OR HAZE
[NO. OF DAYS WITH]      [WEATHER - DAYS WITH]      9 = BLOWING SNOW
                                                   X = TORNADO
MAX 32 OR BELOW:  14    0.01 INCH OR MORE:  15
MAX 90 OR ABOVE:   0    0.10 INCH OR MORE:   4
MIN 32 OR BELOW:  22    0.50 INCH OR MORE:   0
MIN  0 OR BELOW:   0    1.00 INCH OR MORE:   0

[HDD (BASE 65) ]
TOTAL THIS MO.  1030    CLEAR  (SCALE 0-3)   0
DPTR FM NORMAL   208    PTCLDY (SCALE 4-7)   0
TOTAL FM JUL 1  1782    CLOUDY (SCALE 8-10)  0
DPTR FM NORMAL   235

[CDD (BASE 65) ]
TOTAL THIS MO.     0
DPTR FM NORMAL     0    [PRESSURE DATA]
TOTAL FM JAN 1   438    HIGHEST SLP M ON M
DPTR FM NORMAL   -71    LOWEST  SLP M ON M

[REMARKS]
