000
CXUS55 KGJT 281000
CF6ASE
PRELIMINARY LOCAL CLIMATOLOGICAL DATA (WS FORM: F-6)

                                          STATION:   ASPEN CO
                                          MONTH:     MARCH
                                          YEAR:      2015
                                          LATITUDE:   39 13 N
                                          LONGITUDE: 106 52 W

  TEMPERATURE IN F:       :PCPN:    SNOW:  WIND      :SUNSHINE: SKY     :PK WND
================================================================================
1   2   3   4   5  6A  6B    7    8   9   10  11  12  13   14  15   16   17  18
                                     12Z  AVG MX 2MIN
DY MAX MIN AVG DEP HDD CDD  WTR  SNW DPTH SPD SPD DIR MIN PSBL S-S WX    SPD DR
================================================================================

 1  36  24  30   4  35   0 0.10    M    M  2.6  9 140   M    M   9 18     13 140
 2  46  28  37  11  28   0 0.29    M    M  7.3 25 170   M    M  10 1      35 200
 3  33  18  26  -1  39   0 0.07    M    M  5.1 15 350   M    M   7 1      21 360
 4  25   3  14 -13  51   0 0.01    M    M  8.1 21 320   M    M   6 18     30 320
 5  36  -4  16 -11  49   0 0.00    M    M  7.2 13 210   M    M   0        15 320
 6  44   7  26  -2  39   0 0.00    M    M  5.7 12 220   M    M   0        14 220
 7  47  11  29   1  36   0 0.00    M    M  6.1 12 220   M    M   0        15 210
 8  48  19  34   6  31   0 0.00    M    M  7.4 13 330   M    M   0        17 320
 9  47  17  32   3  33   0 0.00    M    M  6.7 14 330   M    M   0        18 330
10  50  20  35   6  30   0 0.00    M    M  7.2 12 220   M    M   0        15 210
11  54  21  38   9  27   0 0.00    M    M  5.7 12 330   M    M   0        14 340
12  48  27  38   8  27   0    T    M    M  5.1 12 330   M    M   4        15 330
13  50  29  40  10  25   0    T    M    M  5.1 14  40   M    M   5        19 350
14  54  24  39   9  26   0 0.00    M    M  7.0 13 330   M    M   0        15 330
15  64  27  46  15  19   0 0.00    M    M  6.1 12 210   M    M   0        16 330
16  64  30  47  16  18   0 0.00    M    M  7.2 16 320   M    M   0        20 310
17  64  29  47  16  18   0 0.00    M    M  4.9 14 250   M    M   3        21 230
18  55  33  44  12  21   0 0.47    M    M  4.0 16 300   M    M   9 1      21 310
19  51  32  42  10  23   0 0.06    M    M  3.4 15 240   M    M   8 1      19 250
20  56  25  41   9  24   0 0.00    M    M  6.1 12 220   M    M   0        18 330
21  59  25  42   9  23   0 0.00    M    M  6.7 15 330   M    M   0        20 350
22  59  28  44  11  21   0 0.00    M    M  5.9 13  10   M    M   2        22 280
23  55  31  43  10  22   0 0.10    M    M  6.8 30 210   M    M   6 1      39 200
24  48  20  34   0  31   0 0.08    M    M  4.9 17 200   M    M   6 1      26 340
25  39  24  32  -2  33   0 0.18    M    M  4.9 22 320   M    M   8 18     30 330
26  52  18  35   1  30   0 0.00    M    M  6.2 15 330   M    M   1        18 330
27  60  27  44  10  21   0 0.00    M    M  7.6 20 330   M    M   1        26 360
================================================================================
SM 1344  593       780   0  1.36    M    161.0          M       85
================================================================================
AV 49.8 22.0                               6.0 FASTST   M    M   3    MAX(MPH)
                                 MISC ---->  # 30 210               # 39  200
================================================================================
NOTES:
# LAST OF SEVERAL OCCURRENCES

COLUMN 17 PEAK WIND IN M.P.H.

PRELIMINARY LOCAL CLIMATOLOGICAL DATA (WS FORM: F-6) , PAGE 2

                                          STATION:  ASPEN CO
                                          MONTH:    MARCH
                                          YEAR:     2015
                                          LATITUDE:   39 13 N
                                          LONGITUDE: 106 52 W

[TEMPERATURE DATA]      [PRECIPITATION DATA]       SYMBOLS USED IN COLUMN 16

AVERAGE MONTHLY: 35.9   TOTAL FOR MONTH:   1.36    1 = FOG OR MIST
DPTR FM NORMAL:   5.6   DPTR FM NORMAL:    0.26    2 = FOG REDUCING VISIBILITY
HIGHEST:    64 ON 17,16 GRTST 24HR  0.47 ON 18-18      TO 1/4 MILE OR LESS
LOWEST:     -4 ON  5                               3 = THUNDER
                        SNOW, ICE PELLETS, HAIL    4 = ICE PELLETS
                        TOTAL MONTH:    M          5 = HAIL
                        GRTST 24HR    M  ON   M    6 = FREEZING RAIN OR DRIZZLE
                        GRTST DEPTH:  M  ON   M    7 = DUSTSTORM OR SANDSTORM:
                                                       VSBY 1/2 MILE OR LESS
                                                   8 = SMOKE OR HAZE
[NO. OF DAYS WITH]      [WEATHER - DAYS WITH]      9 = BLOWING SNOW
                                                   X = TORNADO
MAX 32 OR BELOW:   1    0.01 INCH OR MORE:   9
MAX 90 OR ABOVE:   0    0.10 INCH OR MORE:   5
MIN 32 OR BELOW:  26    0.50 INCH OR MORE:   0
MIN  0 OR BELOW:   1    1.00 INCH OR MORE:   0

[HDD (BASE 65) ]
TOTAL THIS MO.   780    CLEAR  (SCALE 0-3)  16
DPTR FM NORMAL  -157    PTCLDY (SCALE 4-7)   8
TOTAL FM JUL 1  6276    CLOUDY (SCALE 8-10)  3
DPTR FM NORMAL  -980

[CDD (BASE 65) ]
TOTAL THIS MO.     0
DPTR FM NORMAL     0    [PRESSURE DATA]
TOTAL FM JAN 1     0    HIGHEST SLP M ON M
DPTR FM NORMAL     0    LOWEST  SLP 29.43 ON  2

[REMARKS]
