000
CXUS55 KGJT 221000
CF6ASE
PRELIMINARY LOCAL CLIMATOLOGICAL DATA (WS FORM: F-6)

                                          STATION:   ASPEN CO
                                          MONTH:     JANUARY
                                          YEAR:      2017
                                          LATITUDE:   39 13 N
                                          LONGITUDE: 106 52 W

  TEMPERATURE IN F:       :PCPN:    SNOW:  WIND      :SUNSHINE: SKY     :PK WND
================================================================================
1   2   3   4   5  6A  6B    7    8   9   10  11  12  13   14  15   16   17  18
                                     12Z  AVG MX 2MIN
DY MAX MIN AVG DEP HDD CDD  WTR  SNW DPTH SPD SPD DIR MIN PSBL S-S WX    SPD DR
================================================================================

 1  37   8  23   4  42   0 0.00    M    M  4.1 10 220   M    M   4        12 210
 2  34  20  27   8  38   0    T    M    M  3.8 15 170   M    M   9 1      19 180
 3  31  20  26   6  39   0 0.04    M    M  4.1 15 340   M    M  10 18     18 340
 4  35  21  28   8  37   0    T    M    M  4.5 17 350   M    M  10 18     30 350
 5  36   9  23   3  42   0 0.29    M    M  6.7 29 340   M    M  10 12     40 330
 6  15  -9   3 -17  62   0 0.02    M    M  5.4 12 220   M    M   2 18     13 220
 7  19 -12   4 -16  61   0    T    M    M  3.0 10 190   M    M   5 18     11 180
 8  37  16  27   7  38   0 0.07    M    M  2.4 12 230   M    M  10 1      15 230
 9  40  26  33  13  32   0 0.37    M    M  6.9 36 340   M    M  10 12     52 340
10  38  24  31  11  34   0 0.02    M    M  6.6 22 170   M    M   9 18     27 350
11  37  25  31  11  34   0 0.13    M    M  5.5 23 340   M    M  10 18     34 330
12  36  22  29   9  36   0 0.02    M    M  4.3 16 190   M    M  10 1      20 200
13  41  21  31  11  34   0 0.06    M    M  3.6 17 180   M    M   9 1      21 180
14  34  18  26   6  39   0 0.08    M    M  1.8  7 190   M    M   9 128    10 210
15  33  22  28   8  37   0 0.02    M    M  1.8  8 330   M    M   8 12     10 330
16  33  19  26   6  39   0    T    M    M  4.4  8 350   M    M   9 1      10  10
17  36  10  23   3  42   0 0.00    M    M  5.1  9 220   M    M   3        11 170
18  34   8  21   1  44   0 0.00    M    M  5.4 12 210   M    M   2        17 220
19  37   3  20   0  45   0 0.07    M    M  3.0 12 330   M    M   4 18     14 310
20  31  14  23   3  42   0 0.09    M    M  3.1 12 340   M    M   8 1      16 330
21  31   7  19  -1  46   0 0.07    M    M  4.3 16 350   M    M   7 18     19 360
================================================================================
SM  705  292       863   0  1.35    M     89.8          M      158
================================================================================
AV 33.6 13.9                               4.3 FASTST   M    M   8    MAX(MPH)
                                 MISC ---->  # 36 340               # 52  340
================================================================================
NOTES:
# LAST OF SEVERAL OCCURRENCES

COLUMN 17 PEAK WIND IN M.P.H.

PRELIMINARY LOCAL CLIMATOLOGICAL DATA (WS FORM: F-6) , PAGE 2

                                          STATION:  ASPEN CO
                                          MONTH:    JANUARY
                                          YEAR:     2017
                                          LATITUDE:   39 13 N
                                          LONGITUDE: 106 52 W

[TEMPERATURE DATA]      [PRECIPITATION DATA]       SYMBOLS USED IN COLUMN 16

AVERAGE MONTHLY: 23.7   TOTAL FOR MONTH:   1.35    1 = FOG OR MIST
DPTR FM NORMAL:   3.8   DPTR FM NORMAL:    0.62    2 = FOG REDUCING VISIBILITY
HIGHEST:    41 ON 13    GRTST 24HR  0.37 ON  9- 9      TO 1/4 MILE OR LESS
LOWEST:    -12 ON  7                               3 = THUNDER
                        SNOW, ICE PELLETS, HAIL    4 = ICE PELLETS
                        TOTAL MONTH:    M          5 = HAIL
                        GRTST 24HR    M  ON   M    6 = FREEZING RAIN OR DRIZZLE
                        GRTST DEPTH:  M  ON   M    7 = DUSTSTORM OR SANDSTORM:
                                                       VSBY 1/2 MILE OR LESS
                                                   8 = SMOKE OR HAZE
[NO. OF DAYS WITH]      [WEATHER - DAYS WITH]      9 = BLOWING SNOW
                                                   X = TORNADO
MAX 32 OR BELOW:   5    0.01 INCH OR MORE:  14
MAX 90 OR ABOVE:   0    0.10 INCH OR MORE:   3
MIN 32 OR BELOW:  21    0.50 INCH OR MORE:   0
MIN  0 OR BELOW:   2    1.00 INCH OR MORE:   0

[HDD (BASE 65) ]
TOTAL THIS MO.   863    CLEAR  (SCALE 0-3)   3
DPTR FM NORMAL   -85    PTCLDY (SCALE 4-7)   4
TOTAL FM JUL 1  3991    CLOUDY (SCALE 8-10) 14
DPTR FM NORMAL  -678

[CDD (BASE 65) ]
TOTAL THIS MO.     0
DPTR FM NORMAL     0    [PRESSURE DATA]
TOTAL FM JAN 1     0    HIGHEST SLP M ON M
DPTR FM NORMAL     0    LOWEST  SLP 29.30 ON 21

[REMARKS]
