934
CXUS56 KPQR 261200
CF6AST
PRELIMINARY LOCAL CLIMATOLOGICAL DATA (WS FORM: F-6)

                                          STATION:   ASTORIA OR
                                          MONTH:     JULY
                                          YEAR:      2016
                                          LATITUDE:   46  9 N
                                          LONGITUDE: 123 53 W

  TEMPERATURE IN F:       :PCPN:    SNOW:  WIND      :SUNSHINE: SKY     :PK WND
================================================================================
1   2   3   4   5  6A  6B    7    8   9   10  11  12  13   14  15   16   17  18
                                     12Z  AVG MX 2MIN
DY MAX MIN AVG DEP HDD CDD  WTR  SNW DPTH SPD SPD DIR MIN PSBL S-S WX    SPD DR
================================================================================

 1  71  54  63   4   2   0 0.00  0.0    0  5.2 13 280   M    M   6        20 300
 2  66  59  63   4   2   0 0.01  0.0    0  8.3 14 310   M    M  10 1      17 330
 3  66  57  62   3   3   0 0.06  0.0    0 11.7 20 310   M    M   8 1      24 310
 4  66  57  62   3   3   0    T  0.0    0  7.9 16 310   M    M  10        21 330
 5  67  54  61   2   4   0 0.00  0.0    0  6.3 14 290   M    M   7        19 270
 6  70  53  62   2   3   0 0.00  0.0    0  5.7 14 340   M    M   5 8      15 340
 7  65  57  61   1   4   0 0.18  0.0    0  7.8 17 220   M    M  10 1      23 180
 8  67  58  63   3   2   0 0.23  0.0    0 10.8 21 220   M    M   9 1      27 230
 9  65  57  61   1   4   0 0.36  0.0    0  9.0 22 190   M    M   9 1      30 180
10  70  56  63   3   2   0 0.18  0.0    0  8.5 22 320   M    M   6 1      27 320
11  69  57  63   3   2   0    T  0.0    0  4.1 13 280   M    M   7        14 280
12  68  55  62   2   3   0 0.07  0.0    0  6.3 15 240   M    M   8 18     21 210
13  71  55  63   3   2   0 0.00  0.0    0  9.4 21 320   M    M   5        26 320
14  69  52  61   1   4   0 0.00  0.0    0 13.4 23 330   M    M   3 1      28 320
15  66  60  63   3   2   0    T  0.0    0  7.6 17 330   M    M  10 18     24 340
16  69  59  64   4   1   0    T  0.0    0  6.7 13 250   M    M   9 18     21 280
17  67  58  63   3   2   0 0.01  0.0    0  5.0 14 240   M    M   8 1      17 240
18  69  59  64   3   1   0 0.00  0.0    0  8.9 24 220   M    M   8        32 220
19  70  58  64   3   1   0 0.00  0.0    0  7.3 20 220   M    M   7        26 240
20  73  54  64   3   1   0 0.00  0.0    0  7.4 15 320   M    M   2        21 290
21  71  54  63   2   2   0    T  0.0    0  5.8 15 270   M    M   7 128    19 240
22  69  60  65   4   0   0    T  0.0    0  7.1 16 260   M    M   9 18     19 240
23  68  57  63   2   2   0 0.01  0.0    0  7.4 22 240   M    M   8 1      30 220
24  74  52  63   2   2   0 0.00  0.0    0 11.0 23 320   M    M   1        27 310
25  72  60  66   5   0   1 0.01  0.0    0 10.2 18 290   M    M   9 1      22 310
================================================================================
SM 1718 1412        54   1  1.12     0.0 198.8          M      181
================================================================================
AV 68.7 56.5                               8.0 FASTST   M    M   7    MAX(MPH)
                                 MISC ---->  # 24 220               # 32  220
================================================================================
NOTES:
# LAST OF SEVERAL OCCURRENCES

COLUMN 17 PEAK WIND IN M.P.H.

PRELIMINARY LOCAL CLIMATOLOGICAL DATA (WS FORM: F-6) , PAGE 2

                                          STATION:  ASTORIA OR
                                          MONTH:    JULY
                                          YEAR:     2016
                                          LATITUDE:   46  9 N
                                          LONGITUDE: 123 53 W

[TEMPERATURE DATA]      [PRECIPITATION DATA]       SYMBOLS USED IN COLUMN 16

AVERAGE MONTHLY: 62.6   TOTAL FOR MONTH:   1.12    1 = FOG OR MIST
DPTR FM NORMAL:   2.5   DPTR FM NORMAL:    0.23    2 = FOG REDUCING VISIBILITY
HIGHEST:    74 ON 24    GRTST 24HR  0.54 ON  9-10      TO 1/4 MILE OR LESS
LOWEST:     52 ON 24,14                            3 = THUNDER
                        SNOW, ICE PELLETS, HAIL    4 = ICE PELLETS
                        TOTAL MONTH:   0.0 INCH    5 = HAIL
                        GRTST 24HR     0.0         6 = FREEZING RAIN OR DRIZZLE
                        GRTST DEPTH:   0           7 = DUSTSTORM OR SANDSTORM:
                                                       VSBY 1/2 MILE OR LESS
                                                   8 = SMOKE OR HAZE
[NO. OF DAYS WITH]      [WEATHER - DAYS WITH]      9 = BLOWING SNOW
                                                   X = TORNADO
MAX 32 OR BELOW:   0    0.01 INCH OR MORE:  10
MAX 90 OR ABOVE:   0    0.10 INCH OR MORE:   4
MIN 32 OR BELOW:   0    0.50 INCH OR MORE:   0
MIN  0 OR BELOW:   0    1.00 INCH OR MORE:   0

[HDD (BASE 65) ]
TOTAL THIS MO.    54    CLEAR  (SCALE 0-3)   2
DPTR FM NORMAL   -70    PTCLDY (SCALE 4-7)  12
TOTAL FM JUL 1    54    CLOUDY (SCALE 8-10) 11
DPTR FM NORMAL   -70

[CDD (BASE 65) ]
TOTAL THIS MO.     1
DPTR FM NORMAL     1    [PRESSURE DATA]
TOTAL FM JAN 1    10    HIGHEST SLP M ON M
DPTR FM NORMAL    10    LOWEST  SLP 29.88 ON  8

[REMARKS]
