769
CXUS56 KPQR 281200
CF6AST
PRELIMINARY LOCAL CLIMATOLOGICAL DATA (WS FORM: F-6)

                                          STATION:   ASTORIA OR
                                          MONTH:     APRIL
                                          YEAR:      2017
                                          LATITUDE:   46  9 N
                                          LONGITUDE: 123 53 W

  TEMPERATURE IN F:       :PCPN:    SNOW:  WIND      :SUNSHINE: SKY     :PK WND
================================================================================
1   2   3   4   5  6A  6B    7    8   9   10  11  12  13   14  15   16   17  18
                                     12Z  AVG MX 2MIN
DY MAX MIN AVG DEP HDD CDD  WTR  SNW DPTH SPD SPD DIR MIN PSBL S-S WX    SPD DR
================================================================================

 1  53  45  49   1  16   0 0.13    M    M  7.3 17 310   M    M  10 18     22 320
 2  54  42  48   0  17   0    T    M    M  7.7 21 320   M    M   8        25 310
 3  54  35  45  -3  20   0    T  0.0    0  4.8 16 320   M    M   2 1      19 320
 4  59  43  51   3  14   0 0.25  0.0    0  4.5 13  90   M    M   9 1      16 230
 5  53  45  49   1  16   0 1.27  0.0    0  5.3 21 180   M    M  10 1      29 170
 6  56  47  52   4  13   0 0.19  0.0    0  8.6 22 180   M    M   9 1      29 200
 7  55  43  49   1  16   0 0.76    M    0 19.9 39 190   M    M   9 1      56 190
 8  51  40  46  -2  19   0 0.29    M    0 10.6 22 240   M    M   6        43 150
 9  55  39  47  -1  18   0 0.20    M    0  7.6 20 190   M    M   7 1      24 170
10  52  38  45  -3  20   0 0.13    M    0 11.0 30 220   M    M   6 1      40 230
11  57  35  46  -2  19   0 0.23    M    0  6.6 16  70   M    M   5 1      20  50
12  54  45  50   2  15   0 0.65    M    0  9.4 25 200   M    M   9 1      36 220
13  51  44  48   0  17   0 0.48    M    0  8.6 21 210   M    M   8 1      29 240
14  52  42  47  -1  18   0 0.21    M    0  8.7 22 240   M    M   5        27 250
15  55  40  48   0  17   0 0.01    M    0  7.0 17 320   M    M   3 1      22 320
16  66  46  56   7   9   0    T    M    0  8.1 17 230   M    M   4        24 240
17  58  44  51   2  14   0 0.25    M    0  6.6 18 210   M    M   9 1      26 200
18  58  47  53   4  12   0 0.21    M    0  9.7 22 210   M    M   3 1      31 200
19  56  46  51   2  14   0 0.32    M    0  8.8 18 180   M    M   9 1      27 150
20  55  45  50   1  15   0 0.26    M    0  7.5 20 220   M    M   8 1      26 220
21  70  38  54   5  11   0 0.00  0.0    0  7.8 22  70   M    M   1 1      26  50
22  60  48  54   5  11   0 0.21    M    0  9.8 25 200   M    M   7 18     36 190
23  51  45  48  -1  17   0 0.82    M    0  9.2 20 190   M    M  10 1      30 180
24  54  44  49  -1  16   0 0.78    M    0  9.6 17 280   M    M  10 1      23  60
25  52  43  48  -2  17   0 0.67    M    0  8.6 18 240   M    M   9 1      27 190
26  54  44  49  -1  16   0 0.18    M    0 10.8 20 280   M    M   8 1      24 270
27  54  42  48  -2  17   0 0.08    M    0  8.5 18 300   M    M   7 1      25 300
================================================================================
SM 1499 1155       424   0  8.58     0.0 232.6          M      191
================================================================================
AV 55.5 42.8                               8.6 FASTST   M    M   7    MAX(MPH)
                                 MISC ---->  # 39 190               # 56  190
================================================================================
NOTES:
# LAST OF SEVERAL OCCURRENCES

COLUMN 17 PEAK WIND IN M.P.H.

PRELIMINARY LOCAL CLIMATOLOGICAL DATA (WS FORM: F-6) , PAGE 2

                                          STATION:  ASTORIA OR
                                          MONTH:    APRIL
                                          YEAR:     2017
                                          LATITUDE:   46  9 N
                                          LONGITUDE: 123 53 W

[TEMPERATURE DATA]      [PRECIPITATION DATA]       SYMBOLS USED IN COLUMN 16

AVERAGE MONTHLY: 49.2   TOTAL FOR MONTH:   8.58    1 = FOG OR MIST
DPTR FM NORMAL:   0.6   DPTR FM NORMAL:    3.79    2 = FOG REDUCING VISIBILITY
HIGHEST:    70 ON 21    GRTST 24HR  1.27 ON  5- 5      TO 1/4 MILE OR LESS
LOWEST:     35 ON 11, 3                            3 = THUNDER
                        SNOW, ICE PELLETS, HAIL    4 = ICE PELLETS
                        TOTAL MONTH:   0.0 INCH    5 = HAIL
                        GRTST 24HR     0.0         6 = FREEZING RAIN OR DRIZZLE
                        GRTST DEPTH:   0           7 = DUSTSTORM OR SANDSTORM:
                                                       VSBY 1/2 MILE OR LESS
                                                   8 = SMOKE OR HAZE
[NO. OF DAYS WITH]      [WEATHER - DAYS WITH]      9 = BLOWING SNOW
                                                   X = TORNADO
MAX 32 OR BELOW:   0    0.01 INCH OR MORE:  23
MAX 90 OR ABOVE:   0    0.10 INCH OR MORE:  21
MIN 32 OR BELOW:   0    0.50 INCH OR MORE:   6
MIN  0 OR BELOW:   0    1.00 INCH OR MORE:   1

[HDD (BASE 65) ]
TOTAL THIS MO.   424    CLEAR  (SCALE 0-3)   2
DPTR FM NORMAL   -20    PTCLDY (SCALE 4-7)  13
TOTAL FM JUL 1  3971    CLOUDY (SCALE 8-10) 12
DPTR FM NORMAL  -393

[CDD (BASE 65) ]
TOTAL THIS MO.     0
DPTR FM NORMAL     0    [PRESSURE DATA]
TOTAL FM JAN 1     0    HIGHEST SLP M ON M
DPTR FM NORMAL     0    LOWEST  SLP 29.16 ON  7

[REMARKS]
