000
CXUS52 KFFC 231010
CF6ATL
PRELIMINARY LOCAL CLIMATOLOGICAL DATA (WS FORM: F-6)
STATION: ATLANTA
MONTH: APRIL
YEAR: 2024
LATITUDE: 33 39 N
LONGITUDE: 84 26 W
TEMPERATURE IN F: :PCPN: SNOW: WIND :SUNSHINE: SKY :PK WND
================================================================================
1 2 3 4 5 6A 6B 7 8 9 10 11 12 13 14 15 16 17 18
12Z AVG MX 2MIN
DY MAX MIN AVG DEP HDD CDD WTR SNW DPTH SPD SPD DIR MIN PSBL S-S WX SPD DR
================================================================================
1 78 65 72 12 0 7 0.00 0.0 M 9.5 17 230 M M 10 8 26 240
2 81 64 73 13 0 8 2.66 0.0 0 10.7 23 310 M M 8 13 31 310
3 68 50 59 -1 6 0 0.75 M M 14.2 26 300 M M 6 13 40 260
4 65 44 55 -5 10 0 0.00 0.0 M 13.6 29 310 M M 2 41 310
5 64 43 54 -6 11 0 0.00 0.0 M 10.3 20 330 M M 1 27 350
6 66 40 53 -8 12 0 0.00 0.0 0 7.0 15 280 M M 5 19 320
7 74 45 60 -1 5 0 0.00 0.0 0 4.7 15 70 M M 6 22 30
8 76 55 66 5 0 1 0.00 0.0 M 6.2 15 200 M M 7 8 23 170
9 66 58 62 1 3 0 0.69 0.0 M 6.5 17 280 M M 10 1 25 280
10 73 60 67 5 0 2 0.26 0.0 M 9.7 31 130 M M 10 1 46 120
11 75 55 65 3 0 0 0.21 0.0 M 15.3 32 240 M M 9 18 48 240
12 69 51 60 -2 5 0 0.00 0.0 M 16.3 35 280 M M 2 8 48 300
13 77 48 63 1 2 0 0.00 0.0 M 9.4 22 320 M M 0 34 340
14 85 54 70 7 0 5 0.00 0.0 0 7.1 17 230 M M 4 25 230
15 84 59 72 9 0 7 0.00 0.0 M 7.9 16 220 M M 3 23 180
16 84 61 73 10 0 8 0.00 0.0 0 5.0 13 210 M M 7 20 190
17 80 66 73 9 0 8 0.08 0.0 M 6.7 18 200 M M 9 13 26 210
18 85 61 73 9 0 8 0.00 0.0 M 4.3 18 250 M M 5 1 26 250
19 86 67 77 13 0 12 T 0.0 M 7.5 16 270 M M 8 21 230
20 79 57 68 4 0 3 0.50 0.0 0 9.8 17 290 M M 7 13 27 270
21 60 50 55 -10 10 0 0.52 M M 11.0 21 330 M M 7 1 28 330
22 67 44 56 -9 9 0 0.00 0.0 M 6.9 14 320 M M 2 21 340
================================================================================
SM 1642 1197 73 69 5.67 0.0 199.6 M 128
================================================================================
AV 74.6 54.4 9.1 FASTST M M 6 MAX(MPH)
MISC ----> 35 280 # 48 240
================================================================================
NOTES:
# LAST OF SEVERAL OCCURRENCES
COLUMN 17 PEAK WIND IN M.P.H.
PRELIMINARY LOCAL CLIMATOLOGICAL DATA (WS FORM: F-6) , PAGE 2
STATION: ATLANTA
MONTH: APRIL
YEAR: 2024
LATITUDE: 33 39 N
LONGITUDE: 84 26 W
[TEMPERATURE DATA] [PRECIPITATION DATA] SYMBOLS USED IN COLUMN 16
AVERAGE MONTHLY: 64.5 TOTAL FOR MONTH: 5.67 1 = FOG OR MIST
DPTR FM NORMAL: 2.4 DPTR FM NORMAL: 2.85 2 = FOG REDUCING VISIBILITY
HIGHEST: 86 ON 19 GRTST 24HR 3.41 ON 2- 3 TO 1/4 MILE OR LESS
LOWEST: 40 ON 6 3 = THUNDER
SNOW, ICE PELLETS, HAIL 4 = ICE PELLETS
TOTAL MONTH: 0.0 INCH 5 = HAIL
GRTST 24HR 0.0 6 = FREEZING RAIN OR DRIZZLE
GRTST DEPTH: 0 7 = DUSTSTORM OR SANDSTORM:
VSBY 1/2 MILE OR LESS
8 = SMOKE OR HAZE
[NO. OF DAYS WITH] [WEATHER - DAYS WITH] 9 = BLOWING SNOW
X = TORNADO
MAX 32 OR BELOW: 0 0.01 INCH OR MORE: 8
MAX 90 OR ABOVE: 0 0.10 INCH OR MORE: 7
MIN 32 OR BELOW: 0 0.50 INCH OR MORE: 5
MIN 0 OR BELOW: 0 1.00 INCH OR MORE: 1
[HDD (BASE 65) ]
TOTAL THIS MO. 73 CLEAR (SCALE 0-3) 6
DPTR FM NORMAL -29 PTCLDY (SCALE 4-7) 10
TOTAL FM JUL 1 2034 CLOUDY (SCALE 8-10) 6
DPTR FM NORMAL -455
[CDD (BASE 65) ]
TOTAL THIS MO. 69
DPTR FM NORMAL 32 [PRESSURE DATA]
TOTAL FM JAN 1 79 HIGHEST SLP M ON M
DPTR FM NORMAL 22 LOWEST SLP 29.41 ON 3
[REMARKS]