404
CXUS53 KGID 300730
CF6AUH
PRELIMINARY LOCAL CLIMATOLOGICAL DATA (WS FORM: F-6)

                                          STATION:   AURORA
                                          MONTH:     APRIL
                                          YEAR:      2016
                                          LATITUDE:   40 54 N
                                          LONGITUDE:  97 59 W

  TEMPERATURE IN F:       :PCPN:    SNOW:  WIND      :SUNSHINE: SKY     :PK WND
================================================================================
1   2   3   4   5  6A  6B    7    8   9   10  11  12  13   14  15   16   17  18
                                     12Z  AVG MX 2MIN
DY MAX MIN AVG DEP HDD CDD  WTR  SNW DPTH SPD SPD DIR MIN PSBL S-S WX    SPD DR
================================================================================

 1  45  24  35 -10  30   0 0.00    M    M 17.6 30 320   M    M   5        38 320
 2  64  28  46   1  19   0 0.00    M    M 12.6 23 330   M    M   1        27 330
 3  82  37  60  14   5   0 0.00    M    M 15.7 27 260   M    M   2        32 270
 4  62  35  49   3  16   0 0.00    M    M  9.7 18 120   M    M   1        18  40
 5  74  43  59  13   6   0    T    M    M 14.3 24 340   M    M   2        37 340
 6  66  40  53   6  12   0 0.00    M    M 22.2 33 320   M    M   3        50 330
 7  61  32  47   0  18   0 0.00    M    M 23.0 46 330   M    M   3        53 330
 8  61  26  44  -4  21   0 0.00    M    M 13.0 22 350   M    M   0        33 350
 9  67  26  47  -1  18   0 0.00    M    M 15.4 24 150   M    M   0        32 150
10  65  42  54   6  11   0 0.00    M    M 16.1 28  10   M    M   3        33  10
11  56  28  42  -7  23   0 0.00    M    M 10.6 17 360   M    M   1        23 360
12  68  28  48  -1  17   0 0.00    M    M 14.2 28 200   M    M   0        33 200
13  77  41  59  10   6   0 0.00    M    M 13.2 21 200   M    M   0        28 220
14  75  48  62  12   3   0 0.00    M    M 15.4 23 160   M    M   1 1      30 200
15  77  52  65  15   0   0 0.00    M    M 20.7 33 160   M    M   1        41 160
16  69  57  63  13   2   0 0.05    M    M 14.9 17 140   M    M   8        25 150
17  64  45  55   4  10   0 0.71    M    M 15.7 21 360   M    M  10        27 140
18  54  42  48  -3  17   0 0.43    M    M 12.2 21 320   M    M  10 1      25 340
19  58  45  52   0  13   0 0.09    M    M  3.3  9 290   M    M  10 1       M  M
20  56  48  52   0  13   0 0.40    M    M  8.3 13 300   M    M   9         M  M
21  71  47  59   7   6   0 0.04    M    M 15.6 23 340   M    M   6        31 360
22  68  37  53   0  12   0 0.00    M    M  5.6 10 130   M    M   0         M  M
23  81  47  64  11   1   0 0.00    M    M 19.4 29 180   M    M   0        41 180
24  74  50  62   8   3   0    T    M    M 14.9 22 170   M    M   4 3      31 170
25  72  44  58   4   7   0 0.00    M    M  9.3 14  40   M    M   0        18 290
26  72  47  60   6   5   0 0.43    M    M 19.1 50  70   M    M   8 3      55  70
27  59  42  51  -4  14   0 0.59    M    M 19.8 40 300   M    M  10 1      48 300
28  50  41  46  -9  19   0 0.00    M    M 14.3 22 310   M    M  10 1      28 310
29  46  40  43 -13  22   0 0.09    M    M 13.5 25  60   M    M   9 1      32  60
================================================================================
SM 1894 1162       349   0  2.83    M    419.6          M      117
================================================================================
AV 65.3 40.1                              14.5 FASTST   M    M   4    MAX(MPH)
                                 MISC ---->  # 50  70                 55    M
================================================================================
NOTES:
# LAST OF SEVERAL OCCURRENCES

COLUMN 17 PEAK WIND IN M.P.H.

PRELIMINARY LOCAL CLIMATOLOGICAL DATA (WS FORM: F-6) , PAGE 2

                                          STATION:  AURORA
                                          MONTH:    APRIL
                                          YEAR:     2016
                                          LATITUDE:   40 54 N
                                          LONGITUDE:  97 59 W

[TEMPERATURE DATA]      [PRECIPITATION DATA]       SYMBOLS USED IN COLUMN 16

AVERAGE MONTHLY: 52.7   TOTAL FOR MONTH:   2.83    1 = FOG OR MIST
DPTR FM NORMAL:   2.5   DPTR FM NORMAL:    0.11    2 = FOG REDUCING VISIBILITY
HIGHEST:    82 ON  3    GRTST 24HR  0.71 ON 17-17      TO 1/4 MILE OR LESS
LOWEST:     24 ON  1                               3 = THUNDER
                        SNOW, ICE PELLETS, HAIL    4 = ICE PELLETS
                        TOTAL MONTH:    M          5 = HAIL
                        GRTST 24HR    M  ON   M    6 = FREEZING RAIN OR DRIZZLE
                        GRTST DEPTH:  M  ON   M    7 = DUSTSTORM OR SANDSTORM:
                                                       VSBY 1/2 MILE OR LESS
                                                   8 = SMOKE OR HAZE
[NO. OF DAYS WITH]      [WEATHER - DAYS WITH]      9 = BLOWING SNOW
                                                   X = TORNADO
MAX 32 OR BELOW:   0    0.01 INCH OR MORE:   9
MAX 90 OR ABOVE:   0    0.10 INCH OR MORE:   5
MIN 32 OR BELOW:   7    0.50 INCH OR MORE:   2
MIN  0 OR BELOW:   0    1.00 INCH OR MORE:   0

[HDD (BASE 65) ]
TOTAL THIS MO.   349    CLEAR  (SCALE 0-3)  17
DPTR FM NORMAL   -91    PTCLDY (SCALE 4-7)   4
TOTAL FM JUL 1  4923    CLOUDY (SCALE 8-10)  8
DPTR FM NORMAL -1117

[CDD (BASE 65) ]
TOTAL THIS MO.     0
DPTR FM NORMAL    -9    [PRESSURE DATA]
TOTAL FM JAN 1     1    HIGHEST SLP M ON M
DPTR FM NORMAL    -9    LOWEST  SLP M ON M

[REMARKS]
