000
CXUS53 KGRB 160659
CF6AUW
PRELIMINARY LOCAL CLIMATOLOGICAL DATA (WS FORM: F-6)

                                          STATION:   WAUSAU WI
                                          MONTH:     JANUARY
                                          YEAR:      2017
                                          LATITUDE:   44 55 N
                                          LONGITUDE:  89 37 W

  TEMPERATURE IN F:       :PCPN:    SNOW:  WIND      :SUNSHINE: SKY     :PK WND
================================================================================
1   2   3   4   5  6A  6B    7    8   9   10  11  12  13   14  15   16   17  18
                                     12Z  AVG MX 2MIN
DY MAX MIN AVG DEP HDD CDD  WTR  SNW DPTH SPD SPD DIR MIN PSBL S-S WX    SPD DR
================================================================================

 1  28  16  22   7  43   0 0.00  0.0    8  6.6 17 210   M    M   5        23 210
 2  32  24  28  13  37   0 0.10  1.2    8  8.8 15  90   M    M  10 1      19  90
 3  32   4  18   3  47   0 0.03  0.3    9 10.8 26 290   M    M  10 1      33 300
 4   4 -10  -3 -18  68   0 0.00  0.0    9 14.8 24 290   M    M   3 8      32 310
 5  -3 -14  -8 -23  73   0 0.00  0.0    9  9.8 20 290   M    M   2 8      23 290
 6  -3 -15  -9 -24  74   0 0.00  0.0    9  6.9 13 260   M    M   2        16 270
 7   6 -14  -4 -18  69   0 0.00  0.0    9  8.1 20 300   M    M   1 1      27 310
 8  11 -12   0 -14  65   0    T    T    9  5.9 16 160   M    M   4 18     20 160
 9  22   9  16   2  49   0 0.20  1.4   10  5.5 16 150   M    M   8 1      20 150
10  31   6  19   5  46   0 0.84  8.4   18 12.8 33 280   M    M  10 129    47 290
11  11   4   8  -6  57   0 0.05  0.5   19  6.8 14 280   M    M   8 18     19 280
12  13  -1   6  -8  59   0 0.00  0.0   19  9.5 28 280   M    M   6        35 280
13   8  -8   0 -14  65   0 0.00  0.0   16  4.2 10 170   M    M   3 8      14 350
14  19   4  12  -2  53   0 0.00  0.0   19  3.6 13 290   M    M   3 1      16 290
15  25  -7   9  -5  56   0 0.00  0.0   16  1.6  9 230   M    M   0 18     11 200
================================================================================
SM  236  -14       861   0  1.22    11.8 115.7          M       75
================================================================================
AV 15.7 -0.9                               7.7 FASTST   M    M   5    MAX(MPH)
                                 MISC ---->  # 33 280               # 47  290
================================================================================
NOTES:
# LAST OF SEVERAL OCCURRENCES

COLUMN 17 PEAK WIND IN M.P.H.

PRELIMINARY LOCAL CLIMATOLOGICAL DATA (WS FORM: F-6) , PAGE 2

                                          STATION:  WAUSAU WI
                                          MONTH:    JANUARY
                                          YEAR:     2017
                                          LATITUDE:   44 55 N
                                          LONGITUDE:  89 37 W

[TEMPERATURE DATA]      [PRECIPITATION DATA]       SYMBOLS USED IN COLUMN 16

AVERAGE MONTHLY:  7.4   TOTAL FOR MONTH:   1.22    1 = FOG OR MIST
DPTR FM NORMAL:  -7.0   DPTR FM NORMAL:    0.70    2 = FOG REDUCING VISIBILITY
HIGHEST:    32 ON  3, 2 GRTST 24HR  0.85 ON  9-10      TO 1/4 MILE OR LESS
LOWEST:    -15 ON  6                               3 = THUNDER
                        SNOW, ICE PELLETS, HAIL    4 = ICE PELLETS
                        TOTAL MONTH:  11.8 INCHES  5 = HAIL
                        GRTST 24HR   8.4 ON   M    6 = FREEZING RAIN OR DRIZZLE
                        GRTST DEPTH:  19 ON 14,12  7 = DUSTSTORM OR SANDSTORM:
                                                       VSBY 1/2 MILE OR LESS
                                                   8 = SMOKE OR HAZE
[NO. OF DAYS WITH]      [WEATHER - DAYS WITH]      9 = BLOWING SNOW
                                                   X = TORNADO
MAX 32 OR BELOW:  15    0.01 INCH OR MORE:   5
MAX 90 OR ABOVE:   0    0.10 INCH OR MORE:   3
MIN 32 OR BELOW:  15    0.50 INCH OR MORE:   1
MIN  0 OR BELOW:   8    1.00 INCH OR MORE:   0

[HDD (BASE 65) ]
TOTAL THIS MO.   861    CLEAR  (SCALE 0-3)   6
DPTR FM NORMAL   102    PTCLDY (SCALE 4-7)   4
TOTAL FM JUL 1  3556    CLOUDY (SCALE 8-10)  5
DPTR FM NORMAL  -489

[CDD (BASE 65) ]
TOTAL THIS MO.     0
DPTR FM NORMAL     0    [PRESSURE DATA]
TOTAL FM JAN 1     0    HIGHEST SLP M ON M
DPTR FM NORMAL     0    LOWEST  SLP 29.08 ON 10

[REMARKS]
