000
CXUS51 KBGM 010800
CF6AVP
PRELIMINARY LOCAL CLIMATOLOGICAL DATA (WS FORM: F-6)

                                          STATION:   AVOCA PA
                                          MONTH:     FEBRUARY
                                          YEAR:      2015
                                          LATITUDE:   41 19 N
                                          LONGITUDE:  75 44 W

  TEMPERATURE IN F:       :PCPN:    SNOW:  WIND      :SUNSHINE: SKY     :PK WND
================================================================================
1   2   3   4   5  6A  6B    7    8   9   10  11  12  13   14  15   16   17  18
                                     12Z  AVG MX 2MIN
DY MAX MIN AVG DEP HDD CDD  WTR  SNW DPTH SPD SPD DIR MIN PSBL S-S WX    SPD DR
================================================================================

 1  31   9  20  -6  45   0 0.04  0.5    M  5.0 12 230   M    M  10 18     14 120
 2  33  12  23  -4  42   0 0.46  4.2    M  9.9 26 330   M    M  10 189    41 350
 3  23   6  15 -12  50   0    T    T    M  7.3 17 250   M    M   2        23 240
 4  38  15  27   0  38   0    T    T    M  2.8 12 190   M    M   9 8      18 210
 5  35   7  21  -6  44   0 0.06  2.0    M 13.4 29 330   M    M   5 18     37 360
 6  23   2  13 -14  52   0    T    T    M  7.8 21 250   M    M   3        25 270
 7  38  15  27   0  38   0 0.00  0.0    M  2.0  7 260   M    M  10 8       9 200
 8  43  33  38  11  27   0 0.06  0.0    M  2.5  8  60   M    M   8 18     12  80
 9  36  24  30   2  35   0 0.15  0.2    M  6.6 13  70   M    M  10 168    22  60
10  29  24  27  -1  38   0    T    T    M  8.1 18 350   M    M  10 18     22 350
11  34  17  26  -2  39   0    T    T    M  2.7 12 360   M    M   6        14 360
12  33   6  20  -8  45   0 0.04  1.4    M  9.6 29 320   M    M  10 189    38 330
13  15   1   8 -20  57   0    T    T    M  9.2 20 300   M    M   3        25 320
14  24   4  14 -14  51   0 0.06  1.7    M  5.2 20 310   M    M  10 18     25 290
15  12  -3   5 -24  60   0    T    T    M 15.7 32 330   M    M   9 89     40 330
16  12  -4   4 -25  61   0 0.00  0.0    M  7.1 18 360   M    M   2        26 340
17  25   7  16 -13  49   0 0.03  0.4    M  3.3 10 250   M    M   5 8      13 250
18  29   0  15 -14  50   0 0.01  0.3    M  5.0 20 310   M    M   3 18     28 290
19  16   0   8 -22  57   0    T    T    M 13.8 24 320   M    M   6 89     33 320
20  14  -6   4 -26  61   0 0.00  0.0    M  7.3 16 300   M    M   1 8      22 290
21  24   0  12 -18  53   0 0.20  2.7    M  4.9 18 210   M    M   9 18     28 220
22  38  24  31   1  34   0    T    T    M  4.5 15 230   M    M   7 18     20 220
23  30  -3  14 -16  51   0    T    T    M 12.3 26 330   M    M   3        33 320
24  23  -9   7 -24  58   0 0.00  0.0    M  5.8 17 180   M    M   0        26 190
25  34  11  23  -8  42   0 0.00  0.0    M  7.7 17 250   M    M   3        23 240
26  24  14  19 -12  46   0 0.02    T    M  7.4 18  30   M    M   8 8      20  20
27  22   7  15 -16  50   0    T    T    0  6.5 16 340   M    M   3 8      20 330
28   M   M   M   M   M   M    M    M    M   M   M   M   M    M   M 8       M  M
================================================================================
SM  738  213      1273   0  1.13    13.4 193.4          M      165
================================================================================
AV 27.3  7.9                               7.2 FASTST   M    M   6    MAX(MPH)
                                 MISC ---->  # 32 330               # 41  350
================================================================================
NOTES:
# LAST OF SEVERAL OCCURRENCES

COLUMN 17 PEAK WIND IN M.P.H.

PRELIMINARY LOCAL CLIMATOLOGICAL DATA (WS FORM: F-6) , PAGE 2

                                          STATION:  AVOCA PA
                                          MONTH:    FEBRUARY
                                          YEAR:     2015
                                          LATITUDE:   41 19 N
                                          LONGITUDE:  75 44 W

[TEMPERATURE DATA]      [PRECIPITATION DATA]       SYMBOLS USED IN COLUMN 16

AVERAGE MONTHLY: 17.6   TOTAL FOR MONTH:   1.13    1 = FOG OR MIST
DPTR FM NORMAL: -11.2   DPTR FM NORMAL:   -0.90    2 = FOG REDUCING VISIBILITY
HIGHEST:    43 ON  8    GRTST 24HR  0.50 ON  1- 2      TO 1/4 MILE OR LESS
LOWEST:     -9 ON 24                               3 = THUNDER
                        SNOW, ICE PELLETS, HAIL    4 = ICE PELLETS
                        TOTAL MONTH:  13.4 INCHES  5 = HAIL
                        GRTST 24HR   4.2 ON   M    6 = FREEZING RAIN OR DRIZZLE
                        GRTST DEPTH:   0           7 = DUSTSTORM OR SANDSTORM:
                                                       VSBY 1/2 MILE OR LESS
                                                   8 = SMOKE OR HAZE
[NO. OF DAYS WITH]      [WEATHER - DAYS WITH]      9 = BLOWING SNOW
                                                   X = TORNADO
MAX 32 OR BELOW:  17    0.01 INCH OR MORE:  11
MAX 90 OR ABOVE:   0    0.10 INCH OR MORE:   3
MIN 32 OR BELOW:  26    0.50 INCH OR MORE:   0
MIN  0 OR BELOW:   8    1.00 INCH OR MORE:   0

[HDD (BASE 65) ]
TOTAL THIS MO.  1273    CLEAR  (SCALE 0-3)   8
DPTR FM NORMAL   258    PTCLDY (SCALE 4-7)   9
TOTAL FM JUL 1  4646    CLOUDY (SCALE 8-10) 10
DPTR FM NORMAL    40

[CDD (BASE 65) ]
TOTAL THIS MO.     0
DPTR FM NORMAL     0    [PRESSURE DATA]
TOTAL FM JAN 1     0    HIGHEST SLP 30.83 ON 28
DPTR FM NORMAL     0    LOWEST  SLP 29.36 ON  2

[REMARKS]
