000
CXUS53 KMPX 241000
CF6AXN
PRELIMINARY LOCAL CLIMATOLOGICAL DATA (WS FORM: F-6)

                                          STATION:   ALEXANDRIA MN
                                          MONTH:     JANUARY
                                          YEAR:      2018
                                          LATITUDE:   45 52 N
                                          LONGITUDE:  95 23 W

  TEMPERATURE IN F:       :PCPN:    SNOW:  WIND      :SUNSHINE: SKY     :PK WND
================================================================================
1   2   3   4   5  6A  6B    7    8   9   10  11  12  13   14  15   16   17  18
                                     12Z  AVG MX 2MIN
DY MAX MIN AVG DEP HDD CDD  WTR  SNW DPTH SPD SPD DIR MIN PSBL S-S WX    SPD DR
================================================================================

 1  -2 -19 -10 -21  75   0    M    M    M  7.1 14 310   M    M   0        17 310
 2  13 -13   0 -10  65   0    M    M    M 14.2 26 330   M    M   4 18     33 330
 3   1  -8  -3 -13  68   0    M    M    M  9.2 18 330   M    M   3        22 340
 4   4  -7  -1 -11  66   0    M    M    M  4.6  8  80   M    M   8        10 120
 5   6 -15  -4 -14  69   0    M    M    M  4.6  9  90   M    M   0        12  70
 6  13  -9   2  -8  63   0    M    M    M 16.3 28 170   M    M   6        35 180
 7  32  13  23  13  42   0    M    M    M 12.4 21 320   M    M   4 1      26 200
 8  33  18  26  16  39   0    M    M    M  7.7 17 280   M    M   1        22 280
 9  39  27  33  23  32   0    M    M    M 13.7 21 170   M    M   3        28 180
10  39  10  25  15  40   0    M    M    M 11.1 24 330   M    M   5 18     31 330
11   9 -12  -1 -11  66   0    M    M    M 19.2 29 330   M    M   6 8      37 340
12   1 -17  -8 -18  73   0    M    M    M  8.3 15 350   M    M   0        18 350
13   2 -18  -8 -18  73   0    M    M    M  4.5  8 160   M    M   0        10 160
14  18  -4   7  -3  58   0    M    M    M 15.0 25 340   M    M   8 18     33 340
15  -1 -12  -6 -16  71   0    M    M    M 16.1 23 330   M    M   7 8      31 350
16   4 -13  -4 -14  69   0    M    M    M  8.3 15 200   M    M   3        18 210
17  33   2  18   8  47   0    M    M    M 12.7 20 220   M    M   0        24 220
18  38  24  31  21  34   0    M    M    M  7.5 16 240   M    M   0        20 230
19  43  28  36  26  29   0    M    M    M  9.1 14 310   M    M   0        19 220
20  42  21  32  22  33   0    M    M    M  5.4 13 270   M    M   4 1      16 280
21  35  24  30  20  35   0    M    M    M  5.8 15  40   M    M   9 1      18  40
22  29  23  26  16  39   0    M    M    M 16.3 25  30   M    M  10 1      31  30
23  26  18  22  12  43   0    M    M    M  8.3 18  10   M    M   6 8      24 360
================================================================================
SM  457   61      1229   0    M     M    237.4          M       87
================================================================================
AV 19.9  2.7                              10.3 FASTST   M    M   4    MAX(MPH)
                                 MISC ---->  # 29 330               # 37  340
================================================================================
NOTES:
# LAST OF SEVERAL OCCURRENCES

COLUMN 17 PEAK WIND IN M.P.H.

PRELIMINARY LOCAL CLIMATOLOGICAL DATA (WS FORM: F-6) , PAGE 2

                                          STATION:  ALEXANDRIA MN
                                          MONTH:    JANUARY
                                          YEAR:     2018
                                          LATITUDE:   45 52 N
                                          LONGITUDE:  95 23 W

[TEMPERATURE DATA]      [PRECIPITATION DATA]       SYMBOLS USED IN COLUMN 16

AVERAGE MONTHLY: 11.3   TOTAL FOR MONTH:      M    1 = FOG OR MIST
DPTR FM NORMAL:   1.2   DPTR FM NORMAL:       M    2 = FOG REDUCING VISIBILITY
HIGHEST:    43 ON 19    GRTST 24HR  0.00 ON 31- 1      TO 1/4 MILE OR LESS
LOWEST:    -19 ON  1                               3 = THUNDER
                        SNOW, ICE PELLETS, HAIL    4 = ICE PELLETS
                        TOTAL MONTH:    M          5 = HAIL
                        GRTST 24HR    M  ON   M    6 = FREEZING RAIN OR DRIZZLE
                        GRTST DEPTH:  M  ON   M    7 = DUSTSTORM OR SANDSTORM:
                                                       VSBY 1/2 MILE OR LESS
                                                   8 = SMOKE OR HAZE
[NO. OF DAYS WITH]      [WEATHER - DAYS WITH]      9 = BLOWING SNOW
                                                   X = TORNADO
MAX 32 OR BELOW:  15    0.01 INCH OR MORE:   0
MAX 90 OR ABOVE:   0    0.10 INCH OR MORE:   0
MIN 32 OR BELOW:  23    0.50 INCH OR MORE:   0
MIN  0 OR BELOW:  12    1.00 INCH OR MORE:   0

[HDD (BASE 65) ]
TOTAL THIS MO.  1229    CLEAR  (SCALE 0-3)  10
DPTR FM NORMAL   -34    PTCLDY (SCALE 4-7)   9
TOTAL FM JUL 1  4534    CLOUDY (SCALE 8-10)  4
DPTR FM NORMAL  -240

[CDD (BASE 65) ]
TOTAL THIS MO.     0
DPTR FM NORMAL     0    [PRESSURE DATA]
TOTAL FM JAN 1     0    HIGHEST SLP M ON M
DPTR FM NORMAL     0    LOWEST  SLP 29.45 ON 10

[REMARKS]
