000
CXUS53 KMPX 201000
CF6AXN
PRELIMINARY LOCAL CLIMATOLOGICAL DATA (WS FORM: F-6)

                                          STATION:   ALEXANDRIA MN
                                          MONTH:     SEPTEMBER
                                          YEAR:      2017
                                          LATITUDE:   45 52 N
                                          LONGITUDE:  95 23 W

  TEMPERATURE IN F:       :PCPN:    SNOW:  WIND      :SUNSHINE: SKY     :PK WND
================================================================================
1   2   3   4   5  6A  6B    7    8   9   10  11  12  13   14  15   16   17  18
                                     12Z  AVG MX 2MIN
DY MAX MIN AVG DEP HDD CDD  WTR  SNW DPTH SPD SPD DIR MIN PSBL S-S WX    SPD DR
================================================================================

 1  68  55  62  -3   3   0 0.13    M    M 13.2 22 150   M    M   8 18     28 150
 2  77  57  67   3   0   2 0.00    M    M  9.0 18 290   M    M   3 1      23 310
 3  84  58  71   7   0   6 0.00    M    M 10.4 22 220   M    M   0        28 360
 4  72  52  62  -2   3   0 0.05    M    M 12.2 37 340   M    M   2 3      47 310
 5  64  46  55  -8  10   0 0.00    M    M 12.2 24 330   M    M   2        34 320
 6  65  43  54  -9  11   0 0.00    M    M  6.4 17 320   M    M   0        21 310
 7  77  46  62   0   3   0 0.00    M    M  8.8 17  40   M    M   1        22  40
 8  66  48  57  -5   8   0 0.00    M    M 11.5 18 100   M    M   0        25 120
 9  73  49  61  -1   4   0 0.00    M    M 12.8 21 120   M    M   0        26 120
10  78  61  70   9   0   5    T    M    M 15.3 29 160   M    M   3        38 160
11  82  59  71  10   0   6 0.00    M    M  5.4 14 180   M    M   0        17 190
12  86  60  73  13   0   8 0.00    M    M  9.4 17 180   M    M   1        21 200
13  83  63  73  13   0   8 0.00    M    M  5.7 13 190   M    M   0        15 190
14  88  63  76  16   0  11 0.00    M    M  6.3 18  30   M    M   1 8      25  20
15  73  63  68   9   0   3 1.07    M    M 10.8 21 120   M    M   8 13     27 130
16  73  51  62   3   3   0 0.01    M    M 10.9 20 280   M    M   9 1      24 280
17  61  45  53  -5  12   0 0.00    M    M  9.9 20 300   M    M   5        27 290
18  60  52  56  -2   9   0 0.00    M    M 12.2 21 160   M    M  10 1      26 140
19  74  56  65   8   0   0 0.14    M    M 16.0 33 150   M    M   9 123    45 160
================================================================================
SM 1404 1027        66  49  1.40    M    198.4          M       62
================================================================================
AV 73.9 54.1                              10.4 FASTST   M    M   3    MAX(MPH)
                                 MISC ---->  # 37 340               # 47  310
================================================================================
NOTES:
# LAST OF SEVERAL OCCURRENCES

COLUMN 17 PEAK WIND IN M.P.H.

PRELIMINARY LOCAL CLIMATOLOGICAL DATA (WS FORM: F-6) , PAGE 2

                                          STATION:  ALEXANDRIA MN
                                          MONTH:    SEPTEMBER
                                          YEAR:     2017
                                          LATITUDE:   45 52 N
                                          LONGITUDE:  95 23 W

[TEMPERATURE DATA]      [PRECIPITATION DATA]       SYMBOLS USED IN COLUMN 16

AVERAGE MONTHLY: 64.0   TOTAL FOR MONTH:   1.40    1 = FOG OR MIST
DPTR FM NORMAL:   2.8   DPTR FM NORMAL:   -0.58    2 = FOG REDUCING VISIBILITY
HIGHEST:    88 ON 14    GRTST 24HR  1.07 ON 15-15      TO 1/4 MILE OR LESS
LOWEST:     43 ON  6                               3 = THUNDER
                        SNOW, ICE PELLETS, HAIL    4 = ICE PELLETS
                        TOTAL MONTH:    M          5 = HAIL
                        GRTST 24HR    M  ON   M    6 = FREEZING RAIN OR DRIZZLE
                        GRTST DEPTH:  M  ON   M    7 = DUSTSTORM OR SANDSTORM:
                                                       VSBY 1/2 MILE OR LESS
                                                   8 = SMOKE OR HAZE
[NO. OF DAYS WITH]      [WEATHER - DAYS WITH]      9 = BLOWING SNOW
                                                   X = TORNADO
MAX 32 OR BELOW:   0    0.01 INCH OR MORE:   5
MAX 90 OR ABOVE:   0    0.10 INCH OR MORE:   3
MIN 32 OR BELOW:   0    0.50 INCH OR MORE:   1
MIN  0 OR BELOW:   0    1.00 INCH OR MORE:   1

[HDD (BASE 65) ]
TOTAL THIS MO.    66    CLEAR  (SCALE 0-3)  13
DPTR FM NORMAL   -37    PTCLDY (SCALE 4-7)   1
TOTAL FM JUL 1   101    CLOUDY (SCALE 8-10)  5
DPTR FM NORMAL   -53

[CDD (BASE 65) ]
TOTAL THIS MO.    49
DPTR FM NORMAL    20    [PRESSURE DATA]
TOTAL FM JAN 1   376    HIGHEST SLP M ON M
DPTR FM NORMAL   -98    LOWEST  SLP 29.44 ON 19

[REMARKS]
