000
CXUS54 KEWX 280910
CF6BAZ
PRELIMINARY LOCAL CLIMATOLOGICAL DATA (WS FORM: F-6)

                                          STATION:   NEW BRAUNFELS
                                          MONTH:     MARCH
                                          YEAR:      2017
                                          LATITUDE:   29 43 N
                                          LONGITUDE:  98  3 W

  TEMPERATURE IN F:       :PCPN:    SNOW:  WIND      :SUNSHINE: SKY     :PK WND
================================================================================
1   2   3   4   5  6A  6B    7    8   9   10  11  12  13   14  15   16   17  18
                                     12Z  AVG MX 2MIN
DY MAX MIN AVG DEP HDD CDD  WTR  SNW DPTH SPD SPD DIR MIN PSBL S-S WX    SPD DR
================================================================================

 1  78  50  64   6   1   0 0.00    M    M 11.4 25  20   M    M   4 12     30  10
 2  68  44  56  -2   9   0 0.00    M    M 10.5 22  60   M    M   0        31  40
 3  67  40  54  -4  11   0 0.00    M    M 10.0 18 120   M    M   5        23 120
 4  60  56  58  -1   7   0 0.98    M    M  7.7 20 120   M    M  10 1      24 110
 5  74  60  67   8   0   2 0.17    M    M  6.4 13 180   M    M   8 18     18 200
 6  85  68  77  18   0  12 0.04    M    M 14.6 25 170   M    M   9 1      31 180
 7  77  62  70  11   0   5 0.02    M    M  9.0 23  50   M    M   9 12     30  40
 8  75  59  67   7   0   2    T    M    M  6.8 14  40   M    M  10        17  30
 9  82  66  74  14   0   9 0.57    M    M  9.9 28 170   M    M   8 13     35 170
10  79  63  71  11   0   6 0.21    M    M  5.5 22 200   M    M   7 128    26 200
11  69  60  65   5   0   0 0.77    M    M  7.5 18  50   M    M   9 18     25  60
12  63  49  56  -5   9   0 0.02    M    M 12.8 26  20   M    M  10 18     32  30
13  71  48  60  -1   5   0 0.00    M    M  7.7 21  40   M    M   6 1      26  50
14  74  41  58  -3   7   0 0.00    M    M  8.0 17 180   M    M   0        21 190
15  77  43  60  -1   5   0 0.00    M    M  8.3 17 150   M    M   3 1      21 130
16  81  60  71   9   0   6 0.00    M    M 13.3 22 200   M    M   8 1      27 200
17  84  63  74  12   0   9 0.00    M    M 14.9 25 190   M    M   6        31 210
18  85  58  72  10   0   7 0.00    M    M  6.7 14 180   M    M   6 12     19 200
19  84  60  72  10   0   7 0.00    M    M  9.9 18 180   M    M   4 12     23 180
20  86  62  74  11   0   9 0.00    M    M 11.5 20 180   M    M   4        25 210
21  86  58  72   9   0   7 0.00    M    M 10.1 21 220   M    M   4 1      24 220
22  85  64  75  12   0  10 0.00    M    M 10.1 21 170   M    M   6 1      26 190
23  86  66  76  12   0  11 0.00    M    M 20.9 37 160   M    M   5        44 160
24  85  57  71   7   0   6 0.01    M    M 12.5 24 160   M    M   6 1      31 210
25  86  52  69   5   0   4 0.00    M    M  7.0 17 320   M    M   0        21 320
26  88  56  72   8   0   7    T    M    M 13.8 25 150   M    M   6 12     31 190
27  84  69  77  12   0  12 0.00  0.0    0  9.0 18 180   M    M   6 1      22 170
================================================================================
SM 2119 1534        54 131  2.79     0.0 275.8          M      159
================================================================================
AV 78.5 56.8                              10.2 FASTST   M    M   6    MAX(MPH)
                                 MISC ---->  # 37 160               # 44  160
================================================================================
NOTES:
# LAST OF SEVERAL OCCURRENCES

COLUMN 17 PEAK WIND IN M.P.H.

PRELIMINARY LOCAL CLIMATOLOGICAL DATA (WS FORM: F-6) , PAGE 2

                                          STATION:  NEW BRAUNFELS
                                          MONTH:    MARCH
                                          YEAR:     2017
                                          LATITUDE:   29 43 N
                                          LONGITUDE:  98  3 W

[TEMPERATURE DATA]      [PRECIPITATION DATA]       SYMBOLS USED IN COLUMN 16

AVERAGE MONTHLY: 67.7   TOTAL FOR MONTH:   2.79    1 = FOG OR MIST
DPTR FM NORMAL:   6.5   DPTR FM NORMAL:    0.40    2 = FOG REDUCING VISIBILITY
HIGHEST:    88 ON 26    GRTST 24HR  0.98 ON  4- 4      TO 1/4 MILE OR LESS
LOWEST:     40 ON  3                               3 = THUNDER
                        SNOW, ICE PELLETS, HAIL    4 = ICE PELLETS
                        TOTAL MONTH:   0.0 INCH    5 = HAIL
                        GRTST 24HR     0.0         6 = FREEZING RAIN OR DRIZZLE
                        GRTST DEPTH:   0           7 = DUSTSTORM OR SANDSTORM:
                                                       VSBY 1/2 MILE OR LESS
                                                   8 = SMOKE OR HAZE
[NO. OF DAYS WITH]      [WEATHER - DAYS WITH]      9 = BLOWING SNOW
                                                   X = TORNADO
MAX 32 OR BELOW:   0    0.01 INCH OR MORE:   9
MAX 90 OR ABOVE:   0    0.10 INCH OR MORE:   5
MIN 32 OR BELOW:   0    0.50 INCH OR MORE:   3
MIN  0 OR BELOW:   0    1.00 INCH OR MORE:   0

[HDD (BASE 65) ]
TOTAL THIS MO.    54    CLEAR  (SCALE 0-3)   3
DPTR FM NORMAL   -96    PTCLDY (SCALE 4-7)  18
TOTAL FM JUL 1   787    CLOUDY (SCALE 8-10)  6
DPTR FM NORMAL  -718

[CDD (BASE 65) ]
TOTAL THIS MO.   131
DPTR FM NORMAL    87    [PRESSURE DATA]
TOTAL FM JAN 1   252    HIGHEST SLP M ON M
DPTR FM NORMAL   183    LOWEST  SLP 29.69 ON 26

[REMARKS]
