000
CXUS51 KBOX 281229
CF6BDL
PRELIMINARY LOCAL CLIMATOLOGICAL DATA (WS FORM: F-6)

                                          STATION:   HARTFORD CT
                                          MONTH:     MARCH
                                          YEAR:      2017
                                          LATITUDE:   41 55 N
                                          LONGITUDE:  72 41 W

  TEMPERATURE IN F:       :PCPN:    SNOW:  WIND      :SUNSHINE: SKY     :PK WND
================================================================================
1   2   3   4   5  6A  6B    7    8   9   10  11  12  13   14  15   16   17  18
                                     12Z  AVG MX 2MIN
DY MAX MIN AVG DEP HDD CDD  WTR  SNW DPTH SPD SPD DIR MIN PSBL S-S WX    SPD DR
================================================================================

 1  61  49  55  22  10   0 0.06  0.0    0 11.0 25 170   M    M   9 12     32 170
 2  59  28  44  11  21   0    T  0.0    0 19.0 43 260   M    M   3        53 260
 3  39  19  29  -5  36   0    T    T    0 12.0 32 320   M    M   4        41 310
 4  26  11  19 -15  46   0    T    T    0 16.9 31 300   M    M   2        42 300
 5  32   7  20 -14  45   0 0.00  0.0    0 11.3 25 320   M    M   0        34 360
 6  45   8  27  -7  38   0 0.00  0.0    0  6.1 14 200   M    M   4        17 200
 7  47  34  41   6  24   0 0.03  0.0    0  6.4 17 180   M    M  10 1      22 180
 8  59  44  52  17  13   0 0.14  0.0    0 11.4 26 310   M    M   7 1      33 330
 9  54  38  46  11  19   0 0.00  0.0    0 14.5 35 290   M    M   4        45 300
10  38  19  29  -7  36   0 0.12  2.3    1 12.2 35 310   M    M   7 18     43 310
11  22  10  16 -20  49   0    T    T    2 18.7 36 290   M    M   4        44 290
12  27   9  18 -18  47   0 0.00  0.0    0 14.6 26 300   M    M   2        35 300
13  35  12  24 -13  41   0 0.00  0.0    0  6.9 13 320   M    M   5        16 160
14  30  20  25 -12  40   0 1.54 15.8    4 17.4 32  30   M    M  10 129    41  30
15  28  15  22 -15  43   0    T    M   13 14.4 28 290   M    M   6 8      36 290
16  35  19  27 -11  38   0    T    T   12 14.7 26 300   M    M   6        33 300
17  43  20  32  -6  33   0 0.00  0.0   12  9.9 22 330   M    M   2        31 320
18  42  15  29  -9  36   0    T    T   10  8.3 21 130   M    M   6        27 130
19  41  29  35  -4  30   0 0.00  0.0    8 11.8 22  30   M    M   6        27  10
20  54  27  41   2  24   0 0.00  0.0    7  6.5 18  30   M    M   4        22  20
21  54  33  44   5  21   0 0.00  0.0    5  4.7 18 270   M    M   5        24 270
22  38  19  29 -11  36   0    T    T    4 18.0 36 310   M    M   1        44 310
23  38  14  26 -14  39   0 0.00  0.0    3  7.1 23 300   M    M   1        29 310
24  45  23  34  -7  31   0 0.04    T    2  8.9 20 220   M    M   9 4      25 200
25  44  31  38  -3  27   0 0.08  0.0    0  6.4 15  10   M    M   8 1      19 360
26  41  28  35  -6  30   0 0.02  0.0    0  5.2 12  20   M    M   8        13  30
27  42  33  38  -4  27   0 0.40  0.0    0  4.9 10 360   M    M  10 1      13 350
================================================================================
SM 1119  614       880   0  2.43    18.1 299.2          M      143
================================================================================
AV 41.4 22.7                              11.1 FASTST   M    M   5    MAX(MPH)
                                 MISC ---->  # 43 260               # 53  260
================================================================================
NOTES:
# LAST OF SEVERAL OCCURRENCES

COLUMN 17 PEAK WIND IN M.P.H.

PRELIMINARY LOCAL CLIMATOLOGICAL DATA (WS FORM: F-6) , PAGE 2

                                          STATION:  HARTFORD CT
                                          MONTH:    MARCH
                                          YEAR:     2017
                                          LATITUDE:   41 55 N
                                          LONGITUDE:  72 41 W

[TEMPERATURE DATA]      [PRECIPITATION DATA]       SYMBOLS USED IN COLUMN 16

AVERAGE MONTHLY: 32.1   TOTAL FOR MONTH:   2.43    1 = FOG OR MIST
DPTR FM NORMAL:  -5.0   DPTR FM NORMAL:   -0.71    2 = FOG REDUCING VISIBILITY
HIGHEST:    61 ON  1    GRTST 24HR  1.54 ON 14-14      TO 1/4 MILE OR LESS
LOWEST:      7 ON  5                               3 = THUNDER
                        SNOW, ICE PELLETS, HAIL    4 = ICE PELLETS
                        TOTAL MONTH:  18.1 INCHES  5 = HAIL
                        GRTST 24HR  15.8 ON 14-14  6 = FREEZING RAIN OR DRIZZLE
                        GRTST DEPTH:  13 ON 15     7 = DUSTSTORM OR SANDSTORM:
                                                       VSBY 1/2 MILE OR LESS
                                                   8 = SMOKE OR HAZE
[NO. OF DAYS WITH]      [WEATHER - DAYS WITH]      9 = BLOWING SNOW
                                                   X = TORNADO
MAX 32 OR BELOW:   6    0.01 INCH OR MORE:   9
MAX 90 OR ABOVE:   0    0.10 INCH OR MORE:   4
MIN 32 OR BELOW:  21    0.50 INCH OR MORE:   1
MIN  0 OR BELOW:   0    1.00 INCH OR MORE:   1

[HDD (BASE 65) ]
TOTAL THIS MO.   880    CLEAR  (SCALE 0-3)   6
DPTR FM NORMAL   126    PTCLDY (SCALE 4-7)  15
TOTAL FM JUL 1  4773    CLOUDY (SCALE 8-10)  6
DPTR FM NORMAL  -419

[CDD (BASE 65) ]
TOTAL THIS MO.     0
DPTR FM NORMAL     0    [PRESSURE DATA]
TOTAL FM JAN 1     0    HIGHEST SLP M ON M
DPTR FM NORMAL     0    LOWEST  SLP 28.85 ON 14

[REMARKS]
