000
CXUS51 KBOX 201200
CF6BDL
PRELIMINARY LOCAL CLIMATOLOGICAL DATA (WS FORM: F-6)

                                          STATION:   HARTFORD CT
                                          MONTH:     DECEMBER
                                          YEAR:      2014
                                          LATITUDE:   41 55 N
                                          LONGITUDE:  72 41 W

  TEMPERATURE IN F:       :PCPN:    SNOW:  WIND      :SUNSHINE: SKY     :PK WND
================================================================================
1   2   3   4   5  6A  6B    7    8   9   10  11  12  13   14  15   16   17  18
                                     12Z  AVG MX 2MIN
DY MAX MIN AVG DEP HDD CDD  WTR  SNW DPTH SPD SPD DIR MIN PSBL S-S WX    SPD DR
================================================================================

 1  62  38  50  13  15   0    T  0.0    1 10.1 20 320   M    M   8        25 310
 2  39  32  36  -1  29   0 0.03    T    0  8.0 14  30   M    M   9 168    17  40
 3  47  34  41   5  24   0 0.20  0.0    0  7.1 20 230   M    M   8 12     27 230
 4  44  25  35  -1  30   0 0.00  0.0    0  6.3 17 300   M    M   5        26 300
 5  38  23  31  -4  34   0 0.29    T    0  5.8 10  30   M    M   5 14     13  10
 6  39  35  37   2  28   0 0.81  0.0    0  4.9 14  10   M    M  10 1      18  10
 7  39  21  30  -5  35   0    T  0.0    0 17.6 30  20   M    M   5        39  10
 8  27  17  22 -12  43   0    T    T    0  9.4 18  20   M    M   7 6      24  20
 9  40  27  34   0  31   0 1.77  0.0    0 16.1 29  10   M    M  10 16     38  20
10  41  33  37   3  28   0 0.23    T    0  9.6 18 360   M    M   7 1      24 360
11  35  30  33   0  32   0 0.01  0.1    0  7.7 14 250   M    M   9 1      19 260
12  37  29  33   0  32   0    T    T    0  8.7 18 310   M    M   9        25 300
13  41  27  34   2  31   0    T    T    0  7.9 18 320   M    M   4        23 340
14  46  24  35   3  30   0 0.00  0.0    0  5.8 17 310   M    M   6        20 330
15  47  29  38   6  27   0 0.00  0.0    0  5.4 13 330   M    M   5        17 320
16  38  26  32   1  33   0 0.18  0.0    0  3.0  7 360   M    M   8 1       9 360
17  51  37  44  13  21   0 0.28  0.0    0  8.1 18 310   M    M   9 1      25 330
18  41  36  39   8  26   0    T    T    0 11.9 24 320   M    M   9        32 310
19  36  26  31   1  34   0 0.00  0.0    0 11.3 20 300   M    M   9        25 300
================================================================================
SM  788  549       563   0  3.80     0.1 164.7          M      142
================================================================================
AV 41.5 28.9                               8.7 FASTST   M    M   7    MAX(MPH)
                                 MISC ---->  # 30  20               # 39   10
================================================================================
NOTES:
# LAST OF SEVERAL OCCURRENCES

COLUMN 17 PEAK WIND IN M.P.H.

PRELIMINARY LOCAL CLIMATOLOGICAL DATA (WS FORM: F-6) , PAGE 2

                                          STATION:  HARTFORD CT
                                          MONTH:    DECEMBER
                                          YEAR:     2014
                                          LATITUDE:   41 55 N
                                          LONGITUDE:  72 41 W

[TEMPERATURE DATA]      [PRECIPITATION DATA]       SYMBOLS USED IN COLUMN 16

AVERAGE MONTHLY: 35.2   TOTAL FOR MONTH:   3.80    1 = FOG OR MIST
DPTR FM NORMAL:   1.7   DPTR FM NORMAL:    1.59    2 = FOG REDUCING VISIBILITY
HIGHEST:    62 ON  1    GRTST 24HR  1.79 ON  9-10      TO 1/4 MILE OR LESS
LOWEST:     17 ON  8                               3 = THUNDER
                        SNOW, ICE PELLETS, HAIL    4 = ICE PELLETS
                        TOTAL MONTH:   0.1 INCH    5 = HAIL
                        GRTST 24HR   0.1 ON   M    6 = FREEZING RAIN OR DRIZZLE
                        GRTST DEPTH:   1 ON  1     7 = DUSTSTORM OR SANDSTORM:
                                                       VSBY 1/2 MILE OR LESS
                                                   8 = SMOKE OR HAZE
[NO. OF DAYS WITH]      [WEATHER - DAYS WITH]      9 = BLOWING SNOW
                                                   X = TORNADO
MAX 32 OR BELOW:   1    0.01 INCH OR MORE:   9
MAX 90 OR ABOVE:   0    0.10 INCH OR MORE:   7
MIN 32 OR BELOW:  13    0.50 INCH OR MORE:   2
MIN  0 OR BELOW:   0    1.00 INCH OR MORE:   1

[HDD (BASE 65) ]
TOTAL THIS MO.   563    CLEAR  (SCALE 0-3)   0
DPTR FM NORMAL   -35    PTCLDY (SCALE 4-7)   9
TOTAL FM JUL 1  1660    CLOUDY (SCALE 8-10) 10
DPTR FM NORMAL  -145

[CDD (BASE 65) ]
TOTAL THIS MO.     0
DPTR FM NORMAL     0    [PRESSURE DATA]
TOTAL FM JAN 1   771    HIGHEST SLP M ON M
DPTR FM NORMAL    15    LOWEST  SLP 29.43 ON M

[REMARKS]
