000
CXUS55 KBOU 170900
CF6BDU
PRELIMINARY LOCAL CLIMATOLOGICAL DATA (WS FORM: F-6)

                                          STATION:   Boulder Airport
                                          MONTH:     NOVEMBER
                                          YEAR:      2017
                                          LATITUDE:   40  2 N
                                          LONGITUDE: 105 14 W

  TEMPERATURE IN F:       :PCPN:    SNOW:  WIND      :SUNSHINE: SKY     :PK WND
================================================================================
1   2   3   4   5  6A  6B    7    8   9   10  11  12  13   14  15   16   17  18
                                     12Z  AVG MX 2MIN
DY MAX MIN AVG DEP HDD CDD  WTR  SNW DPTH SPD SPD DIR MIN PSBL S-S WX    SPD DR
================================================================================

 1  72  48  60   M   5   0    M    M    M 10.3 24 330   M    M   1        40 330
 2  61  34  48   M  17   0    M    M    M  3.5 13  60   M    M   7         M  M
 3  55  34  45   M  20   0    M    M    M  1.6  8 100   M    M   4 1       M  M
 4  70  34  52   M  13   0    M    M    M  6.9 21 270   M    M   1 1      30 270
 5  50  36  43   M  22   0    M    M    M  3.1  8 360   M    M   6 1       M  M
 6  43  32  38   M  27   0    M    M    M  2.5  6  70   M    M   9 1       M  M
 7  34  27  31   M  34   0    M    M    M  2.4 12  10   M    M  10 1       M  M
 8  45  25  35   M  30   0    M    M    M  1.4  5 260   M    M   5 1       M  M
 9  39  30  35   M  30   0    M    M    M  2.6  8  10   M    M   4         M  M
10  55  27  41   M  24   0    M    M    M  1.2  5 230   M    M   0 1       M  M
11  61  34  48   M  17   0    M    M    M  4.4  8 160   M    M   1         M  M
12  52  30  41   M  24   0    M    M    M  0.8  5 120   M    M   0         M  M
13  72  34  53   M  12   0    M    M    M  3.8 13  90   M    M   0        16  90
14  72  41  57   M   8   0    M    M    M  6.6 21 230   M    M   0        32 240
15  50  32  41   M  24   0    M    M    M  3.5  8 130   M    M   0         M  M
16  72  32  52   M  13   0    M    M    M  7.8 20 230   M    M   0        30 240
================================================================================
SM  903  530       320   0    M     M     62.4          M       48
================================================================================
AV 56.4 33.1                               3.9 FASTST   M    M   3    MAX(MPH)
                                 MISC ---->  # 24 330               # 40  330
================================================================================
NOTES:
# LAST OF SEVERAL OCCURRENCES

COLUMN 17 PEAK WIND IN M.P.H.

PRELIMINARY LOCAL CLIMATOLOGICAL DATA (WS FORM: F-6) , PAGE 2

                                          STATION:  Boulder Airport
                                          MONTH:    NOVEMBER
                                          YEAR:     2017
                                          LATITUDE:   40  2 N
                                          LONGITUDE: 105 14 W

[TEMPERATURE DATA]      [PRECIPITATION DATA]       SYMBOLS USED IN COLUMN 16

AVERAGE MONTHLY: 44.8   TOTAL FOR MONTH:      M    1 = FOG OR MIST
DPTR FM NORMAL:     M   DPTR FM NORMAL:       M    2 = FOG REDUCING VISIBILITY
HIGHEST:    72 ON 16,14 GRTST 24HR    M  ON   M        TO 1/4 MILE OR LESS
LOWEST:     25 ON  8                               3 = THUNDER
                        SNOW, ICE PELLETS, HAIL    4 = ICE PELLETS
                        TOTAL MONTH:    M          5 = HAIL
                        GRTST 24HR    M  ON   M    6 = FREEZING RAIN OR DRIZZLE
                        GRTST DEPTH:  M  ON   M    7 = DUSTSTORM OR SANDSTORM:
                                                       VSBY 1/2 MILE OR LESS
                                                   8 = SMOKE OR HAZE
[NO. OF DAYS WITH]      [WEATHER - DAYS WITH]      9 = BLOWING SNOW
                                                   X = TORNADO
MAX 32 OR BELOW:   0    0.01 INCH OR MORE:   0
MAX 90 OR ABOVE:   0    0.10 INCH OR MORE:   0
MIN 32 OR BELOW:   8    0.50 INCH OR MORE:   0
MIN  0 OR BELOW:   0    1.00 INCH OR MORE:   0

[HDD (BASE 65) ]
TOTAL THIS MO.   320    CLEAR  (SCALE 0-3)   9
DPTR FM NORMAL     M    PTCLDY (SCALE 4-7)   5
TOTAL FM JUL 1   904    CLOUDY (SCALE 8-10)  2
DPTR FM NORMAL     M

[CDD (BASE 65) ]
TOTAL THIS MO.     0
DPTR FM NORMAL     M    [PRESSURE DATA]
TOTAL FM JAN 1   766    HIGHEST SLP M ON M
DPTR FM NORMAL     M    LOWEST  SLP M ON M

[REMARKS]
