000
CXUS53 KIWX 280800
CF6BEH
PRELIMINARY LOCAL CLIMATOLOGICAL DATA (WS FORM: F-6)

                                          STATION:   BENTON HARBOR
                                          MONTH:     MARCH
                                          YEAR:      2015
                                          LATITUDE:   42  7 N
                                          LONGITUDE:  86 26 W

  TEMPERATURE IN F:       :PCPN:    SNOW:  WIND      :SUNSHINE: SKY     :PK WND
================================================================================
1   2   3   4   5  6A  6B    7    8   9   10  11  12  13   14  15   16   17  18
                                     12Z  AVG MX 2MIN
DY MAX MIN AVG DEP HDD CDD  WTR  SNW DPTH SPD SPD DIR MIN PSBL S-S WX    SPD DR
================================================================================

 1  23  10  17 -15  48   0    T    M    M  7.6 20 260   M    M   8 18     25 260
 2  27  19  23 -10  42   0 0.00  0.0    M  7.0 18 280   M    M   5        24 280
 3  33  22  28  -5  37   0 0.10    M    M 12.5 24 240   M    M  10 16     30 140
 4  31  17  24 -10  41   0 0.00  0.0    M  9.1 17 310   M    M   8        24 290
 5  19   2  11 -23  54   0    T    M    M  4.2 13 290   M    M   5 18     17 290
 6  23   1  12 -22  53   0 0.00  0.0    M 11.1 21 200   M    M   2        27 200
 7  42  16  29  -5  36   0 0.00  0.0    M  8.7 21 240   M    M   5 18     28 240
 8  39  24  32  -3  33   0 0.00  0.0    M  8.7 16 230   M    M   4 1       M  M
 9  46  22  34  -1  31   0 0.00  0.0    M  5.4 12 270   M    M   0 18     15 260
10  48  36  42   6  23   0 0.00  0.0    M  6.8 14 280   M    M   6 128    17 190
11  50  26  38   2  27   0 0.00  0.0    M  4.1 12  80   M    M   3 128    15  60
12  49  24  37   1  28   0 0.00  0.0    M 10.2 18 130   M    M   0        26 120
13  59  36  48  12  17   0 0.00  0.0    M  7.0 14 130   M    M   0 1      19 130
14  46  34  40   3  25   0 0.00  0.0    M  6.2 14 310   M    M   3 12     21 320
15  58  23  41   4  24   0 0.00  0.0    M  6.3 20 230   M    M   0        24 230
16  71  36  54  16  11   0 0.00  0.0    0 11.7 22 240   M    M   0        30 310
17  38  22  30  -8  35   0 0.00  0.0    0  7.5 16 330   M    M   1        31 320
18  42  20  31  -7  34   0 0.00  0.0    0  3.4 13 260   M    M   0 1      17 250
19  46  31  39   0  26   0 0.00  0.0    0  6.6 20 110   M    M   7        25 110
20  49  34  42   3  23   0 0.00  0.0    M  8.6 20 230   M    M   7 18     24 230
21  42  25  34  -5  31   0 0.00  0.0    0  8.3 18 240   M    M   4 18     26 230
22  37  25  31  -9  34   0 0.00  0.0    0  5.8 12  10   M    M   7        19  50
23  31  19  25 -15  40   0 0.07    M    M  7.5 15 100   M    M   8 128    21 100
24  42  15  29 -11  36   0 0.00  0.0    M  8.9 20 120   M    M   0 1      27 100
25  43  34  39  -2  26   0 0.19    M    M 14.3 25 260   M    M   9 18     32 270
26  39  29  34  -7  31   0    T    M    M  7.4 16 280   M    M   8 1      22 280
27  29  19  24 -18  41   0    T    M    M  8.8 16 320   M    M   7        30 340
================================================================================
SM 1102  621       887   0  0.36     0.0 213.7          M      117
================================================================================
AV 40.8 23.0                               7.9 FASTST   M    M   4    MAX(MPH)
                                 MISC ---->  # 25 260               # 32  270
================================================================================
NOTES:
# LAST OF SEVERAL OCCURRENCES

COLUMN 17 PEAK WIND IN M.P.H.

PRELIMINARY LOCAL CLIMATOLOGICAL DATA (WS FORM: F-6) , PAGE 2

                                          STATION:  BENTON HARBOR
                                          MONTH:    MARCH
                                          YEAR:     2015
                                          LATITUDE:   42  7 N
                                          LONGITUDE:  86 26 W

[TEMPERATURE DATA]      [PRECIPITATION DATA]       SYMBOLS USED IN COLUMN 16

AVERAGE MONTHLY: 31.9   TOTAL FOR MONTH:   0.36    1 = FOG OR MIST
DPTR FM NORMAL:  -5.0   DPTR FM NORMAL:   -1.41    2 = FOG REDUCING VISIBILITY
HIGHEST:    71 ON 16    GRTST 24HR  0.19 ON 25-25      TO 1/4 MILE OR LESS
LOWEST:      1 ON  6                               3 = THUNDER
                        SNOW, ICE PELLETS, HAIL    4 = ICE PELLETS
                        TOTAL MONTH:   0.0 INCH    5 = HAIL
                        GRTST 24HR     0.0         6 = FREEZING RAIN OR DRIZZLE
                        GRTST DEPTH:   0           7 = DUSTSTORM OR SANDSTORM:
                                                       VSBY 1/2 MILE OR LESS
                                                   8 = SMOKE OR HAZE
[NO. OF DAYS WITH]      [WEATHER - DAYS WITH]      9 = BLOWING SNOW
                                                   X = TORNADO
MAX 32 OR BELOW:   7    0.01 INCH OR MORE:   3
MAX 90 OR ABOVE:   0    0.10 INCH OR MORE:   2
MIN 32 OR BELOW:  21    0.50 INCH OR MORE:   0
MIN  0 OR BELOW:   0    1.00 INCH OR MORE:   0

[HDD (BASE 65) ]
TOTAL THIS MO.   887    CLEAR  (SCALE 0-3)  11
DPTR FM NORMAL   128    PTCLDY (SCALE 4-7)  13
TOTAL FM JUL 1  6194    CLOUDY (SCALE 8-10)  3
DPTR FM NORMAL   951

[CDD (BASE 65) ]
TOTAL THIS MO.     0
DPTR FM NORMAL     0    [PRESSURE DATA]
TOTAL FM JAN 1     0    HIGHEST SLP M ON M
DPTR FM NORMAL     0    LOWEST  SLP 29.62 ON  3

[REMARKS]
