000
CXUS55 KCTP 230700
CF6BFD
PRELIMINARY LOCAL CLIMATOLOGICAL DATA (WS FORM: F-6)

                                          STATION:   BRADFORD
                                          MONTH:     AUGUST
                                          YEAR:      2017
                                          LATITUDE:   41 47 N
                                          LONGITUDE:  78 38 W

  TEMPERATURE IN F:       :PCPN:    SNOW:  WIND      :SUNSHINE: SKY     :PK WND
================================================================================
1   2   3   4   5  6A  6B    7    8   9   10  11  12  13   14  15   16   17  18
                                     12Z  AVG MX 2MIN
DY MAX MIN AVG DEP HDD CDD  WTR  SNW DPTH SPD SPD DIR MIN PSBL S-S WX    SPD DR
================================================================================

 1  82  55  69   4   0   4 0.00    M    M  3.6 13 310   M    M   2 13     18 310
 2  82  55  69   4   0   4 0.14    M    M  3.0 15 280   M    M   4 123    20 290
 3  80  52  66   1   0   1 0.00    M    M  4.0 14 140   M    M   3 13     20 140
 4  81  59  70   5   0   5 0.46    M    M  6.8 22 240   M    M   3 13     37 240
 5  68  51  60  -5   5   0    T    M    M  9.3 23 290   M    M   7 1      31 280
 6  72  44  58  -7   7   0 0.00    M    M  3.5 13 180   M    M   2 1      17 190
 7  70  53  62  -3   3   0    T    M    M  3.6 12 100   M    M   8 1      15 110
 8  73  50  62  -3   3   0 0.00    M    M  5.9 16 320   M    M   4 12     21 320
 9  77  45  61  -4   4   0 0.00    M    M  2.1  9 230   M    M   1 1      14 230
10  77  48  63  -2   2   0    T    M    M  4.6 14 140   M    M   3 1      20 150
11  74  58  66   1   0   1    T    M    M  3.9 14 270   M    M   7 13     20 280
12  77  56  67   2   0   2    T    M    M  6.1 15 320   M    M   6 1      22 320
13  76  53  65   1   0   0 0.00    M    M  4.7 13 350   M    M   3 1      17 350
14  75  52  64   0   1   0 0.00    M    M  5.4 15 140   M    M   5 1      21 140
15  81  57  69   5   0   4 0.00    M    M  4.3 14 320   M    M   4 1      18 270
16  79  54  67   3   0   2 0.00    M    M  3.3 13 340   M    M   4 12     17 340
17  82  51  67   3   0   2 0.21    M    M  5.0 12 150   M    M   4 12     16 220
18  82  63  73   9   0   8    T    M    M  6.7 18 280   M    M   7        26 280
19  77  55  66   2   0   1 0.18    M    M  5.7 20 280   M    M   4 13     26 270
20  79  48  64   0   1   0 0.00    M    M  3.5 12 280   M    M   2 1      17 290
21  82  54  68   4   0   3 0.03    M    M  3.9 13 290   M    M   2 13     19 240
22  81  62  72   9   0   7 1.27    M    M  7.4 30 280   M    M   6 123    46 280
================================================================================
SM 1707 1175        26  44  2.29    M    106.3          M       91
================================================================================
AV 77.6 53.4                               4.8 FASTST   M    M   4    MAX(MPH)
                                 MISC ---->  # 30 280               # 46  280
================================================================================
NOTES:
# LAST OF SEVERAL OCCURRENCES

COLUMN 17 PEAK WIND IN M.P.H.

PRELIMINARY LOCAL CLIMATOLOGICAL DATA (WS FORM: F-6) , PAGE 2

                                          STATION:  BRADFORD
                                          MONTH:    AUGUST
                                          YEAR:     2017
                                          LATITUDE:   41 47 N
                                          LONGITUDE:  78 38 W

[TEMPERATURE DATA]      [PRECIPITATION DATA]       SYMBOLS USED IN COLUMN 16

AVERAGE MONTHLY: 65.5   TOTAL FOR MONTH:   2.29    1 = FOG OR MIST
DPTR FM NORMAL:   1.0   DPTR FM NORMAL:   -0.67    2 = FOG REDUCING VISIBILITY
HIGHEST:    82 ON 21,18 GRTST 24HR  1.27 ON 22-22      TO 1/4 MILE OR LESS
LOWEST:     44 ON  6                               3 = THUNDER
                        SNOW, ICE PELLETS, HAIL    4 = ICE PELLETS
                        TOTAL MONTH:    M          5 = HAIL
                        GRTST 24HR    M  ON   M    6 = FREEZING RAIN OR DRIZZLE
                        GRTST DEPTH:  M  ON   M    7 = DUSTSTORM OR SANDSTORM:
                                                       VSBY 1/2 MILE OR LESS
                                                   8 = SMOKE OR HAZE
[NO. OF DAYS WITH]      [WEATHER - DAYS WITH]      9 = BLOWING SNOW
                                                   X = TORNADO
MAX 32 OR BELOW:   0    0.01 INCH OR MORE:   6
MAX 90 OR ABOVE:   0    0.10 INCH OR MORE:   5
MIN 32 OR BELOW:   0    0.50 INCH OR MORE:   1
MIN  0 OR BELOW:   0    1.00 INCH OR MORE:   1

[HDD (BASE 65) ]
TOTAL THIS MO.    26    CLEAR  (SCALE 0-3)   8
DPTR FM NORMAL    12    PTCLDY (SCALE 4-7)  14
TOTAL FM JUL 1    50    CLOUDY (SCALE 8-10)  0
DPTR FM NORMAL   -28

[CDD (BASE 65) ]
TOTAL THIS MO.    44
DPTR FM NORMAL     1    [PRESSURE DATA]
TOTAL FM JAN 1   224    HIGHEST SLP M ON M
DPTR FM NORMAL    57    LOWEST  SLP 29.70 ON 18

[REMARKS]
