000
CXUS55 KCTP 231131
CF6BFD
PRELIMINARY LOCAL CLIMATOLOGICAL DATA (WS FORM: F-6)

                                          STATION:   BRADFORD
                                          MONTH:     AUGUST
                                          YEAR:      2016
                                          LATITUDE:   41 47 N
                                          LONGITUDE:  78 38 W

  TEMPERATURE IN F:       :PCPN:    SNOW:  WIND      :SUNSHINE: SKY     :PK WND
================================================================================
1   2   3   4   5  6A  6B    7    8   9   10  11  12  13   14  15   16   17  18
                                     12Z  AVG MX 2MIN
DY MAX MIN AVG DEP HDD CDD  WTR  SNW DPTH SPD SPD DIR MIN PSBL S-S WX    SPD DR
================================================================================

 1  81  58  70   5   0   5 0.00    M    M  3.5 16 350   M    M   8 12     22 330
 2  82  56  69   4   0   4 0.00    M    M  3.8 14  90   M    M   1 1      19  40
 3  82  54  68   3   0   3 0.01    M    M  3.3 10 140   M    M   6 1      14 140
 4  83  59  71   6   0   6 0.00    M    M  5.1 12 160   M    M   1 1      17 200
 5  84  63  74   9   0   9 0.34    M    M  5.2 23 280   M    M   6 1      33 290
 6  77  60  69   4   0   4 0.10    M    M  8.2 20 320   M    M   3 13     27 280
 7  78  52  65   0   0   0 0.00    M    M  5.9 18 320   M    M   1 1      24 320
 8  80  49  65   0   0   0 0.00    M    M  2.5  9 100   M    M   1 1      13  90
 9  81  50  66   1   0   1    T    M    M  6.7 17 140   M    M   0        26 150
10  84  68  76  11   0  11 2.48    M    M  3.8 12 330   M    M   6 13     16 250
11  84  69  77  12   0  12 1.30    M    M   M  23 270   M    M   8 12     32 270
12  86  70  78  13   0  13 0.52    M    M  5.3 14 270   M    M   5 138    22 290
13  85  69  77  13   0  12 0.26    M    M  5.6 17 280   M    M   3 138    24 280
14  77  71  74  10   0   9 0.22    M    M  6.3 31 200   M    M   9 1      29 240
15  75  65  70   6   0   5 0.01    M    M  1.3  8 190   M    M   4 1      12 190
16  84  66  75  11   0  10 0.20    M    M  8.7 20 210   M    M   4        32 200
17  78  62  70   6   0   5    T    M    M  3.7  9 210   M    M   3        13 210
18  79  57  68   4   0   3 0.00    M    M  5.6 16 330   M    M   5 12     33 230
19  83  52  68   4   0   3 0.00    M    M  2.3  9 180   M    M   2 12     13 160
20  84  60  72   8   0   7 0.19    M    M  5.7 22 170   M    M   3 13     33 150
21  72  56  64   0   1   0 1.03    M    M  6.7 18 300   M    M   6 1      23 310
22  70  47  59  -4   6   0 0.00    M    M  5.6 15 330   M    M   3        21 360
================================================================================
SM 1769 1313         7 122  6.66    M    104.8          M       88
================================================================================
AV 80.4 59.7                               5.0 FASTST   M    M   4    MAX(MPH)
                                 MISC ---->  # 31 200               # 33  290
================================================================================
NOTES:
# LAST OF SEVERAL OCCURRENCES

COLUMN 17 PEAK WIND IN M.P.H.

PRELIMINARY LOCAL CLIMATOLOGICAL DATA (WS FORM: F-6) , PAGE 2

                                          STATION:  BRADFORD
                                          MONTH:    AUGUST
                                          YEAR:     2016
                                          LATITUDE:   41 47 N
                                          LONGITUDE:  78 38 W

[TEMPERATURE DATA]      [PRECIPITATION DATA]       SYMBOLS USED IN COLUMN 16

AVERAGE MONTHLY: 70.0   TOTAL FOR MONTH:   6.66    1 = FOG OR MIST
DPTR FM NORMAL:   5.5   DPTR FM NORMAL:    3.70    2 = FOG REDUCING VISIBILITY
HIGHEST:    86 ON 12    GRTST 24HR  2.48 ON 10-10      TO 1/4 MILE OR LESS
LOWEST:     47 ON 22                               3 = THUNDER
                        SNOW, ICE PELLETS, HAIL    4 = ICE PELLETS
                        TOTAL MONTH:    M          5 = HAIL
                        GRTST 24HR    M  ON   M    6 = FREEZING RAIN OR DRIZZLE
                        GRTST DEPTH:  M  ON   M    7 = DUSTSTORM OR SANDSTORM:
                                                       VSBY 1/2 MILE OR LESS
                                                   8 = SMOKE OR HAZE
[NO. OF DAYS WITH]      [WEATHER - DAYS WITH]      9 = BLOWING SNOW
                                                   X = TORNADO
MAX 32 OR BELOW:   0    0.01 INCH OR MORE:  12
MAX 90 OR ABOVE:   0    0.10 INCH OR MORE:  10
MIN 32 OR BELOW:   0    0.50 INCH OR MORE:   4
MIN  0 OR BELOW:   0    1.00 INCH OR MORE:   3

[HDD (BASE 65) ]
TOTAL THIS MO.     7    CLEAR  (SCALE 0-3)  11
DPTR FM NORMAL    -7    PTCLDY (SCALE 4-7)  10
TOTAL FM JUL 1    38    CLOUDY (SCALE 8-10)  1
DPTR FM NORMAL   -40

[CDD (BASE 65) ]
TOTAL THIS MO.   122
DPTR FM NORMAL    79    [PRESSURE DATA]
TOTAL FM JAN 1   294    HIGHEST SLP M ON M
DPTR FM NORMAL   127    LOWEST  SLP 29.71 ON  6

[REMARKS]
