000
CXUS55 KCTP 281131
CF6BFD
PRELIMINARY LOCAL CLIMATOLOGICAL DATA (WS FORM: F-6)

                                          STATION:   BRADFORD
                                          MONTH:     SEPTEMBER
                                          YEAR:      2016
                                          LATITUDE:   41 47 N
                                          LONGITUDE:  78 38 W

  TEMPERATURE IN F:       :PCPN:    SNOW:  WIND      :SUNSHINE: SKY     :PK WND
================================================================================
1   2   3   4   5  6A  6B    7    8   9   10  11  12  13   14  15   16   17  18
                                     12Z  AVG MX 2MIN
DY MAX MIN AVG DEP HDD CDD  WTR  SNW DPTH SPD SPD DIR MIN PSBL S-S WX    SPD DR
================================================================================

 1  72  51  62   1   3   0 0.00    M    M  6.2 17 350   M    M   7        23 340
 2  72  50  61   0   4   0 0.00    M    M  4.9 13  70   M    M   4        18  70
 3  73  43  58  -3   7   0 0.00    M    M  2.6 10  80   M    M   0 1      14 100
 4  77  44  61   0   4   0 0.00    M    M  1.7  8  60   M    M   0 1      13 210
 5  81  48  65   5   0   0 0.00    M    M  1.4 10 290   M    M   0 1      13 300
 6  84  49  67   7   0   2 0.00    M    M  3.0 14 290   M    M   2 1      19 280
 7  85  58  72  12   0   7 0.01    M    M  4.6 15 300   M    M   3 13     19 320
 8  83  67  75  16   0  10 0.41    M    M  5.5 22 280   M    M   6 13     32 270
 9  81  65  73  14   0   8 0.04    M    M  3.7 12 320   M    M   7 1      15 290
10  82  65  74  15   0   9 0.02    M    M  7.7 21 260   M    M   7 1      30 270
11  69  45  57  -1   8   0 0.12    M    M  7.0 21 300   M    M   5 1      26 300
12  72  40  56  -2   9   0 0.00    M    M  2.6 10 170   M    M   0 1      16 150
13  79  47  63   5   2   0 0.00    M    M  3.5 13 220   M    M   0 1      21 220
14  74  51  63   6   2   0 0.01    M    M  4.8 16 320   M    M   4 1      19 330
15  69  43  56  -1   9   0 0.00    M    M  3.4 13 100   M    M   2 12     16 140
16  69  41  55  -2  10   0 0.00    M    M  7.2 14 140   M    M   3        19 140
17  70  57  64   8   1   0 0.64    M    M  7.1 18 230   M    M   8 13     25 230
18  74  60  67  11   0   2 0.61    M    M  4.3 13 230   M    M   9 13     17 230
19  77  52  65   9   0   0 0.00  0.0    0  2.0  9 350   M    M   4 12     12 360
20  81  47  64   9   1   0 0.00    M    M  2.6 12 300   M    M   1 1      14 330
21  80  48  64   9   1   0 0.00    M    M  2.2 12 120   M    M   0 12     14 120
22  80  46  63   9   2   0 0.00    M    M  2.7  9 240   M    M   0 1      14 220
23  81  56  69  15   0   4 0.00    M    M  6.0 14 300   M    M   4 1      20 310
24  65  41  53  -1  12   0 0.00    M    M  5.2 14 340   M    M   3 1      17  20
25  66  32  49  -4  16   0 0.00    M    M  1.7  9  70   M    M   0 1      12  40
26  71  41  56   3   9   0 0.20    M    M  6.1 15 150   M    M   5 1      21 140
27  65  43  54   1  11   0 0.00    M    M  5.7 16 240   M    M   2 1      25 200
================================================================================
SM 2032 1330       111  42  2.06     0.0 115.4          M       86
================================================================================
AV 75.3 49.3                               4.3 FASTST   M    M   3    MAX(MPH)
                                 MISC ---->  # 22 280               # 32  270
================================================================================
NOTES:
# LAST OF SEVERAL OCCURRENCES

COLUMN 17 PEAK WIND IN M.P.H.

PRELIMINARY LOCAL CLIMATOLOGICAL DATA (WS FORM: F-6) , PAGE 2

                                          STATION:  BRADFORD
                                          MONTH:    SEPTEMBER
                                          YEAR:     2016
                                          LATITUDE:   41 47 N
                                          LONGITUDE:  78 38 W

[TEMPERATURE DATA]      [PRECIPITATION DATA]       SYMBOLS USED IN COLUMN 16

AVERAGE MONTHLY: 62.3   TOTAL FOR MONTH:   2.06    1 = FOG OR MIST
DPTR FM NORMAL:   5.0   DPTR FM NORMAL:   -1.48    2 = FOG REDUCING VISIBILITY
HIGHEST:    85 ON  7    GRTST 24HR  0.92 ON 17-18      TO 1/4 MILE OR LESS
LOWEST:     32 ON 25                               3 = THUNDER
                        SNOW, ICE PELLETS, HAIL    4 = ICE PELLETS
                        TOTAL MONTH:   0.0 INCH    5 = HAIL
                        GRTST 24HR     0.0         6 = FREEZING RAIN OR DRIZZLE
                        GRTST DEPTH:   0           7 = DUSTSTORM OR SANDSTORM:
                                                       VSBY 1/2 MILE OR LESS
                                                   8 = SMOKE OR HAZE
[NO. OF DAYS WITH]      [WEATHER - DAYS WITH]      9 = BLOWING SNOW
                                                   X = TORNADO
MAX 32 OR BELOW:   0    0.01 INCH OR MORE:   9
MAX 90 OR ABOVE:   0    0.10 INCH OR MORE:   5
MIN 32 OR BELOW:   1    0.50 INCH OR MORE:   2
MIN  0 OR BELOW:   0    1.00 INCH OR MORE:   0

[HDD (BASE 65) ]
TOTAL THIS MO.   111    CLEAR  (SCALE 0-3)  14
DPTR FM NORMAL    -9    PTCLDY (SCALE 4-7)  12
TOTAL FM JUL 1   154    CLOUDY (SCALE 8-10)  1
DPTR FM NORMAL  -119

[CDD (BASE 65) ]
TOTAL THIS MO.    42
DPTR FM NORMAL    29    [PRESSURE DATA]
TOTAL FM JAN 1   367    HIGHEST SLP M ON M
DPTR FM NORMAL   177    LOWEST  SLP 29.78 ON  8

[REMARKS]
