000
CXUS55 KCYS 251000
CF6BFF
PRELIMINARY LOCAL CLIMATOLOGICAL DATA (WS FORM: F-6)

                                          STATION:   SCOTTSBLUFF NE AIRPORT
                                          MONTH:     JULY
                                          YEAR:      2017
                                          LATITUDE:   41 52 N
                                          LONGITUDE: 103 36 W

  TEMPERATURE IN F:       :PCPN:    SNOW:  WIND      :SUNSHINE: SKY     :PK WND
================================================================================
1   2   3   4   5  6A  6B    7    8   9   10  11  12  13   14  15   16   17  18
                                     12Z  AVG MX 2MIN
DY MAX MIN AVG DEP HDD CDD  WTR  SNW DPTH SPD SPD DIR MIN PSBL S-S WX    SPD DR
================================================================================

 1  90  50  70  -2   0   5 0.00  0.0    0  4.1 12  60   M    M   0        14  60
 2  95  56  76   4   0  11    T  0.0    0  8.9 29 100   M    M   0 3      35  90
 3  95  58  77   5   0  12 0.00  0.0    0  9.4 25 110   M    M   0 3      32 110
 4  96  57  77   4   0  12 0.00  0.0    0  6.0 13  80   M    M   0        19 190
 5 101  58  80   7   0  15 0.00  0.0    0  5.3 13 130   M    M   0        17 150
 6 100  60  80   7   0  15    T  0.0    0  8.5 35  10   M    M   0 3      47 350
 7  91  60  76   3   0  11 0.00  0.0    0  5.8 20  40   M    M   1        24  50
 8  96  61  79   5   0  14 0.00  0.0    0  7.0 25 120   M    M   0        31 110
 9 104  58  81   7   0  16 0.00  0.0    0  6.1 24  40   M    M   0        37  30
10  94  65  80   6   0  15 0.00  0.0    0  7.0 22 180   M    M   0 3      28 180
11 100  61  81   7   0  16    T  0.0    0  6.8 32 360   M    M   0 3      41 360
12  82  65  74   0   0   9 0.00  0.0    0  8.4 18  40   M    M   0        25  20
13  91  56  74   0   0   9 0.00  0.0    0  8.9 17 110   M    M   0        27 120
14  95  61  78   4   0  13 0.00  0.0    0 10.3 18 130   M    M   0        25 110
15  95  65  80   6   0  15 0.00  0.0    0  8.5 20 140   M    M   0        28 130
16  94  59  77   3   0  12 0.00  0.0    0 10.2 24 140   M    M   0        29 150
17  97  64  81   6   0  16    T  0.0    0  6.4 22 200   M    M   0        27 200
18  94  65  80   5   0  15 0.00  0.0    0  8.7 17 100   M    M   1        22 100
19 104  65  85  10   0  20 0.08  0.0    0 10.9 37 350   M    M   1 3      46 350
20  93  68  81   6   0  16 0.00  0.0    0  7.0 22 340   M    M   1 3      28 350
21  98  64  81   6   0  16 0.00  0.0    0  6.6 23 270   M    M   0        27 270
22  94  63  79   4   0  14 0.00  0.0    0  8.4 21 180   M    M   0        26 120
23  97  59  78   3   0  13 0.00  0.0    0  7.2 16 180   M    M   0        21 180
24 103  73  88  13   0  23 0.00  0.0    0  8.1 18 160   M    M   0        26 200
================================================================================
SM 2299 1471         0 333  0.08     0.0 184.5          M        4
================================================================================
AV 95.8 61.3                               7.7 FASTST   M    M   0    MAX(MPH)
                                 MISC ---->  # 37 350               # 47  350
================================================================================
NOTES:
# LAST OF SEVERAL OCCURRENCES

COLUMN 17 PEAK WIND IN M.P.H.

PRELIMINARY LOCAL CLIMATOLOGICAL DATA (WS FORM: F-6) , PAGE 2

                                          STATION:  SCOTTSBLUFF NE AIRPORT
                                          MONTH:    JULY
                                          YEAR:     2017
                                          LATITUDE:   41 52 N
                                          LONGITUDE: 103 36 W

[TEMPERATURE DATA]      [PRECIPITATION DATA]       SYMBOLS USED IN COLUMN 16

AVERAGE MONTHLY: 78.5   TOTAL FOR MONTH:   0.08    1 = FOG OR MIST
DPTR FM NORMAL:   4.6   DPTR FM NORMAL:   -1.37    2 = FOG REDUCING VISIBILITY
HIGHEST:   104 ON 19, 9 GRTST 24HR  0.08 ON 19-19      TO 1/4 MILE OR LESS
LOWEST:     50 ON  1                               3 = THUNDER
                        SNOW, ICE PELLETS, HAIL    4 = ICE PELLETS
                        TOTAL MONTH:   0.0 INCH    5 = HAIL
                        GRTST 24HR     0.0         6 = FREEZING RAIN OR DRIZZLE
                        GRTST DEPTH:   0           7 = DUSTSTORM OR SANDSTORM:
                                                       VSBY 1/2 MILE OR LESS
                                                   8 = SMOKE OR HAZE
[NO. OF DAYS WITH]      [WEATHER - DAYS WITH]      9 = BLOWING SNOW
                                                   X = TORNADO
MAX 32 OR BELOW:   0    0.01 INCH OR MORE:   1
MAX 90 OR ABOVE:  23    0.10 INCH OR MORE:   0
MIN 32 OR BELOW:   0    0.50 INCH OR MORE:   0
MIN  0 OR BELOW:   0    1.00 INCH OR MORE:   0

[HDD (BASE 65) ]
TOTAL THIS MO.     0    CLEAR  (SCALE 0-3)  24
DPTR FM NORMAL    -1    PTCLDY (SCALE 4-7)   0
TOTAL FM JUL 1     0    CLOUDY (SCALE 8-10)  0
DPTR FM NORMAL    -1

[CDD (BASE 65) ]
TOTAL THIS MO.   333
DPTR FM NORMAL   113    [PRESSURE DATA]
TOTAL FM JAN 1   494    HIGHEST SLP M ON M
DPTR FM NORMAL   125    LOWEST  SLP 29.73 ON 11

[REMARKS]
