000
CXUS51 KBGM 240800
CF6BGM
PRELIMINARY LOCAL CLIMATOLOGICAL DATA (WS FORM: F-6)

                                          STATION:   BINGHAMTON NY
                                          MONTH:     MAY
                                          YEAR:      2016
                                          LATITUDE:   42 13 N
                                          LONGITUDE:  75 59 W

  TEMPERATURE IN F:       :PCPN:    SNOW:  WIND      :SUNSHINE: SKY     :PK WND
================================================================================
1   2   3   4   5  6A  6B    7    8   9   10  11  12  13   14  15   16   17  18
                                     12Z  AVG MX 2MIN
DY MAX MIN AVG DEP HDD CDD  WTR  SNW DPTH SPD SPD DIR MIN PSBL S-S WX    SPD DR
================================================================================

 1  48  38  43  -8  22   0 0.36  0.0    0 10.4 22 150   M    M  10 1      31 150
 2  53  43  48  -3  17   0 0.38  0.0    0  6.8 13 310   M    M  10 12     17 290
 3  48  41  45  -7  20   0 0.03  0.0    0  3.0  9  50   M    M   9 18     12  30
 4  52  45  49  -3  16   0 0.05  0.0    0  5.1 13 110   M    M  10 12     17 140
 5  53  42  48  -4  17   0 0.00  0.0    0  7.4 13  40   M    M  10 1      20  40
 6  53  47  50  -3  15   0 0.31  0.0    0  9.5 16  40   M    M  10 1      22  40
 7  60  44  52  -1  13   0    T  0.0    0  6.7 14 200   M    M   8        19 220
 8  54  40  47  -6  18   0 0.16  0.0    0 11.4 24 340   M    M   8 1      33 350
 9  58  39  49  -5  16   0 0.00  0.0    0  8.6 18 360   M    M   1        25 350
10  61  34  48  -6  17   0 0.00  0.0    0  3.6 12 250   M    M   0        14 260
11  71  36  54   0  11   0 0.00  0.0    0  4.0 12  30   M    M   0 8      14  30
12  77  45  61   6   4   0 0.00  0.0    0  8.7 17 150   M    M   0        22 200
13  68  53  61   6   4   0 0.83  0.0    0  8.0 16 330   M    M   7 1      24 160
14  64  38  51  -4  14   0 0.35  0.0    0  9.6 23 280   M    M   5 13     33 320
15  47  32  40 -16  25   0    T    T    0 13.2 26 280   M    M   8 8      36 280
16  59  30  45 -11  20   0    T    T    0 11.6 25 310   M    M   4        38 280
17  55  44  50  -6  15   0    T  0.0    0  6.9 15 270   M    M   7        22 290
18  63  39  51  -5  14   0 0.00  0.0    0  5.8 12 350   M    M   2        15 320
19  63  39  51  -6  14   0 0.00  0.0    0  7.6 16 350   M    M   3        21 350
20  70  40  55  -2  10   0 0.00  0.0    0  4.3  9 350   M    M   1        20 350
21  63  50  57   0   8   0 0.05  0.0    0  4.2 14 190   M    M   7        17 190
22  64  49  57  -1   8   0 0.15  0.0    0  6.9 14  90   M    M   9 1      19  40
23  74  50  62   4   3   0 0.00  0.0    0  8.7 20 360   M    M   2        27  10
================================================================================
SM 1378  958       321   0  2.67    T    172.0          M      131
================================================================================
AV 59.9 41.7                               7.5 FASTST   M    M   6    MAX(MPH)
                                 MISC ---->  # 26 280               # 38  280
================================================================================
NOTES:
# LAST OF SEVERAL OCCURRENCES

COLUMN 17 PEAK WIND IN M.P.H.

PRELIMINARY LOCAL CLIMATOLOGICAL DATA (WS FORM: F-6) , PAGE 2

                                          STATION:  BINGHAMTON NY
                                          MONTH:    MAY
                                          YEAR:     2016
                                          LATITUDE:   42 13 N
                                          LONGITUDE:  75 59 W

[TEMPERATURE DATA]      [PRECIPITATION DATA]       SYMBOLS USED IN COLUMN 16

AVERAGE MONTHLY: 50.8   TOTAL FOR MONTH:   2.67    1 = FOG OR MIST
DPTR FM NORMAL:  -3.8   DPTR FM NORMAL:    0.08    2 = FOG REDUCING VISIBILITY
HIGHEST:    77 ON 12    GRTST 24HR  0.83 ON 13-13      TO 1/4 MILE OR LESS
LOWEST:     30 ON 16                               3 = THUNDER
                        SNOW, ICE PELLETS, HAIL    4 = ICE PELLETS
                        TOTAL MONTH:    T          5 = HAIL
                        GRTST 24HR    T  ON 16-16  6 = FREEZING RAIN OR DRIZZLE
                        GRTST DEPTH:   0           7 = DUSTSTORM OR SANDSTORM:
                                                       VSBY 1/2 MILE OR LESS
                                                   8 = SMOKE OR HAZE
[NO. OF DAYS WITH]      [WEATHER - DAYS WITH]      9 = BLOWING SNOW
                                                   X = TORNADO
MAX 32 OR BELOW:   0    0.01 INCH OR MORE:  10
MAX 90 OR ABOVE:   0    0.10 INCH OR MORE:   7
MIN 32 OR BELOW:   2    0.50 INCH OR MORE:   1
MIN  0 OR BELOW:   0    1.00 INCH OR MORE:   0

[HDD (BASE 65) ]
TOTAL THIS MO.   321    CLEAR  (SCALE 0-3)   8
DPTR FM NORMAL    70    PTCLDY (SCALE 4-7)   7
TOTAL FM JUL 1  6129    CLOUDY (SCALE 8-10)  8
DPTR FM NORMAL  -921

[CDD (BASE 65) ]
TOTAL THIS MO.     0
DPTR FM NORMAL   -11    [PRESSURE DATA]
TOTAL FM JAN 1     0    HIGHEST SLP M ON M
DPTR FM NORMAL   -15    LOWEST  SLP 29.58 ON  8

[REMARKS]
