000
CXUS51 KBGM 161237
CF6BGM
PRELIMINARY LOCAL CLIMATOLOGICAL DATA (WS FORM: F-6)

                                          STATION:   BINGHAMTON NY
                                          MONTH:     JANUARY
                                          YEAR:      2017
                                          LATITUDE:   42 13 N
                                          LONGITUDE:  75 59 W

  TEMPERATURE IN F:       :PCPN:    SNOW:  WIND      :SUNSHINE: SKY     :PK WND
================================================================================
1   2   3   4   5  6A  6B    7    8   9   10  11  12  13   14  15   16   17  18
                                     12Z  AVG MX 2MIN
DY MAX MIN AVG DEP HDD CDD  WTR  SNW DPTH SPD SPD DIR MIN PSBL S-S WX    SPD DR
================================================================================

 1  35  27  31   8  34   0 0.01    T    3  7.9 23 290   M    M   3 1      32 290
 2  34  23  29   6  36   0 0.02  0.0    2  9.3 16 150   M    M   7 1      20 140
 3  35  32  34  11  31   0 0.58  0.0    0 11.3 22 130   M    M  10 1      28 130
 4  39  21  30   7  35   0    T  0.1    0 14.9 24 280   M    M   8 12     38 280
 5  24  17  21  -2  44   0 0.03  0.4    T 11.4 25 270   M    M  10 1      36 280
 6  18  10  14  -8  51   0    T  0.1    0  5.7 17 270   M    M   6 1      24 260
 7  17   7  12 -10  53   0    T    T    T  4.4 13 360   M    M   1        16 300
 8  16   4  10 -12  55   0    T  0.1    T 12.8 25 290   M    M   5 189    34 300
 9  16   2   9 -13  56   0    T    T    T  7.7 15 190   M    M   4        23 190
10  27  10  19  -3  46   0 0.21  0.3    T 12.7 25 170   M    M   7 168    35 170
11  43  27  35  13  30   0 0.14  0.0    1 11.4 23 220   M    M   3 16     32 180
12  51  39  45  23  20   0 0.66  0.0    0 10.9 22 240   M    M  10 12     32 240
13  39  20  30   8  35   0    T    T    0 11.0 18 300   M    M   8 18     26 300
14  25  16  21  -1  44   0 0.00  0.0    0  5.1 10 230   M    M   8 1      14 230
15  26  19  23   1  42   0 0.01  0.1    0  5.2 13 330   M    M   6 18     18 320
================================================================================
SM  445  274       612   0  1.66     1.1 141.7          M       96
================================================================================
AV 29.7 18.3                               9.4 FASTST   M    M   6    MAX(MPH)
                                 MISC ---->  # 25 270               # 38  280
================================================================================
NOTES:
# LAST OF SEVERAL OCCURRENCES

COLUMN 17 PEAK WIND IN M.P.H.

PRELIMINARY LOCAL CLIMATOLOGICAL DATA (WS FORM: F-6) , PAGE 2

                                          STATION:  BINGHAMTON NY
                                          MONTH:    JANUARY
                                          YEAR:     2017
                                          LATITUDE:   42 13 N
                                          LONGITUDE:  75 59 W

[TEMPERATURE DATA]      [PRECIPITATION DATA]       SYMBOLS USED IN COLUMN 16

AVERAGE MONTHLY: 24.0   TOTAL FOR MONTH:   1.66    1 = FOG OR MIST
DPTR FM NORMAL:   1.6   DPTR FM NORMAL:    0.47    2 = FOG REDUCING VISIBILITY
HIGHEST:    51 ON 12    GRTST 24HR  0.77 ON 11-12      TO 1/4 MILE OR LESS
LOWEST:      2 ON  9                               3 = THUNDER
                        SNOW, ICE PELLETS, HAIL    4 = ICE PELLETS
                        TOTAL MONTH:   1.1 INCHES  5 = HAIL
                        GRTST 24HR   0.4 ON   M    6 = FREEZING RAIN OR DRIZZLE
                        GRTST DEPTH:   3 ON  1     7 = DUSTSTORM OR SANDSTORM:
                                                       VSBY 1/2 MILE OR LESS
                                                   8 = SMOKE OR HAZE
[NO. OF DAYS WITH]      [WEATHER - DAYS WITH]      9 = BLOWING SNOW
                                                   X = TORNADO
MAX 32 OR BELOW:   8    0.01 INCH OR MORE:   8
MAX 90 OR ABOVE:   0    0.10 INCH OR MORE:   4
MIN 32 OR BELOW:  14    0.50 INCH OR MORE:   2
MIN  0 OR BELOW:   0    1.00 INCH OR MORE:   0

[HDD (BASE 65) ]
TOTAL THIS MO.   612    CLEAR  (SCALE 0-3)   2
DPTR FM NORMAL   -27    PTCLDY (SCALE 4-7)   9
TOTAL FM JUL 1  3137    CLOUDY (SCALE 8-10)  4
DPTR FM NORMAL  -247

[CDD (BASE 65) ]
TOTAL THIS MO.     0
DPTR FM NORMAL     0    [PRESSURE DATA]
TOTAL FM JAN 1     0    HIGHEST SLP M ON M
DPTR FM NORMAL     0    LOWEST  SLP 29.48 ON  3

[REMARKS]
