000
CXUS51 KCAR 300600
CF6BGR
PRELIMINARY LOCAL CLIMATOLOGICAL DATA (WS FORM: F-6)

                                          STATION:   BANGOR ME
                                          MONTH:     JUNE
                                          YEAR:      2015
                                          LATITUDE:   44 47 N
                                          LONGITUDE:  68 49 W

  TEMPERATURE IN F:       :PCPN:    SNOW:  WIND      :SUNSHINE: SKY     :PK WND
================================================================================
1   2   3   4   5  6A  6B    7    8   9   10  11  12  13   14  15   16   17  18
                                     12Z  AVG MX 2MIN
DY MAX MIN AVG DEP HDD CDD  WTR  SNW DPTH SPD SPD DIR MIN PSBL S-S WX    SPD DR
================================================================================

 1  50  46  48 -11  17   0 0.34  0.0    0  8.2 15  60   M    M  10 1      20  30
 2  47  44  46 -13  19   0 0.59  0.0    0  9.3 16  50   M    M  10 1      22  60
 3  55  42  49 -11  16   0    T  0.0    0  8.0 17 350   M    M  10 1      21 350
 4  65  44  55  -5  10   0 0.00  0.0    0  3.9 13 190   M    M   7        16 200
 5  62  39  51  -9  14   0    T  0.0    0  8.2 21 190   M    M   6 12     24 180
 6  71  43  57  -3   8   0    T  0.0    0  9.4 24 340   M    M   6        32  20
 7  71  36  54  -7  11   0 0.00  0.0    0  4.6 16 180   M    M   4        20 200
 8  58  45  52  -9  13   0 0.07  0.0    0 13.2 25 170   M    M   9 18     36 180
 9  64  57  61   0   4   0 0.03  0.0    0  9.9 18 170   M    M   9 128    25 170
10  77  57  67   5   0   2 0.01  0.0    0  7.9 15 300   M    M   7 12     21 270
11  84  57  71   9   0   6 0.11  0.0    0  9.2 18 300   M    M   5 13     28 310
12  81  62  72  10   0   7 0.14  0.0    0  5.9 16 230   M    M   8 1      23 270
13  81  58  70   7   0   5 0.61  0.0    0 10.7 25 320   M    M   5 1      30 320
14  77  51  64   1   1   0 0.00  0.0    0  6.4 16  20   M    M   5        26 330
15  69  50  60  -3   5   0 0.00  0.0    0  9.2 18 180   M    M   8        24 190
16  61  54  58  -5   7   0 0.07  0.0    0  7.2 12 190   M    M  10 1       M  M
17  75  50  63  -1   2   0 0.00  0.0    0  8.1 21 350   M    M   3 8      24  10
18  75  49  62  -2   3   0 0.00  0.0    0 10.1 23 160   M    M   5        30 180
19  73  49  61  -3   4   0 0.10  0.0    0  8.0 20  10   M    M   6 1      24 360
20  72  41  57  -7   8   0 0.00  0.0    0  7.0 22 170   M    M   4        27 170
21  60  54  57  -8   8   0 1.46  0.0    0  8.8 16  10   M    M  10 1      19  10
22  76  55  66   1   0   1 0.01  0.0    0  7.0 16  10   M    M   6 1      21 360
23  62  56  59  -6   6   0 0.45  0.0    0  8.0 25 310   M    M   9 123    26 140
24  78  54  66   0   0   1 0.00  0.0    0  8.1 21 310   M    M   4 12     28 250
25  76  48  62  -4   3   0 0.00  0.0    0  9.3 18 310   M    M   2        28 300
26  74  50  62  -4   3   0 0.00  0.0    0  3.6 14 180   M    M   7 3      17 130
27  76  50  63  -3   2   0 0.00  0.0    0  5.9 17 190   M    M   6 1      21 180
28  57  51  54 -12  11   0 0.87  0.0    0  7.8 20  90   M    M  10 1      25  70
29  69  52  61  -6   4   0 0.04  0.0    0  6.4 14 190   M    M   9 1      17 220
================================================================================
SM 1996 1444       179  22  4.90     0.0 229.3          M      200
================================================================================
AV 68.8 49.8                               7.9 FASTST   M    M   7    MAX(MPH)
                                 MISC ---->  # 25 170               # 36  180
================================================================================
NOTES:
# LAST OF SEVERAL OCCURRENCES

COLUMN 17 PEAK WIND IN M.P.H.

PRELIMINARY LOCAL CLIMATOLOGICAL DATA (WS FORM: F-6) , PAGE 2

                                          STATION:  BANGOR ME
                                          MONTH:    JUNE
                                          YEAR:     2015
                                          LATITUDE:   44 47 N
                                          LONGITUDE:  68 49 W

[TEMPERATURE DATA]      [PRECIPITATION DATA]       SYMBOLS USED IN COLUMN 16

AVERAGE MONTHLY: 59.3   TOTAL FOR MONTH:   4.90    1 = FOG OR MIST
DPTR FM NORMAL:  -3.7   DPTR FM NORMAL:    1.25    2 = FOG REDUCING VISIBILITY
HIGHEST:    84 ON 11    GRTST 24HR  1.46 ON 21-21      TO 1/4 MILE OR LESS
LOWEST:     36 ON  7                               3 = THUNDER
                        SNOW, ICE PELLETS, HAIL    4 = ICE PELLETS
                        TOTAL MONTH:   0.0 INCH    5 = HAIL
                        GRTST 24HR     0.0         6 = FREEZING RAIN OR DRIZZLE
                        GRTST DEPTH:   0           7 = DUSTSTORM OR SANDSTORM:
                                                       VSBY 1/2 MILE OR LESS
                                                   8 = SMOKE OR HAZE
[NO. OF DAYS WITH]      [WEATHER - DAYS WITH]      9 = BLOWING SNOW
                                                   X = TORNADO
MAX 32 OR BELOW:   0    0.01 INCH OR MORE:  15
MAX 90 OR ABOVE:   0    0.10 INCH OR MORE:   9
MIN 32 OR BELOW:   0    0.50 INCH OR MORE:   4
MIN  0 OR BELOW:   0    1.00 INCH OR MORE:   1

[HDD (BASE 65) ]
TOTAL THIS MO.   179    CLEAR  (SCALE 0-3)   1
DPTR FM NORMAL    72    PTCLDY (SCALE 4-7)  18
TOTAL FM JUL 1  8295    CLOUDY (SCALE 8-10) 10
DPTR FM NORMAL   435

[CDD (BASE 65) ]
TOTAL THIS MO.    22
DPTR FM NORMAL   -27    [PRESSURE DATA]
TOTAL FM JAN 1    45    HIGHEST SLP M ON M
DPTR FM NORMAL   -10    LOWEST  SLP 29.57 ON 10

[REMARKS]
