000
CXUS55 KBYZ 011055
CF6BIL
PRELIMINARY LOCAL CLIMATOLOGICAL DATA (WS FORM: F-6)

                                          STATION:   BILLINGS MT
                                          MONTH:     APRIL
                                          YEAR:      2016
                                          LATITUDE:   45 47 N
                                          LONGITUDE: 108 32 W

  TEMPERATURE IN F:       :PCPN:    SNOW:  WIND      :SUNSHINE: SKY     :PK WND
================================================================================
1   2   3   4   5  6A  6B    7    8   9   10  11  12  13   14  15   16   17  18
                                     12Z  AVG MX 2MIN
DY MAX MIN AVG DEP HDD CDD  WTR  SNW DPTH SPD SPD DIR MIN PSBL S-S WX    SPD DR
================================================================================

 1  64  33  49   7  16   0 0.00  0.0    0 13.5 25 300   M    M   7        32 310
 2  73  44  59  17   6   0 0.00  0.0    0 17.6 29 280   M    M   1        42 270
 3  69  46  58  16   7   0 0.00  0.0    0 12.5 25 320   M    M   3        30 320
 4  74  37  56  13   9   0    T  0.0    0 11.7 47 280   M    M   5        55 300
 5  54  40  47   4  18   0 0.00  0.0    0 26.8 44 290   M    M   5        59 270
 6  66  39  53  10  12   0 0.00  0.0    0 21.9 40 320   M    M   7        52 330
 7  62  43  53   9  12   0    T  0.0    0  5.2 12  90   M    M   4        16  50
 8  73  36  55  11  10   0 0.00  0.0    0  7.3 20 250   M    M   3        23 250
 9  78  47  63  19   2   0 0.00  0.0    0 15.6 33 320   M    M   5        42 330
10  54  34  44   0  21   0    T  0.0    0  6.4 20  30   M    M   7        28  20
11  67  29  48   3  17   0 0.00  0.0    0  5.0 12 100   M    M   2        16 130
12  78  47  63  18   2   0    T  0.0    0  9.9 20 240   M    M   3        25 280
13  70  43  57  12   8   0    T  0.0    0 11.4 36 320   M    M   6        45 320
14  56  39  48   2  17   0 0.38  0.0    0  8.1 24 280   M    M   7 1      30 300
15  52  36  44  -2  21   0 0.01  0.0    0 18.9 29 330   M    M   6        40 300
16  52  35  44  -2  21   0    T    T    0  6.4 14  50   M    M   7        17  50
17  53  29  41  -5  24   0    T  0.0    0  7.0 17 130   M    M   5        21  50
18  43  39  41  -6  24   0 0.29  0.0    0  8.3 18 240   M    M  10 1      22 240
19  52  42  47   0  18   0 0.13  0.0    0  5.8 15 340   M    M  10 1      19 330
20  70  40  55   8  10   0 0.00  0.0    0  6.7 18 240   M    M   3 12     22 240
21  75  43  59  11   6   0 0.00  0.0    0  8.1 18 130   M    M   3        26 140
22  83  53  68  20   0   3 0.00  0.0    0 10.3 20 240   M    M   6        26 240
23  68  48  58  10   7   0 0.02  0.0    0 11.1 30  10   M    M   8        35  10
24  49  36  43  -6  22   0 0.01  0.0    0  9.0 18 340   M    M  10        23  10
25  44  35  40  -9  25   0 0.00  0.0    0  7.0 13  60   M    M  10        16  80
26  44  33  39 -10  26   0 0.02    T    0  8.3 18  30   M    M  10 14     22  30
27  40  32  36 -14  29   0 0.19    T    0  7.3 16  30   M    M  10 1      19  20
28  41  31  36 -14  29   0 0.23  1.8    T  7.9 13  30   M    M   9 14     16  30
29  50  35  43  -7  22   0 0.00  0.0    0  8.1 16  80   M    M  10 1      22  70
30  54  39  47  -4  18   0 0.00  0.0    0  8.2 15  50   M    M   9        19  90
================================================================================
SM 1808 1163       459   3  1.28     1.8 311.3          M      191
================================================================================
AV 60.3 38.8                              10.4 FASTST   M    M   6    MAX(MPH)
                                 MISC ---->  # 47 280               # 59  270
================================================================================
NOTES:
# LAST OF SEVERAL OCCURRENCES

COLUMN 17 PEAK WIND IN M.P.H.

PRELIMINARY LOCAL CLIMATOLOGICAL DATA (WS FORM: F-6) , PAGE 2

                                          STATION:  BILLINGS MT
                                          MONTH:    APRIL
                                          YEAR:     2016
                                          LATITUDE:   45 47 N
                                          LONGITUDE: 108 32 W

[TEMPERATURE DATA]      [PRECIPITATION DATA]       SYMBOLS USED IN COLUMN 16

AVERAGE MONTHLY: 49.5   TOTAL FOR MONTH:   1.28    1 = FOG OR MIST
DPTR FM NORMAL:   3.3   DPTR FM NORMAL:   -0.38    2 = FOG REDUCING VISIBILITY
HIGHEST:    83 ON 22    GRTST 24HR  0.38 ON 14-14      TO 1/4 MILE OR LESS
LOWEST:     29 ON 17,11                            3 = THUNDER
                        SNOW, ICE PELLETS, HAIL    4 = ICE PELLETS
                        TOTAL MONTH:   1.8 INCHES  5 = HAIL
                        GRTST 24HR   1.8 ON   M    6 = FREEZING RAIN OR DRIZZLE
                        GRTST DEPTH:   T           7 = DUSTSTORM OR SANDSTORM:
                                                       VSBY 1/2 MILE OR LESS
                                                   8 = SMOKE OR HAZE
[NO. OF DAYS WITH]      [WEATHER - DAYS WITH]      9 = BLOWING SNOW
                                                   X = TORNADO
MAX 32 OR BELOW:   0    0.01 INCH OR MORE:   9
MAX 90 OR ABOVE:   0    0.10 INCH OR MORE:   5
MIN 32 OR BELOW:   4    0.50 INCH OR MORE:   0
MIN  0 OR BELOW:   0    1.00 INCH OR MORE:   0

[HDD (BASE 65) ]
TOTAL THIS MO.   459    CLEAR  (SCALE 0-3)   5
DPTR FM NORMAL  -108    PTCLDY (SCALE 4-7)  16
TOTAL FM JUL 1  5394    CLOUDY (SCALE 8-10)  9
DPTR FM NORMAL  -983

[CDD (BASE 65) ]
TOTAL THIS MO.     3
DPTR FM NORMAL     2    [PRESSURE DATA]
TOTAL FM JAN 1     3    HIGHEST SLP 30.55 ON 17
DPTR FM NORMAL     2    LOWEST  SLP 29.50 ON 23

[REMARKS]
#FINAL-04-16#
