000
CXUS55 KBYZ 251055
CF6BIL
PRELIMINARY LOCAL CLIMATOLOGICAL DATA (WS FORM: F-6)

                                          STATION:   BILLINGS MT
                                          MONTH:     JUNE
                                          YEAR:      2017
                                          LATITUDE:   45 47 N
                                          LONGITUDE: 108 32 W

  TEMPERATURE IN F:       :PCPN:    SNOW:  WIND      :SUNSHINE: SKY     :PK WND
================================================================================
1   2   3   4   5  6A  6B    7    8   9   10  11  12  13   14  15   16   17  18
                                     12Z  AVG MX 2MIN
DY MAX MIN AVG DEP HDD CDD  WTR  SNW DPTH SPD SPD DIR MIN PSBL S-S WX    SPD DR
================================================================================

 1  89  56  73  13   0   8 0.22  0.0    0  9.9 38 260   M    M   5 3      46 250
 2  81  58  70  10   0   5    T  0.0    0  8.5 22 290   M    M   4        27 310
 3  83  53  68   7   0   3 0.00  0.0    0  6.3 16 120   M    M   3        20 120
 4  91  57  74  13   0   9    T  0.0    0  8.5 35 130   M    M   3 3      45 140
 5  81  58  70   9   0   5 0.00  0.0    0 13.0 25 310   M    M   5        32 300
 6  74  51  63   1   2   0 0.00  0.0    0  7.9 17 110   M    M   5        25  80
 7  85  54  70   8   0   5 0.00  0.0    0  6.5 17  90   M    M   4        22  90
 8  93  63  78  16   0  13 0.00  0.0    0  8.9 21 110   M    M   5        27 110
 9  80  52  66   3   0   1 0.17  0.0    0 10.2 33 320   M    M   5 1      42 320
10  78  48  63   0   2   0 0.00  0.0    0 12.9 25 330   M    M   4 1      30 350
11  69  44  57  -6   8   0 0.00  0.0    0  6.9 14 290   M    M   7        16 220
12  82  53  68   4   0   3 1.11  0.0    0 10.0 29 110   M    M   7 13     42 130
13  64  46  55  -9  10   0 0.15  0.0    0 12.0 30 280   M    M   5 1      39 290
14  74  52  63  -1   2   0 0.00  0.0    0 21.4 33 290   M    M   4        45 270
15  78  56  67   3   0   2 0.02  0.0    0  8.4 21 290   M    M   8        27 300
16  80  56  68   3   0   3 0.12  0.0    0  9.2 24 300   M    M   9        36 300
17  73  55  64  -1   1   0    T  0.0    0 14.0 29 320   M    M   7        34 320
18  76  55  66   1   0   1 0.00  0.0    0 13.9 30 320   M    M   7        38 320
19  82  55  69   3   0   4 0.00  0.0    0  8.5 20 300   M    M   4        25 330
20  93  56  75   9   0  10 0.16  0.0    0  6.3 22 280   M    M   4 3      32 280
21  84  64  74   8   0   9 0.00  0.0    0  7.8 20 300   M    M   2        27 310
22  75  49  62  -5   3   0 0.00  0.0    0 11.2 31 300   M    M   4        38 330
23  72  46  59  -8   6   0 0.00  0.0    0  6.3 20 360   M    M   3        23 360
24  76  52  64  -3   1   0    T  0.0    0  6.6 20  50   M    M   5        24  50
================================================================================
SM 1913 1289        35  81  1.95     0.0 235.1          M      119
================================================================================
AV 79.7 53.7                               9.8 FASTST   M    M   5    MAX(MPH)
                                 MISC ---->  # 38 260               # 46  250
================================================================================
NOTES:
# LAST OF SEVERAL OCCURRENCES

COLUMN 17 PEAK WIND IN M.P.H.

PRELIMINARY LOCAL CLIMATOLOGICAL DATA (WS FORM: F-6) , PAGE 2

                                          STATION:  BILLINGS MT
                                          MONTH:    JUNE
                                          YEAR:     2017
                                          LATITUDE:   45 47 N
                                          LONGITUDE: 108 32 W

[TEMPERATURE DATA]      [PRECIPITATION DATA]       SYMBOLS USED IN COLUMN 16

AVERAGE MONTHLY: 66.7   TOTAL FOR MONTH:   1.95    1 = FOG OR MIST
DPTR FM NORMAL:   3.0   DPTR FM NORMAL:    0.18    2 = FOG REDUCING VISIBILITY
HIGHEST:    93 ON 20, 8 GRTST 24HR  1.11 ON 12-12      TO 1/4 MILE OR LESS
LOWEST:     44 ON 11                               3 = THUNDER
                        SNOW, ICE PELLETS, HAIL    4 = ICE PELLETS
                        TOTAL MONTH:   0.0 INCH    5 = HAIL
                        GRTST 24HR     0.0         6 = FREEZING RAIN OR DRIZZLE
                        GRTST DEPTH:   0           7 = DUSTSTORM OR SANDSTORM:
                                                       VSBY 1/2 MILE OR LESS
                                                   8 = SMOKE OR HAZE
[NO. OF DAYS WITH]      [WEATHER - DAYS WITH]      9 = BLOWING SNOW
                                                   X = TORNADO
MAX 32 OR BELOW:   0    0.01 INCH OR MORE:   7
MAX 90 OR ABOVE:   3    0.10 INCH OR MORE:   6
MIN 32 OR BELOW:   0    0.50 INCH OR MORE:   1
MIN  0 OR BELOW:   0    1.00 INCH OR MORE:   1

[HDD (BASE 65) ]
TOTAL THIS MO.    35    CLEAR  (SCALE 0-3)   2
DPTR FM NORMAL   -52    PTCLDY (SCALE 4-7)  21
TOTAL FM JUL 1  6600    CLOUDY (SCALE 8-10)  1
DPTR FM NORMAL  -173

[CDD (BASE 65) ]
TOTAL THIS MO.    81
DPTR FM NORMAL    26    [PRESSURE DATA]
TOTAL FM JAN 1    96    HIGHEST SLP  0.00 ON 21
DPTR FM NORMAL    24    LOWEST  SLP 29.38 ON  9

[REMARKS]
